66.249.81.75 - - [27/Jun/2026:00:40:42 +0330] "GET /wp-content/themes/dorfakkhabar/js/scripts.js?ver=3.5.2 HTTP/1.1" 200 298 "https://dorfakkhabar.ir/" "Mozilla/5.0 (Linux; Android 10; K) AppleWebKit/537.36 (KHTML, like Gecko) Chrome/138.0.0.0 Mobile Safari/537.36 (compatible; Google-Read-Aloud; +https://support.google.com/webmasters/answer/1061943)"
151.235.202.53 - - [27/Jun/2026:00:40:41 +0330] "GET /wp-content/themes/dorfakkhabar/images/desc-bg.png HTTP/1.1" 200 181 "https://dorfakkhabar.ir/wp-content/themes/dorfakkhabar/style.css" "Mozilla/5.0 (Linux; Android 8.1.0; SM-J260F Build/M1AJB) AppleWebKit/537.36 (KHTML, like Gecko) Chrome/138.0.7204.179 Mobile Safari/537.36"
151.235.202.53 - - [27/Jun/2026:00:40:41 +0330] "GET /wp-content/themes/dorfakkhabar/images/arrow1.png HTTP/1.1" 200 347 "https://dorfakkhabar.ir/wp-content/themes/dorfakkhabar/style.css" "Mozilla/5.0 (Linux; Android 8.1.0; SM-J260F Build/M1AJB) AppleWebKit/537.36 (KHTML, like Gecko) Chrome/138.0.7204.179 Mobile Safari/537.36"
151.235.202.53 - - [27/Jun/2026:00:40:41 +0330] "GET /wp-content/themes/dorfakkhabar/images/arrow2.png HTTP/1.1" 200 2960 "https://dorfakkhabar.ir/wp-content/themes/dorfakkhabar/style.css" "Mozilla/5.0 (Linux; Android 8.1.0; SM-J260F Build/M1AJB) AppleWebKit/537.36 (KHTML, like Gecko) Chrome/138.0.7204.179 Mobile Safari/537.36"
151.235.202.53 - - [27/Jun/2026:00:40:41 +0330] "GET /wp-content/themes/dorfakkhabar/images/news-arrow.png HTTP/1.1" 200 14639 "https://dorfakkhabar.ir/wp-content/themes/dorfakkhabar/style.css" "Mozilla/5.0 (Linux; Android 8.1.0; SM-J260F Build/M1AJB) AppleWebKit/537.36 (KHTML, like Gecko) Chrome/138.0.7204.179 Mobile Safari/537.36"
151.235.202.53 - - [27/Jun/2026:00:40:41 +0330] "GET /wp-content/themes/dorfakkhabar/images/boxtitle-arrow.png HTTP/1.1" 200 17612 "https://dorfakkhabar.ir/wp-content/themes/dorfakkhabar/style.css" "Mozilla/5.0 (Linux; Android 8.1.0; SM-J260F Build/M1AJB) AppleWebKit/537.36 (KHTML, like Gecko) Chrome/138.0.7204.179 Mobile Safari/537.36"
151.235.202.53 - - [27/Jun/2026:00:40:40 +0330] "GET /wp-content/uploads/2026/02/InShot_20260225_174914067.jpg HTTP/1.1" 200 339920 "https://dorfakkhabar.ir/" "Mozilla/5.0 (Linux; Android 8.1.0; SM-J260F Build/M1AJB) AppleWebKit/537.36 (KHTML, like Gecko) Chrome/138.0.7204.179 Mobile Safari/537.36"
66.102.9.7 - - [27/Jun/2026:00:40:40 +0330] "GET / HTTP/1.1" 200 12268 "-" "Mozilla/5.0 (Linux; Android 10; K) AppleWebKit/537.36 (KHTML, like Gecko) Chrome/138.0.0.0 Mobile Safari/537.36 (compatible; Google-Read-Aloud; +https://support.google.com/webmasters/answer/1061943)"
151.235.202.53 - - [27/Jun/2026:00:40:41 +0330] "GET /wp-includes/js/wp-emoji-release.min.js?ver=7.0 HTTP/1.1" 200 4949 "https://dorfakkhabar.ir/" "Mozilla/5.0 (Linux; Android 8.1.0; SM-J260F Build/M1AJB) AppleWebKit/537.36 (KHTML, like Gecko) Chrome/138.0.7204.179 Mobile Safari/537.36"
66.249.81.65 - - [27/Jun/2026:00:40:42 +0330] "GET /wp-content/themes/dorfakkhabar/js/jquery.carouFredSel-5.6.4-packed.js HTTP/1.1" 200 11911 "https://dorfakkhabar.ir/" "Mozilla/5.0 (Linux; Android 10; K) AppleWebKit/537.36 (KHTML, like Gecko) Chrome/138.0.0.0 Mobile Safari/537.36 (compatible; Google-Read-Aloud; +https://support.google.com/webmasters/answer/1061943)"
66.102.9.2 - - [27/Jun/2026:00:40:42 +0330] "GET /wp-content/themes/dorfakkhabar/fonts/Sahel.woff HTTP/1.1" 200 45340 "https://dorfakkhabar.ir/wp-content/themes/dorfakkhabar/style.css" "Mozilla/5.0 (Linux; Android 10; K) AppleWebKit/537.36 (KHTML, like Gecko) Chrome/138.0.0.0 Mobile Safari/537.36 (compatible; Google-Read-Aloud; +https://support.google.com/webmasters/answer/1061943)"
155.254.17.105 - - [27/Jun/2026:00:41:37 +0330] "GET /wp-login.php HTTP/2" 200 3091 "-" "Mozilla/5.0 (X11; CrOS x86_64 14541.0.0) AppleWebKit/537.36 (KHTML, like Gecko) Chrome/133.0.0.0 Safari/537.36"
155.254.17.105 - - [27/Jun/2026:00:41:38 +0330] "POST /wp-login.php HTTP/2" 200 3318 "https://mail.dorfakkhabar.ir/wp-login.php" "Mozilla/5.0 (X11; CrOS x86_64 14541.0.0) AppleWebKit/537.36 (KHTML, like Gecko) Chrome/133.0.0.0 Safari/537.36"
66.249.81.75 - - [27/Jun/2026:00:40:42 +0330] "GET /wp-content/themes/dorfakkhabar/style.css HTTP/1.1" 200 8900 "https://dorfakkhabar.ir/" "Mozilla/5.0 (Linux; Android 10; K) AppleWebKit/537.36 (KHTML, like Gecko) Chrome/138.0.0.0 Mobile Safari/537.36 (compatible; Google-Read-Aloud; +https://support.google.com/webmasters/answer/1061943)"
66.102.9.1 - - [27/Jun/2026:00:40:42 +0330] "GET /wp-content/themes/dorfakkhabar/style.css HTTP/1.1" 200 8900 "https://dorfakkhabar.ir/" "Mozilla/5.0 (Linux; Android 10; K) AppleWebKit/537.36 (KHTML, like Gecko) Chrome/138.0.0.0 Mobile Safari/537.36 (compatible; Google-Read-Aloud; +https://support.google.com/webmasters/answer/1061943)"
66.102.9.1 - - [27/Jun/2026:00:40:42 +0330] "GET /wp-content/themes/dorfakkhabar/fonts/nassim-bold.woff HTTP/1.1" 200 60768 "https://dorfakkhabar.ir/wp-content/themes/dorfakkhabar/style.css" "Mozilla/5.0 (Linux; Android 10; K) AppleWebKit/537.36 (KHTML, like Gecko) Chrome/138.0.0.0 Mobile Safari/537.36 (compatible; Google-Read-Aloud; +https://support.google.com/webmasters/answer/1061943)"
66.249.81.64 - - [27/Jun/2026:00:40:43 +0330] "GET /wp-content/themes/dorfakkhabar/fonts/Sahel.woff HTTP/1.1" 200 45340 "https://dorfakkhabar.ir/wp-content/themes/dorfakkhabar/style.css" "Mozilla/5.0 (Linux; Android 10; K) AppleWebKit/537.36 (KHTML, like Gecko) Chrome/138.0.0.0 Mobile Safari/537.36 (compatible; Google-Read-Aloud; +https://support.google.com/webmasters/answer/1061943)"
66.249.81.64 - - [27/Jun/2026:00:40:43 +0330] "GET /wp-content/themes/dorfakkhabar/fonts/nassim-bold.woff HTTP/1.1" 200 60768 "https://dorfakkhabar.ir/wp-content/themes/dorfakkhabar/style.css" "Mozilla/5.0 (Linux; Android 10; K) AppleWebKit/537.36 (KHTML, like Gecko) Chrome/138.0.0.0 Mobile Safari/537.36 (compatible; Google-Read-Aloud; +https://support.google.com/webmasters/answer/1061943)"
144.91.114.172 - - [27/Jun/2026:00:40:50 +0330] "GET /wp-login.php HTTP/2" 200 3091 "-" "Mozilla/5.0 (Windows NT 10.0; Win64; x64) AppleWebKit/537.36 (KHTML, like Gecko) Chrome/120.0.0.0 Safari/537.36"
144.91.114.172 - - [27/Jun/2026:00:40:51 +0330] "POST /wp-login.php HTTP/2" 200 3230 "https://mail.dorfakkhabar.ir/wp-login.php" "Mozilla/5.0 (Windows NT 10.0; Win64; x64) AppleWebKit/537.36 (KHTML, like Gecko) Chrome/120.0.0.0 Safari/537.36"
155.254.17.105 - - [27/Jun/2026:00:41:22 +0330] "GET /wp-login.php HTTP/2" 200 3091 "-" "Mozilla/5.0 (Windows NT 10.0; Win64; x64; rv:133.0) Gecko/20100101 Firefox/133.0"
155.254.17.105 - - [27/Jun/2026:00:41:23 +0330] "POST /wp-login.php HTTP/2" 200 3241 "https://mail.dorfakkhabar.ir/wp-login.php" "Mozilla/5.0 (Windows NT 10.0; Win64; x64; rv:133.0) Gecko/20100101 Firefox/133.0"
91.107.212.146 - - [27/Jun/2026:00:43:56 +0330] "GET /?feed=rss2 HTTP/1.1" 200 13348 "-" "Mozilla/5.0 (Windows NT 10.0; Win64; x64)"
104.244.124.135 - - [27/Jun/2026:00:45:58 +0330] "GET /wp-login.php HTTP/2" 200 3091 "-" "Mozilla/5.0 (X11; Ubuntu; Linux x86_64) AppleWebKit/537.36 (KHTML, like Gecko) Chrome/133.0.0.0 Safari/537.36"
104.244.124.135 - - [27/Jun/2026:00:45:59 +0330] "POST /wp-login.php HTTP/2" 200 3241 "https://dorfakkhabar.ir/wp-login.php" "Mozilla/5.0 (X11; Ubuntu; Linux x86_64) AppleWebKit/537.36 (KHTML, like Gecko) Chrome/133.0.0.0 Safari/537.36"
173.247.255.22 - - [27/Jun/2026:00:46:12 +0330] "GET /wp-login.php HTTP/2" 200 3091 "-" "Mozilla/5.0 (Windows NT 10.0; Win64; x64) AppleWebKit/537.36 (KHTML, like Gecko) Chrome/133.0.0.0 Safari/537.36 Edg/133.0.0.0"
173.247.255.22 - - [27/Jun/2026:00:46:13 +0330] "POST /wp-login.php HTTP/2" 200 3240 "https://mail.dorfakkhabar.ir/wp-login.php" "Mozilla/5.0 (Windows NT 10.0; Win64; x64) AppleWebKit/537.36 (KHTML, like Gecko) Chrome/133.0.0.0 Safari/537.36 Edg/133.0.0.0"
158.69.117.34 - - [27/Jun/2026:00:47:09 +0330] "GET /wp-login.php HTTP/2" 200 3091 "-" "Mozilla/5.0 (Windows NT 10.0; Win64; x64; rv:133.0) Gecko/20100101 Firefox/133.0"
158.69.117.34 - - [27/Jun/2026:00:47:10 +0330] "POST /wp-login.php HTTP/2" 200 3240 "https://dorfakkhabar.ir/wp-login.php" "Mozilla/5.0 (Windows NT 10.0; Win64; x64; rv:133.0) Gecko/20100101 Firefox/133.0"
66.249.72.132 - - [27/Jun/2026:00:47:42 +0330] "GET /?p=44892 HTTP/1.1" 404 8623 "-" "Mozilla/5.0 (Linux; Android 6.0.1; Nexus 5X Build/MMB29P) AppleWebKit/537.36 (KHTML, like Gecko) Chrome/148.0.7778.96 Mobile Safari/537.36 (compatible; Googlebot/2.1; +http://www.google.com/bot.html)"
91.107.212.146 - - [27/Jun/2026:00:48:43 +0330] "GET /?feed=rss2 HTTP/1.1" 200 13348 "-" "Mozilla/5.0 (Windows NT 10.0; Win64; x64)"
158.69.215.39 - - [27/Jun/2026:00:53:11 +0330] "GET /wp-login.php HTTP/2" 200 3091 "-" "Mozilla/5.0 (Windows NT 10.0; WOW64) AppleWebKit/537.36 (KHTML, like Gecko) Chrome/133.0.0.0 Safari/537.36"
158.69.215.39 - - [27/Jun/2026:00:53:12 +0330] "POST /wp-login.php HTTP/2" 200 3308 "https://mail.dorfakkhabar.ir/wp-login.php" "Mozilla/5.0 (Windows NT 10.0; WOW64) AppleWebKit/537.36 (KHTML, like Gecko) Chrome/133.0.0.0 Safari/537.36"
185.191.171.17 - - [27/Jun/2026:00:44:37 +0330] "GET /?cat=1&paged=10 HTTP/1.1" 404 9554 "-" "Mozilla/5.0 (compatible; SemrushBot/7~bl; +http://www.semrush.com/bot.html)"
178.104.240.218 - - [27/Jun/2026:00:46:12 +0330] "GET /wp-login.php HTTP/2" 200 3091 "-" "Mozilla/5.0 (X11; Linux x86_64) AppleWebKit/537.36 (KHTML, like Gecko) Chrome/133.0.0.0 Safari/537.36 Edg/133.0.0.0"
178.104.240.218 - - [27/Jun/2026:00:46:13 +0330] "POST /wp-login.php HTTP/2" 200 3230 "https://mail.dorfakkhabar.ir/wp-login.php" "Mozilla/5.0 (X11; Linux x86_64) AppleWebKit/537.36 (KHTML, like Gecko) Chrome/133.0.0.0 Safari/537.36 Edg/133.0.0.0"
46.182.7.168 - - [27/Jun/2026:00:46:38 +0330] "GET /wp-login.php HTTP/2" 200 3091 "-" "Mozilla/5.0 (X11; Fedora; Linux x86_64) AppleWebKit/537.36 (KHTML, like Gecko) Chrome/133.0.0.0 Safari/537.36"
46.182.7.168 - - [27/Jun/2026:00:46:39 +0330] "POST /wp-login.php HTTP/2" 200 3230 "https://dorfakkhabar.ir/wp-login.php" "Mozilla/5.0 (X11; Fedora; Linux x86_64) AppleWebKit/537.36 (KHTML, like Gecko) Chrome/133.0.0.0 Safari/537.36"
91.107.212.146 - - [27/Jun/2026:00:47:12 +0330] "GET /?feed=rss2 HTTP/1.1" 200 13348 "-" "Mozilla/5.0 (Windows NT 10.0; Win64; x64)"
85.215.252.72 - - [27/Jun/2026:00:52:52 +0330] "GET /wp-login.php HTTP/2" 200 3091 "-" "Mozilla/5.0 (X11; Linux x86_64) AppleWebKit/537.36 (KHTML, like Gecko) Chrome/133.0.0.0 Safari/537.36"
85.215.252.72 - - [27/Jun/2026:00:52:53 +0330] "POST /wp-login.php HTTP/2" 200 3241 "https://mail.dorfakkhabar.ir/wp-login.php" "Mozilla/5.0 (X11; Linux x86_64) AppleWebKit/537.36 (KHTML, like Gecko) Chrome/133.0.0.0 Safari/537.36"
185.191.171.8 - - [27/Jun/2026:00:54:17 +0330] "GET /?p=825 HTTP/1.1" 404 9554 "-" "Mozilla/5.0 (compatible; SemrushBot/7~bl; +http://www.semrush.com/bot.html)"
209.145.56.119 - - [27/Jun/2026:00:56:30 +0330] "GET /wp-login.php HTTP/2" 200 3091 "-" "Mozilla/5.0 (Macintosh; Intel Mac OS X 10_15_7) AppleWebKit/537.36 (KHTML, like Gecko) Chrome/133.0.0.0 Safari/537.36 Edg/133.0.0.0"
209.145.56.119 - - [27/Jun/2026:00:56:31 +0330] "POST /wp-login.php HTTP/2" 200 3240 "https://mail.dorfakkhabar.ir/wp-login.php" "Mozilla/5.0 (Macintosh; Intel Mac OS X 10_15_7) AppleWebKit/537.36 (KHTML, like Gecko) Chrome/133.0.0.0 Safari/537.36 Edg/133.0.0.0"
158.69.215.39 - - [27/Jun/2026:00:57:00 +0330] "GET /wp-login.php HTTP/2" 200 3091 "-" "Mozilla/5.0 (Windows NT 10.0; Win64; x64; rv:133.0) Gecko/20100101 Firefox/133.0"
158.69.215.39 - - [27/Jun/2026:00:57:01 +0330] "POST /wp-login.php HTTP/2" 200 3230 "https://mail.dorfakkhabar.ir/wp-login.php" "Mozilla/5.0 (Windows NT 10.0; Win64; x64; rv:133.0) Gecko/20100101 Firefox/133.0"
78.142.18.172 - - [27/Jun/2026:00:57:54 +0330] "GET /wp-login.php HTTP/2" 200 3091 "-" "Mozilla/5.0 (X11; CrOS x86_64 14541.0.0) AppleWebKit/537.36 (KHTML, like Gecko) Chrome/133.0.0.0 Safari/537.36"
78.142.18.172 - - [27/Jun/2026:00:57:55 +0330] "POST /wp-login.php HTTP/2" 200 3229 "https://dorfakkhabar.ir/wp-login.php" "Mozilla/5.0 (X11; CrOS x86_64 14541.0.0) AppleWebKit/537.36 (KHTML, like Gecko) Chrome/133.0.0.0 Safari/537.36"
160.187.211.96 - - [27/Jun/2026:00:57:56 +0330] "GET /wp-login.php HTTP/2" 200 3091 "-" "Mozilla/5.0 (Windows NT 10.0; WOW64) AppleWebKit/537.36 (KHTML, like Gecko) Chrome/133.0.0.0 Safari/537.36"
160.187.211.96 - - [27/Jun/2026:00:57:58 +0330] "POST /wp-login.php HTTP/2" 200 3241 "https://dorfakkhabar.ir/wp-login.php" "Mozilla/5.0 (Windows NT 10.0; WOW64) AppleWebKit/537.36 (KHTML, like Gecko) Chrome/133.0.0.0 Safari/537.36"
66.249.72.130 - - [27/Jun/2026:01:04:24 +0330] "GET /?p=3982 HTTP/1.1" 404 8623 "-" "Mozilla/5.0 (Linux; Android 6.0.1; Nexus 5X Build/MMB29P) AppleWebKit/537.36 (KHTML, like Gecko) Chrome/148.0.7778.96 Mobile Safari/537.36 (compatible; Googlebot/2.1; +http://www.google.com/bot.html)"
165.232.163.132 - - [27/Jun/2026:01:06:27 +0330] "GET /wp-login.php HTTP/2" 200 3091 "-" "Mozilla/5.0 (X11; Linux x86_64) AppleWebKit/537.36 (KHTML, like Gecko) Chrome/133.0.0.0 Safari/537.36"
165.232.163.132 - - [27/Jun/2026:01:06:28 +0330] "POST /wp-login.php HTTP/2" 200 3230 "https://mail.dorfakkhabar.ir/wp-login.php" "Mozilla/5.0 (X11; Linux x86_64) AppleWebKit/537.36 (KHTML, like Gecko) Chrome/133.0.0.0 Safari/537.36"
162.0.226.2 - - [27/Jun/2026:01:07:21 +0330] "GET /wp-login.php HTTP/2" 200 3091 "-" "Mozilla/5.0 (X11; Ubuntu; Linux x86_64) AppleWebKit/537.36 (KHTML, like Gecko) Chrome/133.0.0.0 Safari/537.36"
162.0.226.2 - - [27/Jun/2026:01:07:22 +0330] "POST /wp-login.php HTTP/2" 200 3241 "https://dorfakkhabar.ir/wp-login.php" "Mozilla/5.0 (X11; Ubuntu; Linux x86_64) AppleWebKit/537.36 (KHTML, like Gecko) Chrome/133.0.0.0 Safari/537.36"
103.249.117.117 - - [27/Jun/2026:01:07:43 +0330] "GET /wp-login.php HTTP/2" 200 3091 "-" "Mozilla/5.0 (Windows NT 10.0) AppleWebKit/537.36 (KHTML, like Gecko) Chrome/133.0.0.0 Safari/537.36"
158.69.215.39 - - [27/Jun/2026:01:07:44 +0330] "GET /wp-login.php HTTP/2" 200 3081 "-" "Mozilla/5.0 (Windows NT 10.0; Win64; x64; rv:133.0) Gecko/20100101 Firefox/133.0"
103.249.117.117 - - [27/Jun/2026:01:07:44 +0330] "POST /wp-login.php HTTP/2" 200 3240 "https://dorfakkhabar.ir/wp-login.php" "Mozilla/5.0 (Windows NT 10.0) AppleWebKit/537.36 (KHTML, like Gecko) Chrome/133.0.0.0 Safari/537.36"
158.69.215.39 - - [27/Jun/2026:01:07:45 +0330] "POST /wp-login.php HTTP/2" 200 3240 "https://mail.dorfakkhabar.ir/wp-login.php" "Mozilla/5.0 (Windows NT 10.0; Win64; x64; rv:133.0) Gecko/20100101 Firefox/133.0"
160.16.96.171 - - [27/Jun/2026:01:08:12 +0330] "GET /wp-login.php HTTP/2" 200 3091 "-" "Mozilla/5.0 (Windows NT 10.0; WOW64) AppleWebKit/537.36 (KHTML, like Gecko) Chrome/133.0.0.0 Safari/537.36"
160.16.96.171 - - [27/Jun/2026:01:08:14 +0330] "POST /wp-login.php HTTP/2" 200 3230 "https://dorfakkhabar.ir/wp-login.php" "Mozilla/5.0 (Windows NT 10.0; WOW64) AppleWebKit/537.36 (KHTML, like Gecko) Chrome/133.0.0.0 Safari/537.36"
66.249.72.131 - - [27/Jun/2026:01:11:11 +0330] "GET /?p=48004?print=1 HTTP/1.1" 404 8622 "-" "Mozilla/5.0 (Linux; Android 6.0.1; Nexus 5X Build/MMB29P) AppleWebKit/537.36 (KHTML, like Gecko) Chrome/148.0.7778.96 Mobile Safari/537.36 (compatible; Googlebot/2.1; +http://www.google.com/bot.html)"
173.247.255.22 - - [27/Jun/2026:01:02:17 +0330] "GET /wp-login.php HTTP/2" 200 3091 "-" "Mozilla/5.0 (Macintosh; Intel Mac OS X 10_15_7) AppleWebKit/537.36 (KHTML, like Gecko) Chrome/133.0.0.0 Safari/537.36 Edg/133.0.0.0"
173.247.255.22 - - [27/Jun/2026:01:02:18 +0330] "POST /wp-login.php HTTP/2" 200 3232 "https://mail.dorfakkhabar.ir/wp-login.php" "Mozilla/5.0 (Macintosh; Intel Mac OS X 10_15_7) AppleWebKit/537.36 (KHTML, like Gecko) Chrome/133.0.0.0 Safari/537.36 Edg/133.0.0.0"
40.160.63.222 - - [27/Jun/2026:01:02:37 +0330] "GET /wp-login.php HTTP/2" 200 3091 "-" "Mozilla/5.0 (Windows NT 10.0; WOW64) AppleWebKit/537.36 (KHTML, like Gecko) Chrome/133.0.0.0 Safari/537.36"
40.160.63.222 - - [27/Jun/2026:01:02:38 +0330] "POST /wp-login.php HTTP/2" 200 3308 "https://mail.dorfakkhabar.ir/wp-login.php" "Mozilla/5.0 (Windows NT 10.0; WOW64) AppleWebKit/537.36 (KHTML, like Gecko) Chrome/133.0.0.0 Safari/537.36"
198.46.211.159 - - [27/Jun/2026:01:09:01 +0330] "GET /wp-login.php HTTP/2" 200 3091 "-" "Mozilla/5.0 (Windows NT 10.0; Win64; x64) AppleWebKit/537.36 (KHTML, like Gecko) Chrome/120.0.0.0 Safari/537.36"
198.46.211.159 - - [27/Jun/2026:01:09:02 +0330] "POST /wp-login.php HTTP/2" 200 3241 "https://mail.dorfakkhabar.ir/wp-login.php" "Mozilla/5.0 (Windows NT 10.0; Win64; x64) AppleWebKit/537.36 (KHTML, like Gecko) Chrome/120.0.0.0 Safari/537.36"
66.249.72.131 - - [27/Jun/2026:01:11:02 +0330] "GET / HTTP/1.1" 200 12235 "-" "Mozilla/5.0 (compatible; Googlebot/2.1; +http://www.google.com/bot.html)"
107.175.94.125 - - [27/Jun/2026:01:12:30 +0330] "GET /wp-login.php HTTP/2" 200 3091 "-" "Mozilla/5.0 (Windows NT 10.0; Win64; x64) AppleWebKit/537.36 (KHTML, like Gecko) Chrome/120.0.0.0 Safari/537.36"
107.175.94.125 - - [27/Jun/2026:01:12:31 +0330] "POST /wp-login.php HTTP/2" 200 3318 "https://mail.dorfakkhabar.ir/wp-login.php" "Mozilla/5.0 (Windows NT 10.0; Win64; x64) AppleWebKit/537.36 (KHTML, like Gecko) Chrome/120.0.0.0 Safari/537.36"
78.142.18.172 - - [27/Jun/2026:01:12:33 +0330] "GET /wp-login.php HTTP/2" 200 3081 "-" "Mozilla/5.0 (X11; Linux x86_64) AppleWebKit/537.36 (KHTML, like Gecko) Chrome/133.0.0.0 Safari/537.36 Edg/133.0.0.0"
78.142.18.172 - - [27/Jun/2026:01:12:35 +0330] "POST /wp-login.php HTTP/2" 200 3241 "https://mail.dorfakkhabar.ir/wp-login.php" "Mozilla/5.0 (X11; Linux x86_64) AppleWebKit/537.36 (KHTML, like Gecko) Chrome/133.0.0.0 Safari/537.36 Edg/133.0.0.0"
206.189.36.80 - - [27/Jun/2026:01:13:08 +0330] "GET /wp-login.php HTTP/2" 200 3091 "-" "Mozilla/5.0 (X11; Ubuntu; Linux x86_64) AppleWebKit/537.36 (KHTML, like Gecko) Chrome/133.0.0.0 Safari/537.36"
206.189.36.80 - - [27/Jun/2026:01:13:10 +0330] "POST /wp-login.php HTTP/2" 200 3308 "https://mail.dorfakkhabar.ir/wp-login.php" "Mozilla/5.0 (X11; Ubuntu; Linux x86_64) AppleWebKit/537.36 (KHTML, like Gecko) Chrome/133.0.0.0 Safari/537.36"
66.249.72.132 - - [27/Jun/2026:01:14:57 +0330] "GET /?p=56341 HTTP/1.1" 404 8623 "-" "Mozilla/5.0 (Linux; Android 6.0.1; Nexus 5X Build/MMB29P) AppleWebKit/537.36 (KHTML, like Gecko) Chrome/148.0.7778.96 Mobile Safari/537.36 (compatible; Googlebot/2.1; +http://www.google.com/bot.html)"
135.148.171.117 - - [27/Jun/2026:01:18:49 +0330] "GET /wp-login.php HTTP/2" 200 3091 "-" "Mozilla/5.0 (X11; Linux x86_64) AppleWebKit/537.36 (KHTML, like Gecko) Chrome/133.0.0.0 Safari/537.36 Edg/133.0.0.0"
135.148.171.117 - - [27/Jun/2026:01:18:50 +0330] "POST /wp-login.php HTTP/2" 200 3230 "https://mail.dorfakkhabar.ir/wp-login.php" "Mozilla/5.0 (X11; Linux x86_64) AppleWebKit/537.36 (KHTML, like Gecko) Chrome/133.0.0.0 Safari/537.36 Edg/133.0.0.0"
158.69.215.39 - - [27/Jun/2026:01:25:00 +0330] "GET /wp-login.php HTTP/2" 200 3091 "-" "Mozilla/5.0 (X11; Ubuntu; Linux x86_64) AppleWebKit/537.36 (KHTML, like Gecko) Chrome/133.0.0.0 Safari/537.36"
158.69.215.39 - - [27/Jun/2026:01:25:01 +0330] "POST /wp-login.php HTTP/2" 200 3241 "https://mail.dorfakkhabar.ir/wp-login.php" "Mozilla/5.0 (X11; Ubuntu; Linux x86_64) AppleWebKit/537.36 (KHTML, like Gecko) Chrome/133.0.0.0 Safari/537.36"
209.145.56.119 - - [27/Jun/2026:01:25:47 +0330] "GET /wp-login.php HTTP/2" 200 3091 "-" "Mozilla/5.0 (Macintosh; Intel Mac OS X 14_7_4) AppleWebKit/537.36 (KHTML, like Gecko) Chrome/133.0.0.0 Safari/537.36"
209.145.56.119 - - [27/Jun/2026:01:25:48 +0330] "POST /wp-login.php HTTP/2" 200 3318 "https://mail.dorfakkhabar.ir/wp-login.php" "Mozilla/5.0 (Macintosh; Intel Mac OS X 14_7_4) AppleWebKit/537.36 (KHTML, like Gecko) Chrome/133.0.0.0 Safari/537.36"
91.107.212.146 - - [27/Jun/2026:01:27:18 +0330] "GET /?feed=rss2 HTTP/1.1" 200 13348 "https://dorfakkhabar.ir/" "Mozilla/4.0 (compatible; MSIE 7.0; Windows NT 10.0; WOW64; Trident/7.0; .NET4.0C; .NET4.0E; .NET CLR 2.0.50727; .NET CLR 3.0.30729; .NET CLR 3.5.30729; Microsoft Outlook 15.0.5257; ms-office; MSOffice 15)"
78.142.18.172 - - [27/Jun/2026:01:29:46 +0330] "GET /wp-login.php HTTP/2" 200 3081 "-" "Mozilla/5.0 (Windows NT 10.0; Win64; x64) AppleWebKit/537.36 (KHTML, like Gecko) Chrome/133.0.0.0 Safari/537.36 Edg/133.0.0.0"
78.142.18.172 - - [27/Jun/2026:01:29:47 +0330] "POST /wp-login.php HTTP/2" 200 3232 "https://dorfakkhabar.ir/wp-login.php" "Mozilla/5.0 (Windows NT 10.0; Win64; x64) AppleWebKit/537.36 (KHTML, like Gecko) Chrome/133.0.0.0 Safari/537.36 Edg/133.0.0.0"
167.71.240.77 - - [27/Jun/2026:01:33:11 +0330] "GET /wp-login.php HTTP/2" 200 3091 "-" "Mozilla/5.0 (Windows NT 10.0; Win64; x64) AppleWebKit/537.36 (KHTML, like Gecko) Chrome/120.0.0.0 Safari/537.36"
167.71.240.77 - - [27/Jun/2026:01:33:12 +0330] "POST /wp-login.php HTTP/2" 200 3240 "https://mail.dorfakkhabar.ir/wp-login.php" "Mozilla/5.0 (Windows NT 10.0; Win64; x64) AppleWebKit/537.36 (KHTML, like Gecko) Chrome/120.0.0.0 Safari/537.36"
167.71.240.77 - - [27/Jun/2026:01:17:31 +0330] "GET /wp-login.php HTTP/2" 200 3081 "-" "Mozilla/5.0 (Windows NT 10.0; Win64; x64; rv:133.0) Gecko/20100101 Firefox/133.0"
209.145.56.119 - - [27/Jun/2026:01:17:32 +0330] "GET /wp-login.php HTTP/2" 200 3081 "-" "Mozilla/5.0 (X11; Linux x86_64) AppleWebKit/537.36 (KHTML, like Gecko) Chrome/133.0.0.0 Safari/537.36"
167.71.240.77 - - [27/Jun/2026:01:17:32 +0330] "POST /wp-login.php HTTP/2" 200 3241 "https://dorfakkhabar.ir/wp-login.php" "Mozilla/5.0 (Windows NT 10.0; Win64; x64; rv:133.0) Gecko/20100101 Firefox/133.0"
209.145.56.119 - - [27/Jun/2026:01:17:33 +0330] "POST /wp-login.php HTTP/2" 200 3220 "https://dorfakkhabar.ir/wp-login.php" "Mozilla/5.0 (X11; Linux x86_64) AppleWebKit/537.36 (KHTML, like Gecko) Chrome/133.0.0.0 Safari/537.36"
85.215.252.72 - - [27/Jun/2026:01:18:18 +0330] "GET /wp-login.php HTTP/2" 200 3091 "-" "Mozilla/5.0 (Macintosh; Intel Mac OS X 10_15_7) AppleWebKit/605.1.15 (KHTML, like Gecko) Version/18.3 Safari/605.1.15"
85.215.252.72 - - [27/Jun/2026:01:18:19 +0330] "POST /wp-login.php HTTP/2" 200 3229 "https://mail.dorfakkhabar.ir/wp-login.php" "Mozilla/5.0 (Macintosh; Intel Mac OS X 10_15_7) AppleWebKit/605.1.15 (KHTML, like Gecko) Version/18.3 Safari/605.1.15"
66.249.72.132 - - [27/Jun/2026:01:25:57 +0330] "GET /?p=46536 HTTP/1.1" 404 8622 "-" "Mozilla/5.0 (Linux; Android 6.0.1; Nexus 5X Build/MMB29P) AppleWebKit/537.36 (KHTML, like Gecko) Chrome/148.0.7778.96 Mobile Safari/537.36 (compatible; Googlebot/2.1; +http://www.google.com/bot.html)"
78.142.18.172 - - [27/Jun/2026:01:27:20 +0330] "GET /wp-login.php HTTP/2" 200 3091 "-" "Mozilla/5.0 (X11; Linux x86_64) AppleWebKit/537.36 (KHTML, like Gecko) Chrome/133.0.0.0 Safari/537.36 Edg/133.0.0.0"
78.142.18.172 - - [27/Jun/2026:01:27:21 +0330] "POST /wp-login.php HTTP/2" 200 3230 "https://dorfakkhabar.ir/wp-login.php" "Mozilla/5.0 (X11; Linux x86_64) AppleWebKit/537.36 (KHTML, like Gecko) Chrome/133.0.0.0 Safari/537.36 Edg/133.0.0.0"
155.254.17.105 - - [27/Jun/2026:01:28:26 +0330] "GET /wp-login.php HTTP/2" 200 3081 "-" "Mozilla/5.0 (X11; CrOS x86_64 14541.0.0) AppleWebKit/537.36 (KHTML, like Gecko) Chrome/133.0.0.0 Safari/537.36"
155.254.17.105 - - [27/Jun/2026:01:28:27 +0330] "POST /wp-login.php HTTP/2" 200 3240 "https://mail.dorfakkhabar.ir/wp-login.php" "Mozilla/5.0 (X11; CrOS x86_64 14541.0.0) AppleWebKit/537.36 (KHTML, like Gecko) Chrome/133.0.0.0 Safari/537.36"
78.142.18.172 - - [27/Jun/2026:01:28:40 +0330] "GET /wp-login.php HTTP/2" 200 3091 "-" "Mozilla/5.0 (Windows NT 10.0; Win64; x64; rv:133.0) Gecko/20100101 Firefox/133.0"
78.142.18.172 - - [27/Jun/2026:01:28:40 +0330] "POST /wp-login.php HTTP/2" 200 3230 "https://mail.dorfakkhabar.ir/wp-login.php" "Mozilla/5.0 (Windows NT 10.0; Win64; x64; rv:133.0) Gecko/20100101 Firefox/133.0"
51.222.116.95 - - [27/Jun/2026:01:35:15 +0330] "GET /wp-login.php HTTP/2" 200 3081 "-" "Mozilla/5.0 (Macintosh; Intel Mac OS X 10_15_7) AppleWebKit/605.1.15 (KHTML, like Gecko) Version/18.3 Safari/605.1.15"
51.222.116.95 - - [27/Jun/2026:01:35:16 +0330] "POST /wp-login.php HTTP/2" 200 3241 "https://mail.dorfakkhabar.ir/wp-login.php" "Mozilla/5.0 (Macintosh; Intel Mac OS X 10_15_7) AppleWebKit/605.1.15 (KHTML, like Gecko) Version/18.3 Safari/605.1.15"
4.194.31.84 - - [27/Jun/2026:01:35:38 +0330] "GET /wp-content/plugins/fix/up.php HTTP/2" 301 0 "-" "Mozilla/5.0"
4.194.31.84 - - [27/Jun/2026:01:35:39 +0330] "GET /wp-content/plugins/fix/up.php/ HTTP/2" 200 14455 "https://dorfakkhabar.ir/wp-content/plugins/fix/up.php" "Mozilla/5.0"
66.249.72.131 - - [27/Jun/2026:01:35:50 +0330] "GET /?p=48000 HTTP/1.1" 404 8623 "-" "Mozilla/5.0 (Linux; Android 6.0.1; Nexus 5X Build/MMB29P) AppleWebKit/537.36 (KHTML, like Gecko) Chrome/148.0.7778.96 Mobile Safari/537.36 (compatible; Googlebot/2.1; +http://www.google.com/bot.html)"
206.189.36.80 - - [27/Jun/2026:01:36:06 +0330] "GET /wp-login.php HTTP/2" 200 3091 "-" "Mozilla/5.0 (Macintosh; Intel Mac OS X 14_7_4) AppleWebKit/537.36 (KHTML, like Gecko) Chrome/133.0.0.0 Safari/537.36"
206.189.36.80 - - [27/Jun/2026:01:36:07 +0330] "POST /wp-login.php HTTP/2" 200 3318 "https://mail.dorfakkhabar.ir/wp-login.php" "Mozilla/5.0 (Macintosh; Intel Mac OS X 14_7_4) AppleWebKit/537.36 (KHTML, like Gecko) Chrome/133.0.0.0 Safari/537.36"
51.222.154.197 - - [27/Jun/2026:01:36:26 +0330] "GET /robots.txt HTTP/1.1" 200 72 "-" "Mozilla/5.0 (compatible; MJ12bot/v1.4.8; http://mj12bot.com/)"
51.222.154.197 - - [27/Jun/2026:01:36:28 +0330] "GET /?print=1 HTTP/1.1" 200 321 "-" "Mozilla/5.0 (compatible; MJ12bot/v1.4.8; http://mj12bot.com/)"
192.185.4.166 - - [27/Jun/2026:01:36:35 +0330] "GET /wp-login.php HTTP/2" 200 3091 "-" "Mozilla/5.0 (Windows NT 10.0; Win64; x64) AppleWebKit/537.36 (KHTML, like Gecko) Chrome/120.0.0.0 Safari/537.36"
192.185.4.166 - - [27/Jun/2026:01:36:51 +0330] "POST /wp-login.php HTTP/2" 200 3241 "https://dorfakkhabar.ir/wp-login.php" "Mozilla/5.0 (Windows NT 10.0; Win64; x64) AppleWebKit/537.36 (KHTML, like Gecko) Chrome/120.0.0.0 Safari/537.36"
51.222.154.197 - - [27/Jun/2026:01:36:58 +0330] "GET /robots.txt HTTP/1.1" 200 72 "-" "Mozilla/5.0 (compatible; MJ12bot/v1.4.8; http://mj12bot.com/)"
51.222.154.197 - - [27/Jun/2026:01:36:59 +0330] "GET /?print=1 HTTP/1.1" 200 321 "-" "Mozilla/5.0 (compatible; MJ12bot/v1.4.8; http://mj12bot.com/)"
51.222.154.197 - - [27/Jun/2026:01:37:20 +0330] "GET /robots.txt HTTP/1.1" 200 72 "-" "Mozilla/5.0 (compatible; MJ12bot/v1.4.8; http://mj12bot.com/)"
51.222.154.197 - - [27/Jun/2026:01:37:22 +0330] "GET /?print=1 HTTP/1.1" 200 321 "-" "Mozilla/5.0 (compatible; MJ12bot/v1.4.8; http://mj12bot.com/)"
103.127.30.137 - - [27/Jun/2026:01:38:23 +0330] "GET /wp-login.php HTTP/2" 200 3091 "-" "Mozilla/5.0 (X11; Ubuntu; Linux x86_64; rv:133.0) Gecko/20100101 Firefox/133.0"
103.127.30.137 - - [27/Jun/2026:01:38:25 +0330] "POST /wp-login.php HTTP/2" 200 3230 "https://mail.dorfakkhabar.ir/wp-login.php" "Mozilla/5.0 (X11; Ubuntu; Linux x86_64; rv:133.0) Gecko/20100101 Firefox/133.0"
103.75.185.95 - - [27/Jun/2026:01:39:20 +0330] "GET /wp-login.php HTTP/2" 200 3091 "-" "Mozilla/5.0 (X11; Linux x86_64) AppleWebKit/537.36 (KHTML, like Gecko) Chrome/133.0.0.0 Safari/537.36"
103.75.185.95 - - [27/Jun/2026:01:39:21 +0330] "POST /wp-login.php HTTP/2" 200 3240 "https://dorfakkhabar.ir/wp-login.php" "Mozilla/5.0 (X11; Linux x86_64) AppleWebKit/537.36 (KHTML, like Gecko) Chrome/133.0.0.0 Safari/537.36"
51.222.116.95 - - [27/Jun/2026:01:39:23 +0330] "GET /wp-login.php HTTP/2" 200 3081 "-" "Mozilla/5.0 (X11; Linux i686) AppleWebKit/537.36 (KHTML, like Gecko) Chrome/133.0.0.0 Safari/537.36"
51.222.116.95 - - [27/Jun/2026:01:39:24 +0330] "POST /wp-login.php HTTP/2" 200 3241 "https://dorfakkhabar.ir/wp-login.php" "Mozilla/5.0 (X11; Linux i686) AppleWebKit/537.36 (KHTML, like Gecko) Chrome/133.0.0.0 Safari/537.36"
185.109.244.91 - - [27/Jun/2026:01:40:03 +0330] "GET /wp-login.php HTTP/2" 200 3091 "-" "Mozilla/5.0 (Macintosh; Intel Mac OS X 11_7_10) AppleWebKit/537.36 (KHTML, like Gecko) Chrome/133.0.0.0 Safari/537.36"
185.109.244.91 - - [27/Jun/2026:01:40:04 +0330] "POST /wp-login.php HTTP/2" 200 3230 "https://dorfakkhabar.ir/wp-login.php" "Mozilla/5.0 (Macintosh; Intel Mac OS X 11_7_10) AppleWebKit/537.36 (KHTML, like Gecko) Chrome/133.0.0.0 Safari/537.36"
155.254.17.105 - - [27/Jun/2026:01:40:42 +0330] "GET /wp-login.php HTTP/2" 200 3091 "-" "Mozilla/5.0 (X11; CrOS x86_64 14541.0.0) AppleWebKit/537.36 (KHTML, like Gecko) Chrome/133.0.0.0 Safari/537.36"
155.254.17.105 - - [27/Jun/2026:01:40:43 +0330] "POST /wp-login.php HTTP/2" 200 3240 "https://mail.dorfakkhabar.ir/wp-login.php" "Mozilla/5.0 (X11; CrOS x86_64 14541.0.0) AppleWebKit/537.36 (KHTML, like Gecko) Chrome/133.0.0.0 Safari/537.36"
78.142.18.172 - - [27/Jun/2026:01:44:34 +0330] "GET /wp-login.php HTTP/2" 200 3091 "-" "Mozilla/5.0 (Macintosh; Intel Mac OS X 10_15_7) AppleWebKit/537.36 (KHTML, like Gecko) Chrome/133.0.0.0 Safari/537.36"
78.142.18.172 - - [27/Jun/2026:01:44:35 +0330] "POST /wp-login.php HTTP/2" 200 3241 "https://mail.dorfakkhabar.ir/wp-login.php" "Mozilla/5.0 (Macintosh; Intel Mac OS X 10_15_7) AppleWebKit/537.36 (KHTML, like Gecko) Chrome/133.0.0.0 Safari/537.36"
185.191.171.18 - - [27/Jun/2026:01:47:43 +0330] "GET /?p=1734 HTTP/1.1" 404 9554 "-" "Mozilla/5.0 (compatible; SemrushBot/7~bl; +http://www.semrush.com/bot.html)"
138.186.9.20 - - [27/Jun/2026:01:48:30 +0330] "GET /wp-login.php HTTP/2" 200 3091 "-" "Mozilla/5.0 (X11; Linux x86_64) AppleWebKit/537.36 (KHTML, like Gecko) Chrome/133.0.0.0 Safari/537.36"
138.186.9.20 - - [27/Jun/2026:01:48:31 +0330] "POST /wp-login.php HTTP/2" 200 3230 "https://mail.dorfakkhabar.ir/wp-login.php" "Mozilla/5.0 (X11; Linux x86_64) AppleWebKit/537.36 (KHTML, like Gecko) Chrome/133.0.0.0 Safari/537.36"
159.198.35.26 - - [27/Jun/2026:01:49:30 +0330] "GET /wp-login.php HTTP/2" 200 3091 "-" "Mozilla/5.0 (Windows NT 10.0) AppleWebKit/537.36 (KHTML, like Gecko) Chrome/133.0.0.0 Safari/537.36"
159.198.35.26 - - [27/Jun/2026:01:49:31 +0330] "POST /wp-login.php HTTP/2" 200 3240 "https://dorfakkhabar.ir/wp-login.php" "Mozilla/5.0 (Windows NT 10.0) AppleWebKit/537.36 (KHTML, like Gecko) Chrome/133.0.0.0 Safari/537.36"
93.115.150.27 - - [27/Jun/2026:01:35:15 +0330] "GET / HTTP/1.1" 200 14510 "-" "Python/3.11 aiohttp/3.9.2"
51.222.154.197 - - [27/Jun/2026:01:36:26 +0330] "GET /robots.txt HTTP/1.1" 200 72 "-" "Mozilla/5.0 (compatible; MJ12bot/v1.4.8; http://mj12bot.com/)"
51.222.154.197 - - [27/Jun/2026:01:36:28 +0330] "GET /?print=1 HTTP/1.1" 200 321 "-" "Mozilla/5.0 (compatible; MJ12bot/v1.4.8; http://mj12bot.com/)"
51.222.154.197 - - [27/Jun/2026:01:36:40 +0330] "GET /robots.txt HTTP/1.1" 200 72 "-" "Mozilla/5.0 (compatible; MJ12bot/v1.4.8; http://mj12bot.com/)"
51.222.154.197 - - [27/Jun/2026:01:36:41 +0330] "GET /?print=1 HTTP/1.1" 200 321 "-" "Mozilla/5.0 (compatible; MJ12bot/v1.4.8; http://mj12bot.com/)"
51.222.154.197 - - [27/Jun/2026:01:37:43 +0330] "GET /robots.txt HTTP/1.1" 200 72 "-" "Mozilla/5.0 (compatible; MJ12bot/v1.4.8; http://mj12bot.com/)"
51.222.154.197 - - [27/Jun/2026:01:37:44 +0330] "GET /?print=1 HTTP/1.1" 200 321 "-" "Mozilla/5.0 (compatible; MJ12bot/v1.4.8; http://mj12bot.com/)"
178.104.240.218 - - [27/Jun/2026:01:43:02 +0330] "GET /wp-login.php HTTP/2" 200 3091 "-" "Mozilla/5.0 (Windows NT 10.0; Win64; x64) AppleWebKit/537.36 (KHTML, like Gecko) Chrome/120.0.0.0 Safari/537.36"
178.104.240.218 - - [27/Jun/2026:01:43:02 +0330] "POST /wp-login.php HTTP/2" 200 3240 "https://dorfakkhabar.ir/wp-login.php" "Mozilla/5.0 (Windows NT 10.0; Win64; x64) AppleWebKit/537.36 (KHTML, like Gecko) Chrome/120.0.0.0 Safari/537.36"
185.191.171.11 - - [27/Jun/2026:01:47:42 +0330] "GET /robots.txt HTTP/1.1" 200 72 "-" "Mozilla/5.0 (compatible; SemrushBot/7~bl; +http://www.semrush.com/bot.html)"
66.249.72.130 - - [27/Jun/2026:01:49:17 +0330] "GET /?cat=6 HTTP/1.1" 200 10241 "-" "Mozilla/5.0 (compatible; Googlebot/2.1; +http://www.google.com/bot.html)"
64.23.248.3 - - [27/Jun/2026:01:50:35 +0330] "GET /wp-login.php HTTP/2" 200 3091 "-" "Mozilla/5.0 (Windows NT 10.0; Win64; x64) AppleWebKit/537.36 (KHTML, like Gecko) Chrome/120.0.0.0 Safari/537.36"
66.249.72.131 - - [27/Jun/2026:01:55:16 +0330] "GET /?p=17423 HTTP/1.1" 404 8623 "-" "Mozilla/5.0 (Linux; Android 6.0.1; Nexus 5X Build/MMB29P) AppleWebKit/537.36 (KHTML, like Gecko) Chrome/148.0.7778.96 Mobile Safari/537.36 (compatible; Googlebot/2.1; +http://www.google.com/bot.html)"
66.249.72.132 - - [27/Jun/2026:01:58:09 +0330] "GET /?p=38967 HTTP/1.1" 404 8623 "-" "Mozilla/5.0 (Linux; Android 6.0.1; Nexus 5X Build/MMB29P) AppleWebKit/537.36 (KHTML, like Gecko) Chrome/148.0.7778.96 Mobile Safari/537.36 (compatible; Googlebot/2.1; +http://www.google.com/bot.html)"
143.198.203.76 - - [27/Jun/2026:02:00:57 +0330] "GET /wp-login.php HTTP/2" 200 3091 "-" "Mozilla/5.0 (Windows NT 10.0) AppleWebKit/537.36 (KHTML, like Gecko) Chrome/133.0.0.0 Safari/537.36"
143.198.203.76 - - [27/Jun/2026:02:00:58 +0330] "POST /wp-login.php HTTP/2" 200 3230 "https://mail.dorfakkhabar.ir/wp-login.php" "Mozilla/5.0 (Windows NT 10.0) AppleWebKit/537.36 (KHTML, like Gecko) Chrome/133.0.0.0 Safari/537.36"
85.215.252.72 - - [27/Jun/2026:02:03:08 +0330] "GET /wp-login.php HTTP/2" 200 3091 "-" "Mozilla/5.0 (Macintosh; Intel Mac OS X 11_7_10) AppleWebKit/537.36 (KHTML, like Gecko) Chrome/133.0.0.0 Safari/537.36"
85.215.252.72 - - [27/Jun/2026:02:03:09 +0330] "POST /wp-login.php HTTP/2" 200 3230 "https://dorfakkhabar.ir/wp-login.php" "Mozilla/5.0 (Macintosh; Intel Mac OS X 11_7_10) AppleWebKit/537.36 (KHTML, like Gecko) Chrome/133.0.0.0 Safari/537.36"
185.191.171.4 - - [27/Jun/2026:02:05:40 +0330] "GET /?p=159 HTTP/1.1" 200 11687 "-" "Mozilla/5.0 (compatible; SemrushBot/7~bl; +http://www.semrush.com/bot.html)"
185.77.220.239 - - [27/Jun/2026:02:05:44 +0330] "HEAD /?add-to-cart-ajax-woo=2002&_=1782513342238995000 HTTP/1.1" 200 0 "-" "Mozilla/5.0 (Windows NT 10.0; Win64; x64) AppleWebKit/537.36 (KHTML, like Gecko) Chrome/120.0.0.0 Safari/537.36"
64.23.248.3 - - [27/Jun/2026:01:50:36 +0330] "POST /wp-login.php HTTP/2" 200 3318 "https://mail.dorfakkhabar.ir/wp-login.php" "Mozilla/5.0 (Windows NT 10.0; Win64; x64) AppleWebKit/537.36 (KHTML, like Gecko) Chrome/120.0.0.0 Safari/537.36"
67.20.116.98 - - [27/Jun/2026:01:50:36 +0330] "GET /wp-login.php HTTP/2" 200 3091 "-" "Mozilla/5.0 (Windows NT 10.0; Win64; x64) AppleWebKit/537.36 (KHTML, like Gecko) Chrome/120.0.0.0 Safari/537.36"
67.20.116.98 - - [27/Jun/2026:01:50:36 +0330] "POST /wp-login.php HTTP/2" 200 3230 "https://mail.dorfakkhabar.ir/wp-login.php" "Mozilla/5.0 (Windows NT 10.0; Win64; x64) AppleWebKit/537.36 (KHTML, like Gecko) Chrome/120.0.0.0 Safari/537.36"
155.254.17.105 - - [27/Jun/2026:01:51:59 +0330] "GET /wp-login.php HTTP/2" 200 3091 "-" "Mozilla/5.0 (Windows NT 10.0; WOW64) AppleWebKit/537.36 (KHTML, like Gecko) Chrome/133.0.0.0 Safari/537.36"
155.254.17.105 - - [27/Jun/2026:01:52:02 +0330] "POST /wp-login.php HTTP/2" 200 3240 "https://mail.dorfakkhabar.ir/wp-login.php" "Mozilla/5.0 (Windows NT 10.0; WOW64) AppleWebKit/537.36 (KHTML, like Gecko) Chrome/133.0.0.0 Safari/537.36"
185.213.11.86 - - [27/Jun/2026:01:57:01 +0330] "GET /?feed=rss2 HTTP/1.1" 200 55888 "-" "-"
66.249.72.130 - - [27/Jun/2026:01:58:54 +0330] "GET /?p=37851 HTTP/1.1" 404 8623 "-" "Mozilla/5.0 (Linux; Android 6.0.1; Nexus 5X Build/MMB29P) AppleWebKit/537.36 (KHTML, like Gecko) Chrome/148.0.7778.96 Mobile Safari/537.36 (compatible; Googlebot/2.1; +http://www.google.com/bot.html)"
158.69.117.34 - - [27/Jun/2026:01:58:59 +0330] "GET /wp-login.php HTTP/2" 200 3091 "-" "Mozilla/5.0 (Macintosh; Intel Mac OS X 14_7_4) AppleWebKit/537.36 (KHTML, like Gecko) Chrome/133.0.0.0 Safari/537.36"
158.69.117.34 - - [27/Jun/2026:01:59:00 +0330] "POST /wp-login.php HTTP/2" 200 3318 "https://mail.dorfakkhabar.ir/wp-login.php" "Mozilla/5.0 (Macintosh; Intel Mac OS X 14_7_4) AppleWebKit/537.36 (KHTML, like Gecko) Chrome/133.0.0.0 Safari/537.36"
66.249.72.130 - - [27/Jun/2026:02:00:03 +0330] "GET /?p=14721 HTTP/1.1" 404 8622 "-" "Mozilla/5.0 (Linux; Android 6.0.1; Nexus 5X Build/MMB29P) AppleWebKit/537.36 (KHTML, like Gecko) Chrome/148.0.7778.96 Mobile Safari/537.36 (compatible; Googlebot/2.1; +http://www.google.com/bot.html)"
163.172.78.108 - - [27/Jun/2026:02:00:48 +0330] "GET /wp-login.php HTTP/2" 200 3091 "-" "Mozilla/5.0 (Windows NT 10.0; Win64; x64) AppleWebKit/537.36 (KHTML, like Gecko) Chrome/133.0.0.0 Safari/537.36"
163.172.78.108 - - [27/Jun/2026:02:00:49 +0330] "POST /wp-login.php HTTP/2" 200 3241 "https://dorfakkhabar.ir/wp-login.php" "Mozilla/5.0 (Windows NT 10.0; Win64; x64) AppleWebKit/537.36 (KHTML, like Gecko) Chrome/133.0.0.0 Safari/537.36"
185.191.171.2 - - [27/Jun/2026:02:02:52 +0330] "GET /?cat=8&paged=5 HTTP/1.1" 404 9554 "-" "Mozilla/5.0 (compatible; SemrushBot/7~bl; +http://www.semrush.com/bot.html)"
158.69.117.34 - majidpress0911 [27/Jun/2026:02:02:58 +0330] "GET /wp-json/wp/v2/users/me HTTP/2" 301 0 "-" "Mozilla/5.0 (X11; Fedora; Linux x86_64) AppleWebKit/537.36 (KHTML, like Gecko) Chrome/133.0.0.0 Safari/537.36"
158.69.117.34 - - [27/Jun/2026:02:03:01 +0330] "GET /wp-json/wp/v2/users/me/ HTTP/2" 200 12238 "https://dorfakkhabar.ir/wp-json/wp/v2/users/me" "Mozilla/5.0 (X11; Fedora; Linux x86_64) AppleWebKit/537.36 (KHTML, like Gecko) Chrome/133.0.0.0 Safari/537.36"
185.191.171.16 - - [27/Jun/2026:02:04:34 +0330] "GET /?p=147 HTTP/1.1" 200 13503 "-" "Mozilla/5.0 (compatible; SemrushBot/7~bl; +http://www.semrush.com/bot.html)"
103.127.30.137 - - [27/Jun/2026:02:10:30 +0330] "GET /wp-login.php HTTP/2" 200 3091 "-" "Mozilla/5.0 (Macintosh; Intel Mac OS X 14_7_4) AppleWebKit/537.36 (KHTML, like Gecko) Chrome/133.0.0.0 Safari/537.36"
103.127.30.137 - - [27/Jun/2026:02:10:31 +0330] "POST /wp-login.php HTTP/2" 200 3318 "https://mail.dorfakkhabar.ir/wp-login.php" "Mozilla/5.0 (Macintosh; Intel Mac OS X 14_7_4) AppleWebKit/537.36 (KHTML, like Gecko) Chrome/133.0.0.0 Safari/537.36"
66.249.72.131 - - [27/Jun/2026:02:14:37 +0330] "GET /?p=44314 HTTP/1.1" 404 8623 "-" "Mozilla/5.0 (Linux; Android 6.0.1; Nexus 5X Build/MMB29P) AppleWebKit/537.36 (KHTML, like Gecko) Chrome/148.0.7778.96 Mobile Safari/537.36 (compatible; Googlebot/2.1; +http://www.google.com/bot.html)"
66.249.72.131 - - [27/Jun/2026:02:14:57 +0330] "GET /?p=33944 HTTP/1.1" 404 8623 "-" "Mozilla/5.0 (Linux; Android 6.0.1; Nexus 5X Build/MMB29P) AppleWebKit/537.36 (KHTML, like Gecko) Chrome/148.0.7778.96 Mobile Safari/537.36 (compatible; Googlebot/2.1; +http://www.google.com/bot.html)"
66.249.72.132 - - [27/Jun/2026:02:15:14 +0330] "GET /?p=48089 HTTP/1.1" 404 8623 "-" "Mozilla/5.0 (Linux; Android 6.0.1; Nexus 5X Build/MMB29P) AppleWebKit/537.36 (KHTML, like Gecko) Chrome/148.0.7778.96 Mobile Safari/537.36 (compatible; Googlebot/2.1; +http://www.google.com/bot.html)"
66.249.72.131 - - [27/Jun/2026:02:20:24 +0330] "GET /?p=25318 HTTP/1.1" 404 8623 "-" "Mozilla/5.0 (Linux; Android 6.0.1; Nexus 5X Build/MMB29P) AppleWebKit/537.36 (KHTML, like Gecko) Chrome/148.0.7778.96 Mobile Safari/537.36 (compatible; Googlebot/2.1; +http://www.google.com/bot.html)"
20.118.16.160 - - [27/Jun/2026:02:22:32 +0330] "GET /wp-login.php HTTP/2" 200 3091 "-" "Mozilla/5.0 (Windows NT 10.0; Win64; x64) AppleWebKit/537.36 (KHTML, like Gecko) Chrome/120.0.0.0 Safari/537.36"
20.118.16.160 - - [27/Jun/2026:02:22:33 +0330] "POST /wp-login.php HTTP/2" 200 3230 "https://mail.dorfakkhabar.ir/wp-login.php" "Mozilla/5.0 (Windows NT 10.0; Win64; x64) AppleWebKit/537.36 (KHTML, like Gecko) Chrome/120.0.0.0 Safari/537.36"
66.249.72.130 - - [27/Jun/2026:02:23:02 +0330] "GET /?p=36000 HTTP/1.1" 404 8622 "-" "Mozilla/5.0 (Linux; Android 6.0.1; Nexus 5X Build/MMB29P) AppleWebKit/537.36 (KHTML, like Gecko) Chrome/148.0.7778.96 Mobile Safari/537.36 (compatible; Googlebot/2.1; +http://www.google.com/bot.html)"
78.142.18.172 - - [27/Jun/2026:02:23:38 +0330] "GET /wp-login.php HTTP/2" 200 3091 "-" "Mozilla/5.0 (Macintosh; Intel Mac OS X 14_7_4) AppleWebKit/537.36 (KHTML, like Gecko) Chrome/133.0.0.0 Safari/537.36"
78.142.18.172 - - [27/Jun/2026:02:23:38 +0330] "POST /wp-login.php HTTP/2" 200 3318 "https://mail.dorfakkhabar.ir/wp-login.php" "Mozilla/5.0 (Macintosh; Intel Mac OS X 14_7_4) AppleWebKit/537.36 (KHTML, like Gecko) Chrome/133.0.0.0 Safari/537.36"
91.107.212.146 - - [27/Jun/2026:02:23:42 +0330] "GET /?feed=rss2 HTTP/1.1" 200 13348 "https://dorfakkhabar.ir/" "Mozilla/5.0 (X11; Linux x86_64) AppleWebKit/537.36 (KHTML, like Gecko) Chrome/93.0.4577.63 Safari/537.36"
66.249.72.131 - - [27/Jun/2026:02:23:47 +0330] "GET /?cat=3&paged=110 HTTP/1.1" 404 8623 "-" "Mozilla/5.0 (Linux; Android 6.0.1; Nexus 5X Build/MMB29P) AppleWebKit/537.36 (KHTML, like Gecko) Chrome/148.0.7778.96 Mobile Safari/537.36 (compatible; Googlebot/2.1; +http://www.google.com/bot.html)"
85.208.96.208 - - [27/Jun/2026:02:07:50 +0330] "GET /?cat=2&paged=36 HTTP/1.1" 404 9554 "-" "Mozilla/5.0 (compatible; SemrushBot/7~bl; +http://www.semrush.com/bot.html)"
185.191.171.17 - - [27/Jun/2026:02:09:57 +0330] "GET /?p=541 HTTP/1.1" 404 9554 "-" "Mozilla/5.0 (compatible; SemrushBot/7~bl; +http://www.semrush.com/bot.html)"
81.167.26.57 - - [27/Jun/2026:02:11:15 +0330] "GET /robots.txt HTTP/1.1" 200 72 "-" "Mozilla/5.0 (compatible; MJ12bot/v1.4.8; http://mj12bot.com/)"
81.167.26.57 - - [27/Jun/2026:02:11:17 +0330] "GET /?print=1 HTTP/1.1" 200 321 "-" "Mozilla/5.0 (compatible; MJ12bot/v1.4.8; http://mj12bot.com/)"
85.215.252.72 - - [27/Jun/2026:02:20:40 +0330] "GET /wp-login.php HTTP/2" 200 3081 "-" "Mozilla/5.0 (X11; Linux x86_64) AppleWebKit/537.36 (KHTML, like Gecko) Chrome/133.0.0.0 Safari/537.36 Edg/133.0.0.0"
85.215.252.72 - - [27/Jun/2026:02:20:41 +0330] "POST /wp-login.php HTTP/2" 200 3241 "https://mail.dorfakkhabar.ir/wp-login.php" "Mozilla/5.0 (X11; Linux x86_64) AppleWebKit/537.36 (KHTML, like Gecko) Chrome/133.0.0.0 Safari/537.36 Edg/133.0.0.0"
217.154.57.163 - - [27/Jun/2026:02:21:35 +0330] "GET /wp-login.php HTTP/2" 200 3091 "-" "Mozilla/5.0 (Windows NT 10.0; Win64; x64) AppleWebKit/537.36 (KHTML, like Gecko) Chrome/120.0.0.0 Safari/537.36"
217.154.57.163 - - [27/Jun/2026:02:21:35 +0330] "POST /wp-login.php HTTP/2" 200 3230 "https://dorfakkhabar.ir/wp-login.php" "Mozilla/5.0 (Windows NT 10.0; Win64; x64) AppleWebKit/537.36 (KHTML, like Gecko) Chrome/120.0.0.0 Safari/537.36"
85.208.96.210 - - [27/Jun/2026:02:22:01 +0330] "GET /?p=338 HTTP/1.1" 404 9548 "-" "Mozilla/5.0 (compatible; SemrushBot/7~bl; +http://www.semrush.com/bot.html)"
163.172.78.108 - - [27/Jun/2026:02:25:09 +0330] "GET /wp-login.php HTTP/2" 200 3091 "-" "Mozilla/5.0 (Macintosh; Intel Mac OS X 14_7_4) AppleWebKit/537.36 (KHTML, like Gecko) Chrome/133.0.0.0 Safari/537.36"
163.172.78.108 - - [27/Jun/2026:02:25:10 +0330] "POST /wp-login.php HTTP/2" 200 3230 "https://mail.dorfakkhabar.ir/wp-login.php" "Mozilla/5.0 (Macintosh; Intel Mac OS X 14_7_4) AppleWebKit/537.36 (KHTML, like Gecko) Chrome/133.0.0.0 Safari/537.36"
52.167.144.211 - - [27/Jun/2026:02:26:37 +0330] "GET /?p=14384 HTTP/2" 404 8623 "-" "Mozilla/5.0 AppleWebKit/537.36 (KHTML, like Gecko; compatible; bingbot/2.0; +http://www.bing.com/bingbot.htm) Chrome/116.0.1938.76 Safari/537.36"
198.46.211.159 - - [27/Jun/2026:02:29:25 +0330] "GET /wp-login.php HTTP/2" 200 3091 "-" "Mozilla/5.0 (Windows NT 10.0; Win64; x64) AppleWebKit/537.36 (KHTML, like Gecko) Chrome/120.0.0.0 Safari/537.36"
198.46.211.159 - - [27/Jun/2026:02:29:26 +0330] "POST /wp-login.php HTTP/2" 200 3241 "https://dorfakkhabar.ir/wp-login.php" "Mozilla/5.0 (Windows NT 10.0; Win64; x64) AppleWebKit/537.36 (KHTML, like Gecko) Chrome/120.0.0.0 Safari/537.36"
168.63.79.147 - - [27/Jun/2026:02:32:21 +0330] "GET /wp-login.php HTTP/2" 200 3091 "-" "Mozilla/5.0 (Macintosh; Intel Mac OS X 14_7_4) AppleWebKit/537.36 (KHTML, like Gecko) Chrome/133.0.0.0 Safari/537.36"
168.63.79.147 - - [27/Jun/2026:02:32:22 +0330] "POST /wp-login.php HTTP/2" 200 3241 "https://mail.dorfakkhabar.ir/wp-login.php" "Mozilla/5.0 (Macintosh; Intel Mac OS X 14_7_4) AppleWebKit/537.36 (KHTML, like Gecko) Chrome/133.0.0.0 Safari/537.36"
185.191.171.12 - - [27/Jun/2026:02:24:55 +0330] "GET /?p=156 HTTP/1.1" 200 11155 "-" "Mozilla/5.0 (compatible; SemrushBot/7~bl; +http://www.semrush.com/bot.html)"
66.249.72.131 - - [27/Jun/2026:02:27:54 +0330] "GET /?p=26897 HTTP/1.1" 404 8623 "-" "Mozilla/5.0 (Linux; Android 6.0.1; Nexus 5X Build/MMB29P) AppleWebKit/537.36 (KHTML, like Gecko) Chrome/148.0.7778.96 Mobile Safari/537.36 (compatible; Googlebot/2.1; +http://www.google.com/bot.html)"
124.156.212.23 - - [27/Jun/2026:02:35:29 +0330] "GET /wp-login.php HTTP/2" 200 3081 "-" "Mozilla/5.0 (X11; CrOS x86_64 14541.0.0) AppleWebKit/537.36 (KHTML, like Gecko) Chrome/133.0.0.0 Safari/537.36"
124.156.212.23 - - [27/Jun/2026:02:35:33 +0330] "POST /wp-login.php HTTP/2" 200 3230 "https://mail.dorfakkhabar.ir/wp-login.php" "Mozilla/5.0 (X11; CrOS x86_64 14541.0.0) AppleWebKit/537.36 (KHTML, like Gecko) Chrome/133.0.0.0 Safari/537.36"
66.249.72.130 - - [27/Jun/2026:02:36:48 +0330] "GET /?p=46584 HTTP/1.1" 404 8623 "-" "Mozilla/5.0 (Linux; Android 6.0.1; Nexus 5X Build/MMB29P) AppleWebKit/537.36 (KHTML, like Gecko) Chrome/148.0.7778.96 Mobile Safari/537.36 (compatible; Googlebot/2.1; +http://www.google.com/bot.html)"
66.249.72.130 - - [27/Jun/2026:02:39:27 +0330] "GET /?p=46949 HTTP/1.1" 404 8623 "-" "Mozilla/5.0 (Linux; Android 6.0.1; Nexus 5X Build/MMB29P) AppleWebKit/537.36 (KHTML, like Gecko) Chrome/148.0.7778.96 Mobile Safari/537.36 (compatible; Googlebot/2.1; +http://www.google.com/bot.html)"
162.55.31.215 - - [27/Jun/2026:02:40:53 +0330] "GET /wp-login.php HTTP/2" 200 3091 "-" "Mozilla/5.0 (Windows NT 10.0; Win64; x64) AppleWebKit/537.36 (KHTML, like Gecko) Chrome/133.0.0.0 Safari/537.36 Edg/133.0.0.0"
162.55.31.215 - - [27/Jun/2026:02:40:54 +0330] "POST /wp-login.php HTTP/2" 200 3241 "https://mail.dorfakkhabar.ir/wp-login.php" "Mozilla/5.0 (Windows NT 10.0; Win64; x64) AppleWebKit/537.36 (KHTML, like Gecko) Chrome/133.0.0.0 Safari/537.36 Edg/133.0.0.0"
104.244.124.135 - - [27/Jun/2026:02:41:06 +0330] "GET /wp-login.php HTTP/2" 200 3091 "-" "Mozilla/5.0 (Windows NT 10.0; WOW64) AppleWebKit/537.36 (KHTML, like Gecko) Chrome/133.0.0.0 Safari/537.36"
104.244.124.135 - - [27/Jun/2026:02:41:07 +0330] "POST /wp-login.php HTTP/2" 200 3240 "https://dorfakkhabar.ir/wp-login.php" "Mozilla/5.0 (Windows NT 10.0; WOW64) AppleWebKit/537.36 (KHTML, like Gecko) Chrome/133.0.0.0 Safari/537.36"
66.249.72.132 - - [27/Jun/2026:02:33:38 +0330] "GET /?p=17022 HTTP/1.1" 404 8622 "-" "Mozilla/5.0 (Linux; Android 6.0.1; Nexus 5X Build/MMB29P) AppleWebKit/537.36 (KHTML, like Gecko) Chrome/148.0.7778.96 Mobile Safari/537.36 (compatible; Googlebot/2.1; +http://www.google.com/bot.html)"
104.244.124.135 - - [27/Jun/2026:02:34:29 +0330] "GET /wp-login.php HTTP/2" 200 3091 "-" "Mozilla/5.0 (Windows NT 10.0; Win64; x64; rv:133.0) Gecko/20100101 Firefox/133.0"
104.244.124.135 - - [27/Jun/2026:02:34:30 +0330] "POST /wp-login.php HTTP/2" 200 3241 "https://dorfakkhabar.ir/wp-login.php" "Mozilla/5.0 (Windows NT 10.0; Win64; x64; rv:133.0) Gecko/20100101 Firefox/133.0"
66.249.72.130 - - [27/Jun/2026:02:34:34 +0330] "GET /?p=45822 HTTP/1.1" 404 8622 "-" "Mozilla/5.0 (Linux; Android 6.0.1; Nexus 5X Build/MMB29P) AppleWebKit/537.36 (KHTML, like Gecko) Chrome/148.0.7778.96 Mobile Safari/537.36 (compatible; Googlebot/2.1; +http://www.google.com/bot.html)"
104.244.124.135 - - [27/Jun/2026:02:34:48 +0330] "GET /wp-login.php HTTP/2" 200 3091 "-" "Mozilla/5.0 (Macintosh; Intel Mac OS X 14_7_4) AppleWebKit/537.36 (KHTML, like Gecko) Chrome/133.0.0.0 Safari/537.36"
104.244.124.135 - - [27/Jun/2026:02:34:49 +0330] "POST /wp-login.php HTTP/2" 200 3308 "https://mail.dorfakkhabar.ir/wp-login.php" "Mozilla/5.0 (Macintosh; Intel Mac OS X 14_7_4) AppleWebKit/537.36 (KHTML, like Gecko) Chrome/133.0.0.0 Safari/537.36"
93.115.150.27 - - [27/Jun/2026:02:35:06 +0330] "GET / HTTP/1.1" 200 14516 "-" "Python/3.11 aiohttp/3.9.2"
103.166.182.186 - - [27/Jun/2026:02:39:25 +0330] "GET /wp-login.php HTTP/2" 200 3091 "-" "Mozilla/5.0 (Macintosh; Intel Mac OS X 14_7_4) AppleWebKit/537.36 (KHTML, like Gecko) Chrome/133.0.0.0 Safari/537.36"
103.166.182.186 - - [27/Jun/2026:02:39:27 +0330] "POST /wp-login.php HTTP/2" 200 3229 "https://mail.dorfakkhabar.ir/wp-login.php" "Mozilla/5.0 (Macintosh; Intel Mac OS X 14_7_4) AppleWebKit/537.36 (KHTML, like Gecko) Chrome/133.0.0.0 Safari/537.36"
163.172.78.108 - - [27/Jun/2026:02:40:15 +0330] "GET /wp-login.php HTTP/2" 200 3091 "-" "Mozilla/5.0 (Macintosh; Intel Mac OS X 10_15_7) AppleWebKit/605.1.15 (KHTML, like Gecko) Version/18.3 Safari/605.1.15"
163.172.78.108 - - [27/Jun/2026:02:40:16 +0330] "POST /wp-login.php HTTP/2" 200 3230 "https://mail.dorfakkhabar.ir/wp-login.php" "Mozilla/5.0 (Macintosh; Intel Mac OS X 10_15_7) AppleWebKit/605.1.15 (KHTML, like Gecko) Version/18.3 Safari/605.1.15"
66.249.72.132 - - [27/Jun/2026:02:40:24 +0330] "GET /?p=56148 HTTP/1.1" 404 8623 "-" "Mozilla/5.0 (Linux; Android 6.0.1; Nexus 5X Build/MMB29P) AppleWebKit/537.36 (KHTML, like Gecko) Chrome/148.0.7778.96 Mobile Safari/537.36 (compatible; Googlebot/2.1; +http://www.google.com/bot.html)"
172.213.21.29 - - [27/Jun/2026:02:45:32 +0330] "GET /?p=14548 HTTP/2" 404 8623 "-" "Mozilla/5.0 AppleWebKit/537.36 (KHTML, like Gecko); compatible; ChatGPT-User/1.0; +https://openai.com/bot"
85.215.252.72 - - [27/Jun/2026:02:47:22 +0330] "GET /wp-login.php HTTP/2" 200 3091 "-" "Mozilla/5.0 (X11; Linux x86_64) AppleWebKit/537.36 (KHTML, like Gecko) Chrome/133.0.0.0 Safari/537.36 Edg/133.0.0.0"
85.215.252.72 - - [27/Jun/2026:02:47:23 +0330] "POST /wp-login.php HTTP/2" 200 3241 "https://mail.dorfakkhabar.ir/wp-login.php" "Mozilla/5.0 (X11; Linux x86_64) AppleWebKit/537.36 (KHTML, like Gecko) Chrome/133.0.0.0 Safari/537.36 Edg/133.0.0.0"
198.57.247.251 - - [27/Jun/2026:02:48:15 +0330] "GET /wp-login.php HTTP/2" 200 3091 "-" "Mozilla/5.0 (Windows NT 10.0; Win64; x64) AppleWebKit/537.36 (KHTML, like Gecko) Chrome/120.0.0.0 Safari/537.36"
