106.192.104.239 - - [27/Jun/2026:08:43:22 +0330] "POST /xmlrpc.php HTTP/1.1" 200 52308 "-" "Jetpack by WordPress.com"
106.192.104.239 - - [27/Jun/2026:08:43:33 +0330] "POST /xmlrpc.php HTTP/1.1" 200 52308 "-" "Jetpack by WordPress.com"
106.192.104.239 - - [27/Jun/2026:08:43:44 +0330] "POST /xmlrpc.php HTTP/1.1" 200 52308 "-" "WordPress.com; https://wordpress.com"
106.192.104.239 - - [27/Jun/2026:08:43:55 +0330] "POST /xmlrpc.php HTTP/1.1" 200 52308 "-" "Jetpack by WordPress.com"
164.52.120.11 - - [27/Jun/2026:08:43:57 +0330] "GET /wp-content/uploads/2019/04/PhotoGrid_1555001951744-136x78.jpg HTTP/1.1" 200 4316 "-" "Mozilla/5.0 (Windows NT 10.0; Win64; x64) AppleWebKit/537.36 (KHTML, like Gecko) Chrome/133.0.6943.141 Safari/537.36"
135.148.171.117 - - [27/Jun/2026:08:43:59 +0330] "GET /wp-login.php HTTP/2" 200 3383 "-" "Mozilla/5.0 (Macintosh; Intel Mac OS X 10_15_7) AppleWebKit/537.36 (KHTML, like Gecko) Chrome/133.0.0.0 Safari/537.36 Edg/133.0.0.0"
135.148.171.117 - - [27/Jun/2026:08:44:00 +0330] "POST /wp-login.php HTTP/2" 200 1469 "https://dorfakkhabar.ir/wp-login.php" "Mozilla/5.0 (Macintosh; Intel Mac OS X 10_15_7) AppleWebKit/537.36 (KHTML, like Gecko) Chrome/133.0.0.0 Safari/537.36 Edg/133.0.0.0"
106.192.104.239 - - [27/Jun/2026:08:44:05 +0330] "POST /xmlrpc.php HTTP/1.1" 200 52308 "-" "Jetpack by WordPress.com (Jetpack 13.0; WordPress 6.3)"
164.52.120.5 - - [27/Jun/2026:08:44:12 +0330] "GET /wp-content/uploads/2019/04/PhotoGrid_1555001951744-136x78.jpg HTTP/1.1" 200 4340 "-" "Mozilla/5.0 (Windows NT 10.0; Win64; x64) AppleWebKit/537.36 (KHTML, like Gecko) Chrome/133.0.6943.141 Safari/537.36"
106.192.104.239 - - [27/Jun/2026:08:44:16 +0330] "POST /xmlrpc.php HTTP/1.1" 200 52308 "-" "Jetpack by WordPress.com (Jetpack 12.1; WordPress 6.1)"
106.192.104.239 - - [27/Jun/2026:08:44:27 +0330] "POST /xmlrpc.php HTTP/1.1" 200 52308 "-" "Jetpack/12.5; WordPress/6.2; http://site33114125.com"
106.192.104.239 - - [27/Jun/2026:08:44:38 +0330] "POST /xmlrpc.php HTTP/1.1" 200 52308 "-" "WordPress.com; https://wordpress.com"
106.192.104.239 - - [27/Jun/2026:08:44:49 +0330] "POST /xmlrpc.php HTTP/1.1" 200 52308 "-" "Jetpack by WordPress.com (Jetpack 12.5; WordPress 6.2)"
106.192.104.239 - - [27/Jun/2026:08:45:00 +0330] "POST /xmlrpc.php HTTP/1.1" 200 52308 "-" "Jetpack by WordPress.com"
106.192.104.239 - - [27/Jun/2026:08:45:11 +0330] "POST /xmlrpc.php HTTP/1.1" 403 787 "-" "Jetpack/12.0; WordPress/6.1; http://site91292364.com"
66.249.72.131 - - [27/Jun/2026:08:45:12 +0330] "GET /?p=48342?print=1 HTTP/1.1" 200 3361 "-" "Mozilla/5.0 (Linux; Android 6.0.1; Nexus 5X Build/MMB29P) AppleWebKit/537.36 (KHTML, like Gecko) Chrome/148.0.7778.96 Mobile Safari/537.36 (compatible; Googlebot/2.1; +http://www.google.com/bot.html)"
106.192.104.239 - - [27/Jun/2026:08:45:21 +0330] "POST /xmlrpc.php HTTP/1.1" 403 787 "-" "WordPress.com; https://wordpress.com"
106.192.104.239 - - [27/Jun/2026:08:45:32 +0330] "POST /xmlrpc.php HTTP/1.1" 403 787 "-" "WordPress.com; https://wordpress.com"
66.249.72.130 - - [27/Jun/2026:08:45:41 +0330] "GET /?p=38833 HTTP/1.1" 200 3363 "-" "Mozilla/5.0 (Linux; Android 6.0.1; Nexus 5X Build/MMB29P) AppleWebKit/537.36 (KHTML, like Gecko) Chrome/148.0.7778.96 Mobile Safari/537.36 (compatible; Googlebot/2.1; +http://www.google.com/bot.html)"
106.192.104.239 - - [27/Jun/2026:08:45:43 +0330] "POST /xmlrpc.php HTTP/1.1" 403 787 "-" "WordPress.com; https://wordpress.com"
106.192.104.239 - - [27/Jun/2026:08:45:54 +0330] "POST /xmlrpc.php HTTP/1.1" 403 787 "-" "WordPress.com; https://wordpress.com"
106.192.104.239 - - [27/Jun/2026:08:46:05 +0330] "POST /xmlrpc.php HTTP/1.1" 403 787 "-" "Jetpack by WordPress.com"
66.249.72.132 - - [27/Jun/2026:08:46:14 +0330] "GET /?p=40400 HTTP/1.1" 200 3464 "-" "Mozilla/5.0 (Linux; Android 6.0.1; Nexus 5X Build/MMB29P) AppleWebKit/537.36 (KHTML, like Gecko) Chrome/148.0.7778.96 Mobile Safari/537.36 (compatible; Googlebot/2.1; +http://www.google.com/bot.html)"
106.192.104.239 - - [27/Jun/2026:08:46:15 +0330] "POST /xmlrpc.php HTTP/1.1" 403 787 "-" "WordPress.com; https://wordpress.com"
106.192.104.239 - - [27/Jun/2026:08:46:26 +0330] "POST /xmlrpc.php HTTP/1.1" 403 787 "-" "WordPress.com; https://wordpress.com"
106.192.104.239 - - [27/Jun/2026:08:46:37 +0330] "POST /xmlrpc.php HTTP/1.1" 403 787 "-" "Jetpack by WordPress.com"
106.192.104.239 - - [27/Jun/2026:08:46:48 +0330] "POST /xmlrpc.php HTTP/1.1" 200 52308 "-" "WordPress.com; https://wordpress.com"
106.192.104.239 - - [27/Jun/2026:08:46:59 +0330] "POST /xmlrpc.php HTTP/1.1" 403 787 "-" "Jetpack by WordPress.com (Jetpack 12.1; WordPress 6.4)"
106.192.104.239 - - [27/Jun/2026:08:47:10 +0330] "POST /xmlrpc.php HTTP/1.1" 403 787 "-" "WordPress.com; https://wordpress.com"
106.192.104.239 - - [27/Jun/2026:08:47:20 +0330] "POST /xmlrpc.php HTTP/1.1" 403 787 "-" "Jetpack by WordPress.com"
106.192.104.239 - - [27/Jun/2026:08:47:31 +0330] "POST /xmlrpc.php HTTP/1.1" 403 787 "-" "WordPress.com; https://wordpress.com"
106.192.104.239 - - [27/Jun/2026:08:47:42 +0330] "POST /xmlrpc.php HTTP/1.1" 403 787 "-" "Jetpack by WordPress.com (Jetpack 12.0; WordPress 6.4)"
106.192.104.239 - - [27/Jun/2026:08:47:53 +0330] "POST /xmlrpc.php HTTP/1.1" 403 787 "-" "WordPress.com; https://wordpress.com"
66.249.72.130 - - [27/Jun/2026:08:47:53 +0330] "GET /?p=17309 HTTP/1.1" 200 3374 "-" "Mozilla/5.0 (Linux; Android 6.0.1; Nexus 5X Build/MMB29P) AppleWebKit/537.36 (KHTML, like Gecko) Chrome/148.0.7778.96 Mobile Safari/537.36 (compatible; Googlebot/2.1; +http://www.google.com/bot.html)"
106.192.104.239 - - [27/Jun/2026:08:48:03 +0330] "POST /xmlrpc.php HTTP/1.1" 403 787 "-" "Jetpack by WordPress.com"
106.192.104.239 - - [27/Jun/2026:08:48:14 +0330] "POST /xmlrpc.php HTTP/1.1" 403 787 "-" "Jetpack by WordPress.com"
106.192.104.239 - - [27/Jun/2026:08:48:25 +0330] "POST /xmlrpc.php HTTP/1.1" 403 787 "-" "Jetpack/13.0; WordPress/6.1; http://site19366659.com"
106.192.104.239 - - [27/Jun/2026:08:48:36 +0330] "POST /xmlrpc.php HTTP/1.1" 403 787 "-" "Jetpack by WordPress.com (Jetpack 13.0; WordPress 6.3)"
66.249.72.131 - - [27/Jun/2026:08:44:48 +0330] "GET /?p=56333 HTTP/1.1" 200 3361 "-" "Mozilla/5.0 (Linux; Android 6.0.1; Nexus 5X Build/MMB29P) AppleWebKit/537.36 (KHTML, like Gecko) Chrome/148.0.7778.96 Mobile Safari/537.36 (compatible; Googlebot/2.1; +http://www.google.com/bot.html)"
66.249.72.131 - - [27/Jun/2026:08:44:51 +0330] "GET /?p=55973 HTTP/1.1" 200 3343 "-" "Mozilla/5.0 (Linux; Android 6.0.1; Nexus 5X Build/MMB29P) AppleWebKit/537.36 (KHTML, like Gecko) Chrome/148.0.7778.96 Mobile Safari/537.36 (compatible; Googlebot/2.1; +http://www.google.com/bot.html)"
192.185.4.92 - - [27/Jun/2026:08:45:03 +0330] "GET /wp-login.php HTTP/2" 200 3420 "-" "Mozilla/5.0 (Macintosh; Intel Mac OS X 14_7_4) AppleWebKit/537.36 (KHTML, like Gecko) Chrome/133.0.0.0 Safari/537.36"
192.185.4.92 - - [27/Jun/2026:08:45:04 +0330] "POST /wp-login.php HTTP/2" 200 1480 "https://mail.dorfakkhabar.ir/wp-login.php" "Mozilla/5.0 (Macintosh; Intel Mac OS X 14_7_4) AppleWebKit/537.36 (KHTML, like Gecko) Chrome/133.0.0.0 Safari/537.36"
54.37.252.229 - - [27/Jun/2026:08:46:15 +0330] "GET /robots.txt HTTP/1.1" 200 72 "-" "Mozilla/5.0 (compatible; MJ12bot/v1.4.8; http://mj12bot.com/)"
54.37.252.229 - - [27/Jun/2026:08:46:16 +0330] "GET /?print=1 HTTP/1.1" 200 3343 "-" "Mozilla/5.0 (compatible; MJ12bot/v1.4.8; http://mj12bot.com/)"
66.249.72.131 - - [27/Jun/2026:08:47:26 +0330] "GET /?p=44661 HTTP/1.1" 200 3412 "-" "Mozilla/5.0 (Linux; Android 6.0.1; Nexus 5X Build/MMB29P) AppleWebKit/537.36 (KHTML, like Gecko) Chrome/148.0.7778.96 Mobile Safari/537.36 (compatible; Googlebot/2.1; +http://www.google.com/bot.html)"
103.75.185.95 - - [27/Jun/2026:08:47:29 +0330] "GET /wp-login.php HTTP/2" 200 3360 "-" "Mozilla/5.0 (X11; Linux x86_64) AppleWebKit/537.36 (KHTML, like Gecko) Chrome/133.0.0.0 Safari/537.36"
103.75.185.95 - - [27/Jun/2026:08:47:30 +0330] "POST /wp-login.php HTTP/2" 200 1469 "https://mail.dorfakkhabar.ir/wp-login.php" "Mozilla/5.0 (X11; Linux x86_64) AppleWebKit/537.36 (KHTML, like Gecko) Chrome/133.0.0.0 Safari/537.36"
66.249.72.132 - - [27/Jun/2026:08:48:35 +0330] "GET /?p=42451 HTTP/1.1" 200 3363 "-" "Mozilla/5.0 (Linux; Android 6.0.1; Nexus 5X Build/MMB29P) AppleWebKit/537.36 (KHTML, like Gecko) Chrome/148.0.7778.96 Mobile Safari/537.36 (compatible; Googlebot/2.1; +http://www.google.com/bot.html)"
66.249.72.131 - - [27/Jun/2026:08:49:05 +0330] "GET /?cat=5&paged=8 HTTP/1.1" 200 3373 "-" "Mozilla/5.0 (Linux; Android 6.0.1; Nexus 5X Build/MMB29P) AppleWebKit/537.36 (KHTML, like Gecko) Chrome/148.0.7778.96 Mobile Safari/537.36 (compatible; Googlebot/2.1; +http://www.google.com/bot.html)"
106.192.104.239 - - [27/Jun/2026:08:48:47 +0330] "POST /xmlrpc.php HTTP/1.1" 403 787 "-" "Jetpack by WordPress.com (Jetpack 12.0; WordPress 6.4)"
106.192.104.239 - - [27/Jun/2026:08:48:58 +0330] "POST /xmlrpc.php HTTP/1.1" 403 787 "-" "Jetpack/12.0; WordPress/6.3; http://site64918243.com"
106.192.104.239 - - [27/Jun/2026:08:49:08 +0330] "POST /xmlrpc.php HTTP/1.1" 403 787 "-" "Jetpack/12.1; WordPress/6.2; http://site83944356.com"
106.192.104.239 - - [27/Jun/2026:08:49:19 +0330] "POST /xmlrpc.php HTTP/1.1" 403 787 "-" "Jetpack by WordPress.com"
106.192.104.239 - - [27/Jun/2026:08:49:30 +0330] "POST /xmlrpc.php HTTP/1.1" 403 787 "-" "Jetpack by WordPress.com"
66.249.72.131 - - [27/Jun/2026:08:49:36 +0330] "GET /?p=25095 HTTP/1.1" 200 3361 "-" "Mozilla/5.0 (Linux; Android 6.0.1; Nexus 5X Build/MMB29P) AppleWebKit/537.36 (KHTML, like Gecko) Chrome/148.0.7778.96 Mobile Safari/537.36 (compatible; Googlebot/2.1; +http://www.google.com/bot.html)"
106.192.104.239 - - [27/Jun/2026:08:49:41 +0330] "POST /xmlrpc.php HTTP/1.1" 403 787 "-" "WordPress.com; https://wordpress.com"
106.192.104.239 - - [27/Jun/2026:08:49:52 +0330] "POST /xmlrpc.php HTTP/1.1" 403 787 "-" "Jetpack by WordPress.com (Jetpack 12.5; WordPress 6.2)"
106.192.104.239 - - [27/Jun/2026:08:50:03 +0330] "POST /xmlrpc.php HTTP/1.1" 403 787 "-" "Jetpack by WordPress.com"
106.192.104.239 - - [27/Jun/2026:08:50:14 +0330] "POST /xmlrpc.php HTTP/1.1" 403 787 "-" "WordPress.com; https://wordpress.com"
106.192.104.239 - - [27/Jun/2026:08:50:24 +0330] "POST /xmlrpc.php HTTP/1.1" 403 787 "-" "Jetpack by WordPress.com (Jetpack 12.1; WordPress 6.3)"
106.192.104.239 - - [27/Jun/2026:08:50:35 +0330] "POST /xmlrpc.php HTTP/1.1" 403 787 "-" "Jetpack by WordPress.com (Jetpack 12.1; WordPress 6.4)"
106.192.104.239 - - [27/Jun/2026:08:50:46 +0330] "POST /xmlrpc.php HTTP/1.1" 403 787 "-" "Jetpack/12.0; WordPress/6.1; http://site11604407.com"
106.192.104.239 - - [27/Jun/2026:08:50:57 +0330] "POST /xmlrpc.php HTTP/1.1" 403 787 "-" "Jetpack by WordPress.com (Jetpack 12.1; WordPress 6.1)"
106.192.104.239 - - [27/Jun/2026:08:51:07 +0330] "POST /xmlrpc.php HTTP/1.1" 403 787 "-" "Jetpack/12.0; WordPress/6.4; http://site50890968.com"
106.192.104.239 - - [27/Jun/2026:08:51:18 +0330] "POST /xmlrpc.php HTTP/1.1" 403 787 "-" "WordPress.com; https://wordpress.com"
106.192.104.239 - - [27/Jun/2026:08:51:29 +0330] "POST /xmlrpc.php HTTP/1.1" 403 787 "-" "Jetpack/12.5; WordPress/6.3; http://site36251650.com"
106.192.104.239 - - [27/Jun/2026:08:51:39 +0330] "POST /xmlrpc.php HTTP/1.1" 403 787 "-" "Jetpack by WordPress.com"
106.192.104.239 - - [27/Jun/2026:08:51:50 +0330] "POST /xmlrpc.php HTTP/1.1" 403 787 "-" "Jetpack/12.5; WordPress/6.3; http://site39128793.com"
106.192.104.239 - - [27/Jun/2026:08:52:01 +0330] "POST /xmlrpc.php HTTP/1.1" 403 787 "-" "Jetpack/13.0; WordPress/6.1; http://site34654010.com"
106.192.104.239 - - [27/Jun/2026:08:52:12 +0330] "POST /xmlrpc.php HTTP/1.1" 403 787 "-" "Jetpack/12.1; WordPress/6.3; http://site50840241.com"
106.192.104.239 - - [27/Jun/2026:08:52:22 +0330] "POST /xmlrpc.php HTTP/1.1" 403 787 "-" "WordPress.com; https://wordpress.com"
106.192.104.239 - - [27/Jun/2026:08:52:33 +0330] "POST /xmlrpc.php HTTP/1.1" 403 787 "-" "WordPress.com; https://wordpress.com"
106.192.104.239 - - [27/Jun/2026:08:52:44 +0330] "POST /xmlrpc.php HTTP/1.1" 403 787 "-" "Jetpack by WordPress.com"
104.28.163.26 - - [27/Jun/2026:08:52:44 +0330] "GET /wp-content/plugins/wp-file-manager/file_folder_manager.php HTTP/1.1" 200 20132 "-" "Mozilla/5.0 (X11; Linux x86_64) AppleWebKit/537.36 (KHTML, like Gecko) Chrome/84.0.4147.105 Safari/537.36 OPR/70.0.3728.95"
104.28.163.26 - - [27/Jun/2026:08:52:46 +0330] "POST /wp-content/plugins/wp-file-manager/file_folder_manager.php HTTP/1.1" 403 787 "https://dorfakkhabar.ir/wp-content/plugins/wp-file-manager/file_folder_manager.php" "Mozilla/5.0 (X11; Linux x86_64) AppleWebKit/537.36 (KHTML, like Gecko) Chrome/84.0.4147.105 Safari/537.36 OPR/70.0.3728.95"
104.28.163.26 - - [27/Jun/2026:08:52:50 +0330] "POST /wp-content/plugins/wp-file-manager/file_folder_manager.php HTTP/1.1" 403 787 "https://dorfakkhabar.ir/wp-content/plugins/wp-file-manager/file_folder_manager.php" "Mozilla/5.0 (Windows NT 10.0; Win64; x64) AppleWebKit/537.36 (KHTML, like Gecko) Chrome/79.0.3945.79 Safari/537.36"
106.192.104.239 - - [27/Jun/2026:08:52:55 +0330] "POST /xmlrpc.php HTTP/1.1" 403 787 "-" "WordPress.com; https://wordpress.com"
106.192.104.239 - - [27/Jun/2026:08:53:06 +0330] "POST /xmlrpc.php HTTP/1.1" 403 787 "-" "WordPress.com; https://wordpress.com"
106.192.104.239 - - [27/Jun/2026:08:53:17 +0330] "POST /xmlrpc.php HTTP/1.1" 403 787 "-" "Jetpack/12.5; WordPress/6.3; http://site38213566.com"
106.192.104.239 - - [27/Jun/2026:08:53:28 +0330] "POST /xmlrpc.php HTTP/1.1" 403 787 "-" "Jetpack by WordPress.com (Jetpack 13.0; WordPress 6.3)"
106.192.104.239 - - [27/Jun/2026:08:53:38 +0330] "POST /xmlrpc.php HTTP/1.1" 403 787 "-" "Jetpack/13.0; WordPress/6.2; http://site72809168.com"
106.192.104.239 - - [27/Jun/2026:08:53:49 +0330] "POST /xmlrpc.php HTTP/1.1" 403 787 "-" "Jetpack by WordPress.com"
160.16.96.171 - - [27/Jun/2026:08:53:49 +0330] "GET /wp-login.php HTTP/2" 200 3438 "-" "Mozilla/5.0 (X11; Fedora; Linux x86_64) AppleWebKit/537.36 (KHTML, like Gecko) Chrome/133.0.0.0 Safari/537.36"
160.16.96.171 - - [27/Jun/2026:08:53:50 +0330] "POST /wp-login.php HTTP/2" 200 1470 "https://dorfakkhabar.ir/wp-login.php" "Mozilla/5.0 (X11; Fedora; Linux x86_64) AppleWebKit/537.36 (KHTML, like Gecko) Chrome/133.0.0.0 Safari/537.36"
106.192.104.239 - - [27/Jun/2026:08:54:00 +0330] "POST /xmlrpc.php HTTP/1.1" 403 787 "-" "WordPress.com; https://wordpress.com"
106.192.104.239 - - [27/Jun/2026:08:54:11 +0330] "POST /xmlrpc.php HTTP/1.1" 403 787 "-" "Jetpack by WordPress.com (Jetpack 12.5; WordPress 6.2)"
155.254.17.105 - - [27/Jun/2026:08:54:15 +0330] "GET /wp-login.php HTTP/2" 200 3375 "-" "Mozilla/5.0 (Macintosh; Intel Mac OS X 10_15_7) AppleWebKit/605.1.15 (KHTML, like Gecko) Version/18.3 Safari/605.1.15"
155.254.17.105 - - [27/Jun/2026:08:54:16 +0330] "POST /wp-login.php HTTP/2" 200 1464 "https://mail.dorfakkhabar.ir/wp-login.php" "Mozilla/5.0 (Macintosh; Intel Mac OS X 10_15_7) AppleWebKit/605.1.15 (KHTML, like Gecko) Version/18.3 Safari/605.1.15"
106.192.104.239 - - [27/Jun/2026:08:54:22 +0330] "POST /xmlrpc.php HTTP/1.1" 403 787 "-" "Jetpack by WordPress.com (Jetpack 12.0; WordPress 6.4)"
106.192.104.239 - - [27/Jun/2026:08:54:33 +0330] "POST /xmlrpc.php HTTP/1.1" 403 787 "-" "Jetpack/12.5; WordPress/6.1; http://site26330115.com"
106.192.104.239 - - [27/Jun/2026:08:54:44 +0330] "POST /xmlrpc.php HTTP/1.1" 403 787 "-" "WordPress.com; https://wordpress.com"
66.249.72.131 - - [27/Jun/2026:08:54:48 +0330] "GET /?p=30490 HTTP/1.1" 200 3372 "-" "Mozilla/5.0 (Linux; Android 6.0.1; Nexus 5X Build/MMB29P) AppleWebKit/537.36 (KHTML, like Gecko) Chrome/148.0.7778.96 Mobile Safari/537.36 (compatible; Googlebot/2.1; +http://www.google.com/bot.html)"
106.192.104.239 - - [27/Jun/2026:08:54:54 +0330] "POST /xmlrpc.php HTTP/1.1" 403 787 "-" "Jetpack by WordPress.com (Jetpack 12.0; WordPress 6.1)"
157.55.39.7 - - [27/Jun/2026:08:54:55 +0330] "GET /?p=41505 HTTP/2" 200 3402 "-" "Mozilla/5.0 AppleWebKit/537.36 (KHTML, like Gecko; compatible; bingbot/2.0; +http://www.bing.com/bingbot.htm) Chrome/116.0.1938.76 Safari/537.36"
106.192.104.239 - - [27/Jun/2026:08:55:05 +0330] "POST /xmlrpc.php HTTP/1.1" 403 787 "-" "Jetpack by WordPress.com (Jetpack 12.1; WordPress 6.2)"
106.192.104.239 - - [27/Jun/2026:08:55:16 +0330] "POST /xmlrpc.php HTTP/1.1" 403 787 "-" "Jetpack by WordPress.com (Jetpack 12.5; WordPress 6.2)"
106.192.104.239 - - [27/Jun/2026:08:55:27 +0330] "POST /xmlrpc.php HTTP/1.1" 403 787 "-" "WordPress.com; https://wordpress.com"
106.192.104.239 - - [27/Jun/2026:08:55:38 +0330] "POST /xmlrpc.php HTTP/1.1" 403 787 "-" "WordPress.com; https://wordpress.com"
106.192.104.239 - - [27/Jun/2026:08:55:49 +0330] "POST /xmlrpc.php HTTP/1.1" 403 787 "-" "WordPress.com; https://wordpress.com"
106.192.104.239 - - [27/Jun/2026:08:56:00 +0330] "POST /xmlrpc.php HTTP/1.1" 403 787 "-" "Jetpack by WordPress.com"
106.192.104.239 - - [27/Jun/2026:08:56:10 +0330] "POST /xmlrpc.php HTTP/1.1" 403 787 "-" "WordPress.com; https://wordpress.com"
106.192.104.239 - - [27/Jun/2026:08:56:21 +0330] "POST /xmlrpc.php HTTP/1.1" 403 787 "-" "Jetpack by WordPress.com"
203.6.210.250 - - [27/Jun/2026:08:56:25 +0330] "POST /xmlrpc.php HTTP/1.1" 200 52306 "-" "WordPress.com; https://wordpress.com"
106.192.104.239 - - [27/Jun/2026:08:56:32 +0330] "POST /xmlrpc.php HTTP/1.1" 403 787 "-" "Jetpack by WordPress.com"
106.192.104.239 - - [27/Jun/2026:08:56:43 +0330] "POST /xmlrpc.php HTTP/1.1" 403 787 "-" "Jetpack/12.0; WordPress/6.1; http://site22424465.com"
106.192.104.239 - - [27/Jun/2026:08:56:54 +0330] "POST /xmlrpc.php HTTP/1.1" 403 787 "-" "Jetpack by WordPress.com (Jetpack 13.0; WordPress 6.1)"
106.192.104.239 - - [27/Jun/2026:08:57:04 +0330] "POST /xmlrpc.php HTTP/1.1" 403 787 "-" "Jetpack by WordPress.com"
66.249.72.130 - - [27/Jun/2026:08:50:15 +0330] "GET /?p=51707 HTTP/1.1" 200 3374 "-" "Mozilla/5.0 (Linux; Android 6.0.1; Nexus 5X Build/MMB29P) AppleWebKit/537.36 (KHTML, like Gecko) Chrome/148.0.7778.96 Mobile Safari/537.36 (compatible; Googlebot/2.1; +http://www.google.com/bot.html)"
104.28.163.26 - - [27/Jun/2026:08:52:49 +0330] "GET /wp-content/plugins/wp-file-manager/file_folder_manager.php HTTP/1.1" 200 20132 "-" "Mozilla/5.0 (Windows NT 10.0; Win64; x64) AppleWebKit/537.36 (KHTML, like Gecko) Chrome/79.0.3945.79 Safari/537.36"
104.28.163.26 - - [27/Jun/2026:08:52:51 +0330] "GET /wp-content/plugins/wp-file-manager/file_folder_manager.php HTTP/1.1" 200 20132 "-" "Mozilla/5.0 (X11; Fedora; Linux x86_64; rv:79.0) Gecko/20100101 Firefox/79.0"
104.28.163.26 - - [27/Jun/2026:08:52:52 +0330] "POST /wp-content/plugins/wp-file-manager/file_folder_manager.php HTTP/1.1" 403 787 "https://dorfakkhabar.ir/wp-content/plugins/wp-file-manager/file_folder_manager.php" "Mozilla/5.0 (X11; Fedora; Linux x86_64; rv:79.0) Gecko/20100101 Firefox/79.0"
209.145.49.99 - - [27/Jun/2026:08:55:16 +0330] "GET /wp-login.php HTTP/2" 200 3369 "-" "Mozilla/5.0 (Windows NT 10.0; WOW64) AppleWebKit/537.36 (KHTML, like Gecko) Chrome/133.0.0.0 Safari/537.36"
209.145.49.99 - - [27/Jun/2026:08:55:18 +0330] "POST /wp-login.php HTTP/2" 200 1473 "https://dorfakkhabar.ir/wp-login.php" "Mozilla/5.0 (Windows NT 10.0; WOW64) AppleWebKit/537.36 (KHTML, like Gecko) Chrome/133.0.0.0 Safari/537.36"
66.249.72.130 - - [27/Jun/2026:08:56:00 +0330] "GET /?p=44520 HTTP/1.1" 200 3363 "-" "Mozilla/5.0 (Linux; Android 6.0.1; Nexus 5X Build/MMB29P) AppleWebKit/537.36 (KHTML, like Gecko) Chrome/148.0.7778.96 Mobile Safari/537.36 (compatible; Googlebot/2.1; +http://www.google.com/bot.html)"
66.249.72.130 - - [27/Jun/2026:09:00:27 +0330] "GET /?p=40952 HTTP/1.1" 200 3363 "-" "Mozilla/5.0 (Linux; Android 6.0.1; Nexus 5X Build/MMB29P) AppleWebKit/537.36 (KHTML, like Gecko) Chrome/148.0.7778.96 Mobile Safari/537.36 (compatible; Googlebot/2.1; +http://www.google.com/bot.html)"
103.127.30.137 - - [27/Jun/2026:09:04:05 +0330] "GET /wp-login.php HTTP/2" 200 3360 "-" "Mozilla/5.0 (Macintosh; Intel Mac OS X 14_7_4) AppleWebKit/537.36 (KHTML, like Gecko) Chrome/133.0.0.0 Safari/537.36"
103.127.30.137 - - [27/Jun/2026:09:04:06 +0330] "POST /wp-login.php HTTP/2" 200 1470 "https://dorfakkhabar.ir/wp-login.php" "Mozilla/5.0 (Macintosh; Intel Mac OS X 14_7_4) AppleWebKit/537.36 (KHTML, like Gecko) Chrome/133.0.0.0 Safari/537.36"
158.69.215.39 - - [27/Jun/2026:09:04:26 +0330] "GET /wp-login.php HTTP/2" 200 3403 "-" "Mozilla/5.0 (Windows NT 10.0; WOW64) AppleWebKit/537.36 (KHTML, like Gecko) Chrome/133.0.0.0 Safari/537.36"
158.69.215.39 - - [27/Jun/2026:09:04:27 +0330] "POST /wp-login.php HTTP/2" 200 1464 "https://mail.dorfakkhabar.ir/wp-login.php" "Mozilla/5.0 (Windows NT 10.0; WOW64) AppleWebKit/537.36 (KHTML, like Gecko) Chrome/133.0.0.0 Safari/537.36"
103.75.185.95 - - [27/Jun/2026:09:05:13 +0330] "GET /wp-login.php HTTP/2" 200 3373 "-" "Mozilla/5.0 (Macintosh; Intel Mac OS X 10_15_7) AppleWebKit/537.36 (KHTML, like Gecko) Chrome/133.0.0.0 Safari/537.36"
103.75.185.95 - - [27/Jun/2026:09:05:15 +0330] "POST /wp-login.php HTTP/2" 200 1464 "https://dorfakkhabar.ir/wp-login.php" "Mozilla/5.0 (Macintosh; Intel Mac OS X 10_15_7) AppleWebKit/537.36 (KHTML, like Gecko) Chrome/133.0.0.0 Safari/537.36"
106.192.104.239 - - [27/Jun/2026:08:57:15 +0330] "POST /xmlrpc.php HTTP/1.1" 403 787 "-" "Jetpack by WordPress.com"
106.192.104.239 - - [27/Jun/2026:08:57:26 +0330] "POST /xmlrpc.php HTTP/1.1" 403 787 "-" "Jetpack by WordPress.com (Jetpack 12.0; WordPress 6.1)"
106.192.104.239 - - [27/Jun/2026:08:57:37 +0330] "POST /xmlrpc.php HTTP/1.1" 403 787 "-" "Jetpack by WordPress.com (Jetpack 12.5; WordPress 6.2)"
85.215.252.72 - - [27/Jun/2026:08:57:52 +0330] "GET /wp-login.php HTTP/2" 200 3380 "-" "Mozilla/5.0 (X11; Ubuntu; Linux x86_64; rv:133.0) Gecko/20100101 Firefox/133.0"
85.215.252.72 - - [27/Jun/2026:08:57:53 +0330] "POST /wp-login.php HTTP/2" 200 1474 "https://mail.dorfakkhabar.ir/wp-login.php" "Mozilla/5.0 (X11; Ubuntu; Linux x86_64; rv:133.0) Gecko/20100101 Firefox/133.0"
155.254.17.105 - - [27/Jun/2026:08:58:37 +0330] "GET /wp-login.php HTTP/2" 200 3407 "-" "Mozilla/5.0 (X11; Linux x86_64; rv:133.0) Gecko/20100101 Firefox/133.0"
155.254.17.105 - - [27/Jun/2026:08:58:38 +0330] "POST /wp-login.php HTTP/2" 200 1470 "https://mail.dorfakkhabar.ir/wp-login.php" "Mozilla/5.0 (X11; Linux x86_64; rv:133.0) Gecko/20100101 Firefox/133.0"
78.142.18.172 - - [27/Jun/2026:09:05:32 +0330] "GET /wp-login.php HTTP/2" 200 3380 "-" "Mozilla/5.0 (X11; Ubuntu; Linux x86_64) AppleWebKit/537.36 (KHTML, like Gecko) Chrome/133.0.0.0 Safari/537.36"
170.249.206.186 - - [27/Jun/2026:09:05:32 +0330] "GET /wp-login.php HTTP/2" 200 3386 "-" "Mozilla/5.0 (X11; Linux i686) AppleWebKit/537.36 (KHTML, like Gecko) Chrome/133.0.0.0 Safari/537.36"
78.142.18.172 - - [27/Jun/2026:09:05:32 +0330] "POST /wp-login.php HTTP/2" 200 1472 "https://dorfakkhabar.ir/wp-login.php" "Mozilla/5.0 (X11; Ubuntu; Linux x86_64) AppleWebKit/537.36 (KHTML, like Gecko) Chrome/133.0.0.0 Safari/537.36"
170.249.206.186 - - [27/Jun/2026:09:05:33 +0330] "POST /wp-login.php HTTP/2" 200 1480 "https://mail.dorfakkhabar.ir/wp-login.php" "Mozilla/5.0 (X11; Linux i686) AppleWebKit/537.36 (KHTML, like Gecko) Chrome/133.0.0.0 Safari/537.36"
66.249.72.131 - - [27/Jun/2026:09:11:10 +0330] "GET /?lokasie=/home/dorfakkh/public_html/wp-signup.php&loknya=/home/dorfakkh/public_html HTTP/1.1" 200 10410 "-" "Mozilla/5.0 (Linux; Android 6.0.1; Nexus 5X Build/MMB29P) AppleWebKit/537.36 (KHTML, like Gecko) Chrome/148.0.7778.96 Mobile Safari/537.36 (compatible; Googlebot/2.1; +http://www.google.com/bot.html)"
66.249.72.131 - - [27/Jun/2026:09:11:14 +0330] "GET /?lokasie=/home/dorfakkh/public_html/wp-links-opml.php&loknya=/home/dorfakkh/public_html HTTP/1.1" 200 2682 "-" "Mozilla/5.0 (Linux; Android 6.0.1; Nexus 5X Build/MMB29P) AppleWebKit/537.36 (KHTML, like Gecko) Chrome/148.0.7778.96 Mobile Safari/537.36 (compatible; Googlebot/2.1; +http://www.google.com/bot.html)"
66.249.72.130 - - [27/Jun/2026:09:11:18 +0330] "GET /?loknya=/home/dorfakkh/public_html/wp-admin HTTP/1.1" 200 5668 "-" "Mozilla/5.0 (Linux; Android 6.0.1; Nexus 5X Build/MMB29P) AppleWebKit/537.36 (KHTML, like Gecko) Chrome/148.0.7778.96 Mobile Safari/537.36 (compatible; Googlebot/2.1; +http://www.google.com/bot.html)"
66.249.72.130 - - [27/Jun/2026:09:11:38 +0330] "GET /?loknya=/home HTTP/1.1" 200 1871 "-" "Mozilla/5.0 (Linux; Android 6.0.1; Nexus 5X Build/MMB29P) AppleWebKit/537.36 (KHTML, like Gecko) Chrome/148.0.7778.96 Mobile Safari/537.36 (compatible; Googlebot/2.1; +http://www.google.com/bot.html)"
66.249.72.130 - - [27/Jun/2026:09:11:40 +0330] "GET /?loknya=/home/dorfakkh HTTP/1.1" 200 3199 "-" "Mozilla/5.0 (Linux; Android 6.0.1; Nexus 5X Build/MMB29P) AppleWebKit/537.36 (KHTML, like Gecko) Chrome/148.0.7778.96 Mobile Safari/537.36 (compatible; Googlebot/2.1; +http://www.google.com/bot.html)"
66.249.72.130 - - [27/Jun/2026:09:11:48 +0330] "GET /?loknya=/home/dorfakkh/ HTTP/1.1" 200 3202 "-" "Mozilla/5.0 (Linux; Android 6.0.1; Nexus 5X Build/MMB29P) AppleWebKit/537.36 (KHTML, like Gecko) Chrome/148.0.7778.96 Mobile Safari/537.36 (compatible; Googlebot/2.1; +http://www.google.com/bot.html)"
66.249.72.130 - - [27/Jun/2026:09:11:50 +0330] "GET /?loknya=/home/dorfakkh/public_html HTTP/1.1" 200 3493 "-" "Mozilla/5.0 (Linux; Android 6.0.1; Nexus 5X Build/MMB29P) AppleWebKit/537.36 (KHTML, like Gecko) Chrome/148.0.7778.96 Mobile Safari/537.36 (compatible; Googlebot/2.1; +http://www.google.com/bot.html)"
66.249.72.130 - - [27/Jun/2026:09:11:52 +0330] "GET /?loknya=/home/dorfakkh/public_html/.tmb HTTP/1.1" 200 2111 "-" "Mozilla/5.0 (Linux; Android 6.0.1; Nexus 5X Build/MMB29P) AppleWebKit/537.36 (KHTML, like Gecko) Chrome/148.0.7778.96 Mobile Safari/537.36 (compatible; Googlebot/2.1; +http://www.google.com/bot.html)"
66.249.72.131 - - [27/Jun/2026:09:12:01 +0330] "GET /?loknya=/home/dorfakkh/public_html/wp-content HTTP/1.1" 200 2508 "-" "Mozilla/5.0 (Linux; Android 6.0.1; Nexus 5X Build/MMB29P) AppleWebKit/537.36 (KHTML, like Gecko) Chrome/148.0.7778.96 Mobile Safari/537.36 (compatible; Googlebot/2.1; +http://www.google.com/bot.html)"
66.249.72.131 - - [27/Jun/2026:09:12:06 +0330] "GET /?loknya=/home/dorfakkh/public_html/wp-includes HTTP/1.1" 200 12724 "-" "Mozilla/5.0 (Linux; Android 6.0.1; Nexus 5X Build/MMB29P) AppleWebKit/537.36 (KHTML, like Gecko) Chrome/148.0.7778.96 Mobile Safari/537.36 (compatible; Googlebot/2.1; +http://www.google.com/bot.html)"
66.249.72.130 - - [27/Jun/2026:09:12:27 +0330] "GET /?lokasie=/home/dorfakkh/public_html/.htaccess&loknya=/home/dorfakkh/public_html HTTP/1.1" 200 1627 "-" "Mozilla/5.0 (Linux; Android 6.0.1; Nexus 5X Build/MMB29P) AppleWebKit/537.36 (KHTML, like Gecko) Chrome/148.0.7778.96 Mobile Safari/537.36 (compatible; Googlebot/2.1; +http://www.google.com/bot.html)"
66.249.72.130 - - [27/Jun/2026:09:12:33 +0330] "GET /?lokasie=/home/dorfakkh/public_html/logo.png&loknya=/home/dorfakkh/public_html HTTP/1.1" 200 8514 "-" "Mozilla/5.0 (Linux; Android 6.0.1; Nexus 5X Build/MMB29P) AppleWebKit/537.36 (KHTML, like Gecko) Chrome/148.0.7778.96 Mobile Safari/537.36 (compatible; Googlebot/2.1; +http://www.google.com/bot.html)"
85.215.252.72 - - [27/Jun/2026:09:07:14 +0330] "GET /wp-login.php HTTP/2" 200 3359 "-" "Mozilla/5.0 (Windows NT 10.0; Win64; x64; rv:133.0) Gecko/20100101 Firefox/133.0"
85.215.252.72 - - [27/Jun/2026:09:07:16 +0330] "POST /wp-login.php HTTP/2" 200 1474 "https://mail.dorfakkhabar.ir/wp-login.php" "Mozilla/5.0 (Windows NT 10.0; Win64; x64; rv:133.0) Gecko/20100101 Firefox/133.0"
66.249.72.132 - - [27/Jun/2026:09:08:01 +0330] "GET /?p=43922 HTTP/1.1" 200 3363 "-" "Mozilla/5.0 (Linux; Android 6.0.1; Nexus 5X Build/MMB29P) AppleWebKit/537.36 (KHTML, like Gecko) Chrome/148.0.7778.96 Mobile Safari/537.36 (compatible; Googlebot/2.1; +http://www.google.com/bot.html)"
159.198.35.26 - - [27/Jun/2026:09:08:19 +0330] "GET /wp-login.php HTTP/2" 200 3368 "-" "Mozilla/5.0 (X11; Linux i686) AppleWebKit/537.36 (KHTML, like Gecko) Chrome/133.0.0.0 Safari/537.36"
159.198.35.26 - - [27/Jun/2026:09:08:22 +0330] "POST /wp-login.php HTTP/2" 200 1470 "https://mail.dorfakkhabar.ir/wp-login.php" "Mozilla/5.0 (X11; Linux i686) AppleWebKit/537.36 (KHTML, like Gecko) Chrome/133.0.0.0 Safari/537.36"
108.61.87.135 - - [27/Jun/2026:09:08:59 +0330] "GET /wp-login.php HTTP/2" 200 3360 "-" "Mozilla/5.0 (Windows NT 10.0; Win64; x64) AppleWebKit/537.36 (KHTML, like Gecko) Chrome/120.0.0.0 Safari/537.36"
66.249.72.131 - - [27/Jun/2026:09:11:01 +0330] "GET / HTTP/1.1" 200 3373 "-" "Mozilla/5.0 (compatible; Googlebot/2.1; +http://www.google.com/bot.html)"
66.249.72.130 - - [27/Jun/2026:09:11:26 +0330] "GET /?lokasie=/home/dorfakkh/public_html/wp-activate.php&loknya=/home/dorfakkh/public_html HTTP/1.1" 200 4158 "-" "Mozilla/5.0 (Linux; Android 6.0.1; Nexus 5X Build/MMB29P) AppleWebKit/537.36 (KHTML, like Gecko) Chrome/148.0.7778.96 Mobile Safari/537.36 (compatible; Googlebot/2.1; +http://www.google.com/bot.html)"
66.249.72.130 - - [27/Jun/2026:09:11:28 +0330] "GET /index.php HTTP/1.1" 200 3374 "-" "Mozilla/5.0 (Linux; Android 6.0.1; Nexus 5X Build/MMB29P) AppleWebKit/537.36 (KHTML, like Gecko) Chrome/148.0.7778.96 Mobile Safari/537.36 (compatible; Googlebot/2.1; +http://www.google.com/bot.html)"
66.249.72.130 - - [27/Jun/2026:09:11:31 +0330] "GET /?loknya=/ HTTP/1.1" 200 2421 "-" "Mozilla/5.0 (Linux; Android 6.0.1; Nexus 5X Build/MMB29P) AppleWebKit/537.36 (KHTML, like Gecko) Chrome/148.0.7778.96 Mobile Safari/537.36 (compatible; Googlebot/2.1; +http://www.google.com/bot.html)"
68.183.141.81 - - [27/Jun/2026:09:11:58 +0330] "GET /wp-login.php HTTP/2" 200 3373 "-" "Mozilla/5.0 (Windows NT 10.0; Win64; x64) AppleWebKit/537.36 (KHTML, like Gecko) Chrome/120.0.0.0 Safari/537.36"
66.249.72.132 - - [27/Jun/2026:09:12:03 +0330] "GET /?loknya=/home/dorfakkh/public_html/.well-known HTTP/1.1" 200 1954 "-" "Mozilla/5.0 (Linux; Android 6.0.1; Nexus 5X Build/MMB29P) AppleWebKit/537.36 (KHTML, like Gecko) Chrome/148.0.7778.96 Mobile Safari/537.36 (compatible; Googlebot/2.1; +http://www.google.com/bot.html)"
66.249.72.130 - - [27/Jun/2026:09:12:14 +0330] "GET /?loknya=/home/dorfakkh/public_html/dorfakkhabar HTTP/1.1" 200 2136 "-" "Mozilla/5.0 (Linux; Android 6.0.1; Nexus 5X Build/MMB29P) AppleWebKit/537.36 (KHTML, like Gecko) Chrome/148.0.7778.96 Mobile Safari/537.36 (compatible; Googlebot/2.1; +http://www.google.com/bot.html)"
66.249.72.130 - - [27/Jun/2026:09:12:16 +0330] "GET /?lokasie=/home/dorfakkh/public_html/gov.php&loknya=/home/dorfakkh/public_html HTTP/1.1" 200 1505 "-" "Mozilla/5.0 (Linux; Android 6.0.1; Nexus 5X Build/MMB29P) AppleWebKit/537.36 (KHTML, like Gecko) Chrome/148.0.7778.96 Mobile Safari/537.36 (compatible; Googlebot/2.1; +http://www.google.com/bot.html)"
66.249.72.130 - - [27/Jun/2026:09:12:19 +0330] "GET /?lokasie=/home/dorfakkh/public_html/fith.jpg&loknya=/home/dorfakkh/public_html HTTP/1.1" 200 93288 "-" "Mozilla/5.0 (Linux; Android 6.0.1; Nexus 5X Build/MMB29P) AppleWebKit/537.36 (KHTML, like Gecko) Chrome/148.0.7778.96 Mobile Safari/537.36 (compatible; Googlebot/2.1; +http://www.google.com/bot.html)"
66.249.72.130 - - [27/Jun/2026:09:13:34 +0330] "GET /?lokasie=/home/dorfakkh/public_html/readme.html&loknya=/home/dorfakkh/public_html HTTP/1.1" 200 4576 "-" "Mozilla/5.0 (Linux; Android 6.0.1; Nexus 5X Build/MMB29P) AppleWebKit/537.36 (KHTML, like Gecko) Chrome/148.0.7778.96 Mobile Safari/537.36 (compatible; Googlebot/2.1; +http://www.google.com/bot.html)"
66.249.72.130 - - [27/Jun/2026:09:13:40 +0330] "GET /?lokasie=/home/dorfakkh/public_html/license.txt&loknya=/home/dorfakkh/public_html HTTP/1.1" 200 8921 "-" "Mozilla/5.0 (Linux; Android 6.0.1; Nexus 5X Build/MMB29P) AppleWebKit/537.36 (KHTML, like Gecko) Chrome/148.0.7778.96 Mobile Safari/537.36 (compatible; Googlebot/2.1; +http://www.google.com/bot.html)"
66.249.72.130 - - [27/Jun/2026:09:13:46 +0330] "GET /?lokasie=/home/dorfakkh/public_html/wp-login.php&loknya=/home/dorfakkh/public_html HTTP/1.1" 200 15695 "-" "Mozilla/5.0 (Linux; Android 6.0.1; Nexus 5X Build/MMB29P) AppleWebKit/537.36 (KHTML, like Gecko) Chrome/148.0.7778.96 Mobile Safari/537.36 (compatible; Googlebot/2.1; +http://www.google.com/bot.html)"
66.249.72.130 - - [27/Jun/2026:09:13:52 +0330] "GET /?lokasie=/home/dorfakkh/public_html/wp-config.php&loknya=/home/dorfakkh/public_html HTTP/1.1" 200 3337 "-" "Mozilla/5.0 (Linux; Android 6.0.1; Nexus 5X Build/MMB29P) AppleWebKit/537.36 (KHTML, like Gecko) Chrome/148.0.7778.96 Mobile Safari/537.36 (compatible; Googlebot/2.1; +http://www.google.com/bot.html)"
66.249.72.130 - - [27/Jun/2026:09:13:54 +0330] "GET /?lokasie=/home/dorfakkh/public_html/wp-settings.php&loknya=/home/dorfakkh/public_html HTTP/1.1" 200 8130 "-" "Mozilla/5.0 (Linux; Android 6.0.1; Nexus 5X Build/MMB29P) AppleWebKit/537.36 (KHTML, like Gecko) Chrome/148.0.7778.96 Mobile Safari/537.36 (compatible; Googlebot/2.1; +http://www.google.com/bot.html)"
66.249.72.130 - - [27/Jun/2026:09:14:08 +0330] "GET /?lokasie=/home/dorfakkh/public_html/goodslielie.php&loknya=/home/dorfakkh/public_html HTTP/1.1" 200 118587 "-" "Mozilla/5.0 (Linux; Android 6.0.1; Nexus 5X Build/MMB29P) AppleWebKit/537.36 (KHTML, like Gecko) Chrome/148.0.7778.96 Mobile Safari/537.36 (compatible; Googlebot/2.1; +http://www.google.com/bot.html)"
66.249.72.131 - - [27/Jun/2026:09:14:18 +0330] "GET /?lokasie=/home/dorfakkh/public_html/wp-trackback.php&loknya=/home/dorfakkh/public_html HTTP/1.1" 200 3510 "-" "Mozilla/5.0 (Linux; Android 6.0.1; Nexus 5X Build/MMB29P) AppleWebKit/537.36 (KHTML, like Gecko) Chrome/148.0.7778.96 Mobile Safari/537.36 (compatible; Googlebot/2.1; +http://www.google.com/bot.html)"
66.249.72.131 - - [27/Jun/2026:09:14:21 +0330] "GET /?lokasie=/home/dorfakkh/public_html/wp-blog-header.php&loknya=/home/dorfakkh/public_html HTTP/1.1" 200 1701 "-" "Mozilla/5.0 (Linux; Android 6.0.1; Nexus 5X Build/MMB29P) AppleWebKit/537.36 (KHTML, like Gecko) Chrome/148.0.7778.96 Mobile Safari/537.36 (compatible; Googlebot/2.1; +http://www.google.com/bot.html)"
155.254.17.105 - - [27/Jun/2026:09:15:17 +0330] "GET /wp-login.php HTTP/2" 200 3345 "-" "Mozilla/5.0 (X11; Linux x86_64; rv:133.0) Gecko/20100101 Firefox/133.0"
155.254.17.105 - - [27/Jun/2026:09:15:18 +0330] "POST /wp-login.php HTTP/2" 200 1464 "https://mail.dorfakkhabar.ir/wp-login.php" "Mozilla/5.0 (X11; Linux x86_64; rv:133.0) Gecko/20100101 Firefox/133.0"
117.247.69.76 - - [27/Jun/2026:09:15:43 +0330] "GET /wp-login.php HTTP/2" 200 3367 "-" "Mozilla/5.0 (X11; Ubuntu; Linux x86_64) AppleWebKit/537.36 (KHTML, like Gecko) Chrome/133.0.0.0 Safari/537.36"
117.247.69.76 - - [27/Jun/2026:09:15:44 +0330] "POST /wp-login.php HTTP/2" 200 1464 "https://dorfakkhabar.ir/wp-login.php" "Mozilla/5.0 (X11; Ubuntu; Linux x86_64) AppleWebKit/537.36 (KHTML, like Gecko) Chrome/133.0.0.0 Safari/537.36"
158.69.215.39 - - [27/Jun/2026:09:16:11 +0330] "GET /wp-login.php HTTP/2" 200 3337 "-" "Mozilla/5.0 (Macintosh; Intel Mac OS X 10_15_7) AppleWebKit/605.1.15 (KHTML, like Gecko) Version/18.3 Safari/605.1.15"
66.249.72.130 - - [27/Jun/2026:09:12:50 +0330] "GET /?lokasie=/home/dorfakkh/public_html/error_log&loknya=/home/dorfakkh/public_html HTTP/1.1" 200 111033 "-" "Mozilla/5.0 (Linux; Android 6.0.1; Nexus 5X Build/MMB29P) AppleWebKit/537.36 (KHTML, like Gecko) Chrome/148.0.7778.96 Mobile Safari/537.36 (compatible; Googlebot/2.1; +http://www.google.com/bot.html)"
66.249.72.130 - - [27/Jun/2026:09:13:06 +0330] "GET /?lokasie=/home/dorfakkh/public_html/comment.php&loknya=/home/dorfakkh/public_html HTTP/1.1" 200 1506 "-" "Mozilla/5.0 (Linux; Android 6.0.1; Nexus 5X Build/MMB29P) AppleWebKit/537.36 (KHTML, like Gecko) Chrome/148.0.7778.96 Mobile Safari/537.36 (compatible; Googlebot/2.1; +http://www.google.com/bot.html)"
66.249.72.130 - - [27/Jun/2026:09:12:39 +0330] "GET /?lokasie=/home/dorfakkh/public_html/index.php&loknya=/home/dorfakkh/public_html HTTP/1.1" 200 1717 "-" "Mozilla/5.0 (Linux; Android 6.0.1; Nexus 5X Build/MMB29P) AppleWebKit/537.36 (KHTML, like Gecko) Chrome/148.0.7778.96 Mobile Safari/537.36 (compatible; Googlebot/2.1; +http://www.google.com/bot.html)"
66.249.72.130 - - [27/Jun/2026:09:12:41 +0330] "GET /?lokasie=/home/dorfakkh/public_html/flogo.png&loknya=/home/dorfakkh/public_html HTTP/1.1" 200 6488 "-" "Mozilla/5.0 (Linux; Android 6.0.1; Nexus 5X Build/MMB29P) AppleWebKit/537.36 (KHTML, like Gecko) Chrome/148.0.7778.96 Mobile Safari/537.36 (compatible; Googlebot/2.1; +http://www.google.com/bot.html)"
66.249.72.132 - - [27/Jun/2026:09:12:57 +0330] "GET /?lokasie=/home/dorfakkh/public_html/robots.txt&loknya=/home/dorfakkh/public_html HTTP/1.1" 200 1555 "-" "Mozilla/5.0 (Linux; Android 6.0.1; Nexus 5X Build/MMB29P) AppleWebKit/537.36 (KHTML, like Gecko) Chrome/148.0.7778.96 Mobile Safari/537.36 (compatible; Googlebot/2.1; +http://www.google.com/bot.html)"
66.249.72.131 - - [27/Jun/2026:09:13:00 +0330] "GET /?lokasie=/home/dorfakkh/public_html/xmlrpc.php&loknya=/home/dorfakkh/public_html HTTP/1.1" 200 2979 "-" "Mozilla/5.0 (Linux; Android 6.0.1; Nexus 5X Build/MMB29P) AppleWebKit/537.36 (KHTML, like Gecko) Chrome/148.0.7778.96 Mobile Safari/537.36 (compatible; Googlebot/2.1; +http://www.google.com/bot.html)"
66.249.72.131 - - [27/Jun/2026:09:13:09 +0330] "GET /?lokasie=/home/dorfakkh/public_html/content.php&loknya=/home/dorfakkh/public_html HTTP/1.1" 200 1508 "-" "Mozilla/5.0 (Linux; Android 6.0.1; Nexus 5X Build/MMB29P) AppleWebKit/537.36 (KHTML, like Gecko) Chrome/148.0.7778.96 Mobile Safari/537.36 (compatible; Googlebot/2.1; +http://www.google.com/bot.html)"
66.249.72.130 - - [27/Jun/2026:09:13:14 +0330] "GET /?lokasie=/home/dorfakkh/public_html/wp-cron.php&loknya=/home/dorfakkh/public_html HTTP/1.1" 200 3658 "-" "Mozilla/5.0 (Linux; Android 6.0.1; Nexus 5X Build/MMB29P) AppleWebKit/537.36 (KHTML, like Gecko) Chrome/148.0.7778.96 Mobile Safari/537.36 (compatible; Googlebot/2.1; +http://www.google.com/bot.html)"
66.249.72.130 - - [27/Jun/2026:09:13:16 +0330] "GET /?p=2245 HTTP/1.1" 200 3343 "-" "Mozilla/5.0 (Linux; Android 6.0.1; Nexus 5X Build/MMB29P) AppleWebKit/537.36 (KHTML, like Gecko) Chrome/148.0.7778.96 Mobile Safari/537.36 (compatible; Googlebot/2.1; +http://www.google.com/bot.html)"
66.249.72.130 - - [27/Jun/2026:09:13:19 +0330] "GET /?lokasie=/home/dorfakkh/public_html/wp-mail.php&loknya=/home/dorfakkh/public_html HTTP/1.1" 200 4754 "-" "Mozilla/5.0 (Linux; Android 6.0.1; Nexus 5X Build/MMB29P) AppleWebKit/537.36 (KHTML, like Gecko) Chrome/148.0.7778.96 Mobile Safari/537.36 (compatible; Googlebot/2.1; +http://www.google.com/bot.html)"
158.69.215.39 - - [27/Jun/2026:09:16:12 +0330] "POST /wp-login.php HTTP/2" 200 1472 "https://dorfakkhabar.ir/wp-login.php" "Mozilla/5.0 (Macintosh; Intel Mac OS X 10_15_7) AppleWebKit/605.1.15 (KHTML, like Gecko) Version/18.3 Safari/605.1.15"
66.249.72.131 - - [27/Jun/2026:09:17:26 +0330] "GET /?p=45982 HTTP/1.1" 200 3373 "-" "Mozilla/5.0 (Linux; Android 6.0.1; Nexus 5X Build/MMB29P) AppleWebKit/537.36 (KHTML, like Gecko) Chrome/148.0.7778.96 Mobile Safari/537.36 (compatible; Googlebot/2.1; +http://www.google.com/bot.html)"
65.108.2.171 - - [27/Jun/2026:09:17:41 +0330] "GET /robots.txt HTTP/1.1" 200 72 "-" "Mozilla/5.0 (compatible; MJ12bot/v1.4.8; http://mj12bot.com/)"
66.249.72.130 - - [27/Jun/2026:09:13:27 +0330] "GET /?lokasie=/home/dorfakkh/public_html/wp-load.php&loknya=/home/dorfakkh/public_html HTTP/1.1" 200 3188 "-" "Mozilla/5.0 (Linux; Android 6.0.1; Nexus 5X Build/MMB29P) AppleWebKit/537.36 (KHTML, like Gecko) Chrome/148.0.7778.96 Mobile Safari/537.36 (compatible; Googlebot/2.1; +http://www.google.com/bot.html)"
66.249.72.130 - - [27/Jun/2026:09:14:27 +0330] "GET /?lokasie=/home/dorfakkh/public_html/wp-config-sample.php&loknya=/home/dorfakkh/public_html HTTP/1.1" 200 2814 "-" "Mozilla/5.0 (Linux; Android 6.0.1; Nexus 5X Build/MMB29P) AppleWebKit/537.36 (KHTML, like Gecko) Chrome/148.0.7778.96 Mobile Safari/537.36 (compatible; Googlebot/2.1; +http://www.google.com/bot.html)"
66.249.72.130 - - [27/Jun/2026:09:14:29 +0330] "GET /?lokasie=/home/dorfakkh/public_html/wp-comments-post.php&loknya=/home/dorfakkh/public_html HTTP/1.1" 200 2615 "-" "Mozilla/5.0 (Linux; Android 6.0.1; Nexus 5X Build/MMB29P) AppleWebKit/537.36 (KHTML, like Gecko) Chrome/148.0.7778.96 Mobile Safari/537.36 (compatible; Googlebot/2.1; +http://www.google.com/bot.html)"
66.249.72.130 - - [27/Jun/2026:09:14:34 +0330] "GET /?lokasie=/home/dorfakkh/public_html/googlecb114201f9cd8e0e.html&loknya=/home/dorfakkh/public_html HTTP/1.1" 200 1532 "-" "Mozilla/5.0 (Linux; Android 6.0.1; Nexus 5X Build/MMB29P) AppleWebKit/537.36 (KHTML, like Gecko) Chrome/148.0.7778.96 Mobile Safari/537.36 (compatible; Googlebot/2.1; +http://www.google.com/bot.html)"
66.249.72.131 - - [27/Jun/2026:09:14:36 +0330] "GET /?lokasie=/home/dorfakkh/public_html/google88449bc4417fb9de.html&loknya=/home/dorfakkh/public_html HTTP/1.1" 200 1517 "-" "Mozilla/5.0 (Linux; Android 6.0.1; Nexus 5X Build/MMB29P) AppleWebKit/537.36 (KHTML, like Gecko) Chrome/148.0.7778.96 Mobile Safari/537.36 (compatible; Googlebot/2.1; +http://www.google.com/bot.html)"
85.215.252.72 - mohsen0919 [27/Jun/2026:09:15:15 +0330] "GET /wp-json/wp/v2/users/me HTTP/2" 200 3373 "-" "Mozilla/5.0 (X11; Fedora; Linux x86_64) AppleWebKit/537.36 (KHTML, like Gecko) Chrome/133.0.0.0 Safari/537.36"
155.254.17.105 - - [27/Jun/2026:09:15:57 +0330] "GET /wp-login.php HTTP/2" 200 3362 "-" "Mozilla/5.0 (X11; Linux i686) AppleWebKit/537.36 (KHTML, like Gecko) Chrome/133.0.0.0 Safari/537.36"
155.254.17.105 - - [27/Jun/2026:09:15:59 +0330] "POST /wp-login.php HTTP/2" 200 1483 "https://mail.dorfakkhabar.ir/wp-login.php" "Mozilla/5.0 (X11; Linux i686) AppleWebKit/537.36 (KHTML, like Gecko) Chrome/133.0.0.0 Safari/537.36"
124.243.178.195 - - [27/Jun/2026:09:16:07 +0330] "GET /?cat=3&paged=12d=12 HTTP/2" 200 3416 "-" "Mozilla/5.0 (Windows NT 10.0; Win64; x64) AppleWebKit/537.36 (KHTML, like Gecko) Chrome/107.0.0.0 Safari/537.36"
91.247.163.177 - - [27/Jun/2026:09:16:45 +0330] "HEAD /?addon_ajax_page=72183&_=1782539203831709500 HTTP/1.1" 200 0 "-" "Mozilla/5.0 (Windows NT 10.0; Win64; x64) AppleWebKit/537.36 (KHTML, like Gecko) Chrome/120.0.0.0 Safari/537.36"
65.108.2.171 - - [27/Jun/2026:09:17:43 +0330] "GET /?print=1 HTTP/1.1" 200 3371 "-" "Mozilla/5.0 (compatible; MJ12bot/v1.4.8; http://mj12bot.com/)"
40.77.167.151 - - [27/Jun/2026:09:17:57 +0330] "GET /?s=2026 HTTP/2" 200 3363 "-" "Mozilla/5.0 AppleWebKit/537.36 (KHTML, like Gecko; compatible; bingbot/2.0; +http://www.bing.com/bingbot.htm) Chrome/116.0.1938.76 Safari/537.36"
66.249.72.132 - - [27/Jun/2026:09:23:57 +0330] "GET /?p=51507 HTTP/1.1" 200 3374 "-" "Mozilla/5.0 (Linux; Android 6.0.1; Nexus 5X Build/MMB29P) AppleWebKit/537.36 (KHTML, like Gecko) Chrome/148.0.7778.96 Mobile Safari/537.36 (compatible; Googlebot/2.1; +http://www.google.com/bot.html)"
155.254.17.105 - - [27/Jun/2026:09:26:21 +0330] "GET /wp-login.php HTTP/2" 200 3392 "-" "Mozilla/5.0 (X11; Linux i686) AppleWebKit/537.36 (KHTML, like Gecko) Chrome/133.0.0.0 Safari/537.36"
155.254.17.105 - - [27/Jun/2026:09:26:22 +0330] "POST /wp-login.php HTTP/2" 200 1464 "https://mail.dorfakkhabar.ir/wp-login.php" "Mozilla/5.0 (X11; Linux i686) AppleWebKit/537.36 (KHTML, like Gecko) Chrome/133.0.0.0 Safari/537.36"
163.172.78.108 - - [27/Jun/2026:09:31:07 +0330] "GET /wp-login.php HTTP/2" 200 3407 "-" "Mozilla/5.0 (Macintosh; Intel Mac OS X 10_15_7) AppleWebKit/537.36 (KHTML, like Gecko) Chrome/133.0.0.0 Safari/537.36 Edg/133.0.0.0"
163.172.78.108 - - [27/Jun/2026:09:31:08 +0330] "POST /wp-login.php HTTP/2" 200 1471 "https://mail.dorfakkhabar.ir/wp-login.php" "Mozilla/5.0 (Macintosh; Intel Mac OS X 10_15_7) AppleWebKit/537.36 (KHTML, like Gecko) Chrome/133.0.0.0 Safari/537.36 Edg/133.0.0.0"
155.254.17.105 - - [27/Jun/2026:09:36:39 +0330] "GET /wp-login.php HTTP/2" 200 3362 "-" "Mozilla/5.0 (Windows NT 10.0; Win64; x64) AppleWebKit/537.36 (KHTML, like Gecko) Chrome/133.0.0.0 Safari/537.36 Edg/133.0.0.0"
155.254.17.105 - - [27/Jun/2026:09:36:40 +0330] "POST /wp-login.php HTTP/2" 200 1464 "https://dorfakkhabar.ir/wp-login.php" "Mozilla/5.0 (Windows NT 10.0; Win64; x64) AppleWebKit/537.36 (KHTML, like Gecko) Chrome/133.0.0.0 Safari/537.36 Edg/133.0.0.0"
124.253.204.60 - - [27/Jun/2026:09:37:16 +0330] "GET /wp-login.php HTTP/2" 200 3407 "-" "Mozilla/5.0 (Windows NT 10.0; Win64; x64) AppleWebKit/537.36 (KHTML, like Gecko) Chrome/120.0.0.0 Safari/537.36"
89.58.31.106 - - [27/Jun/2026:09:23:28 +0330] "GET /wp-login.php HTTP/2" 200 3366 "-" "Mozilla/5.0 (Windows NT 10.0; Win64; x64) AppleWebKit/537.36 (KHTML, like Gecko) Chrome/120.0.0.0 Safari/537.36"
78.142.18.172 - - [27/Jun/2026:09:26:44 +0330] "GET /wp-login.php HTTP/2" 200 3369 "-" "Mozilla/5.0 (X11; Linux x86_64) AppleWebKit/537.36 (KHTML, like Gecko) Chrome/133.0.0.0 Safari/537.36 Edg/133.0.0.0"
78.142.18.172 - - [27/Jun/2026:09:26:45 +0330] "POST /wp-login.php HTTP/2" 200 1464 "https://dorfakkhabar.ir/wp-login.php" "Mozilla/5.0 (X11; Linux x86_64) AppleWebKit/537.36 (KHTML, like Gecko) Chrome/133.0.0.0 Safari/537.36 Edg/133.0.0.0"
46.105.28.235 - - [27/Jun/2026:09:28:28 +0330] "GET /wp-login.php HTTP/2" 200 3380 "-" "Mozilla/5.0 (Macintosh; Intel Mac OS X 14_7_4) AppleWebKit/537.36 (KHTML, like Gecko) Chrome/133.0.0.0 Safari/537.36"
46.105.28.235 - - [27/Jun/2026:09:28:28 +0330] "POST /wp-login.php HTTP/2" 200 1474 "https://mail.dorfakkhabar.ir/wp-login.php" "Mozilla/5.0 (Macintosh; Intel Mac OS X 14_7_4) AppleWebKit/537.36 (KHTML, like Gecko) Chrome/133.0.0.0 Safari/537.36"
164.52.120.11 - - [27/Jun/2026:09:29:00 +0330] "GET /?tag=%D8%A8%D8%B2%D8%B1%DA%AF%D8%AA%D8%B1%DB%8C%D9%86-%D8%B1%D9%88%D8%B3%D8%AA%D8%A7%DB%8C-%D8%B4%D9%87%D8%B1%D8%B3%D8%AA%D8%A7%D9%86-%D8%B1%D9%88%D8%AF%D8%A8%D8%A7%D8%B1 HTTP/2" 200 4331 "-" "Mozilla/5.0 (Windows NT 10.0; Win64; x64) AppleWebKit/537.36 (KHTML, like Gecko) Chrome/133.0.6943.141 Safari/537.36"
66.249.72.131 - - [27/Jun/2026:09:31:33 +0330] "GET /?p=12689 HTTP/1.1" 200 3453 "-" "Mozilla/5.0 (Linux; Android 6.0.1; Nexus 5X Build/MMB29P) AppleWebKit/537.36 (KHTML, like Gecko) Chrome/148.0.7778.96 Mobile Safari/537.36 (compatible; Googlebot/2.1; +http://www.google.com/bot.html)"
178.212.35.176 - - [27/Jun/2026:09:31:33 +0330] "GET /wp-login.php HTTP/2" 200 3375 "-" "Mozilla/5.0 (Windows NT 10.0; Win64; x64) AppleWebKit/537.36 (KHTML, like Gecko) Chrome/120.0.0.0 Safari/537.36"
185.213.11.86 - - [27/Jun/2026:09:32:21 +0330] "GET /?feed=rss2 HTTP/1.1" 200 52305 "-" "-"
114.119.150.227 - - [27/Jun/2026:09:33:03 +0330] "GET /wp-content/uploads/2019/02/PhotoGrid_1551039384280-136x78.jpg HTTP/1.1" 200 4342 "https://dorfakkhabar.ir/wp-content/uploads/2019/02/PhotoGrid_1551039384280-136x78.jpg" "Mozilla/5.0 (Linux; Android 7.0;) AppleWebKit/537.36 (HTML, like Gecko) Mobile Safari/537.36 (compatible; PetalBot;+https://webmaster.petalsearch.com/site/petalbot)"
93.115.150.27 - - [27/Jun/2026:09:35:15 +0330] "GET / HTTP/1.1" 200 4138 "-" "Python/3.11 aiohttp/3.9.2"
158.69.117.34 - - [27/Jun/2026:09:36:03 +0330] "GET /wp-login.php HTTP/2" 200 3472 "-" "Mozilla/5.0 (X11; Fedora; Linux x86_64) AppleWebKit/537.36 (KHTML, like Gecko) Chrome/133.0.0.0 Safari/537.36"
158.69.117.34 - - [27/Jun/2026:09:36:04 +0330] "POST /wp-login.php HTTP/2" 200 1469 "https://dorfakkhabar.ir/wp-login.php" "Mozilla/5.0 (X11; Fedora; Linux x86_64) AppleWebKit/537.36 (KHTML, like Gecko) Chrome/133.0.0.0 Safari/537.36"
195.135.196.186 - - [27/Jun/2026:09:36:38 +0330] "GET /wp-login.php HTTP/2" 200 3525 "-" "Mozilla/5.0 (Macintosh; Intel Mac OS X 10_15_7) AppleWebKit/537.36 (KHTML, like Gecko) Chrome/133.0.0.0 Safari/537.36"
195.135.196.186 - - [27/Jun/2026:09:36:48 +0330] "POST /wp-login.php HTTP/2" 200 1462 "https://mail.dorfakkhabar.ir/wp-login.php" "Mozilla/5.0 (Macintosh; Intel Mac OS X 10_15_7) AppleWebKit/537.36 (KHTML, like Gecko) Chrome/133.0.0.0 Safari/537.36"
207.7.91.167 - - [27/Jun/2026:09:38:10 +0330] "GET /wp-login.php HTTP/2" 200 3483 "-" "Mozilla/5.0 (Windows NT 10.0; Win64; x64; rv:133.0) Gecko/20100101 Firefox/133.0"
207.7.91.167 - - [27/Jun/2026:09:38:11 +0330] "POST /wp-login.php HTTP/2" 200 1481 "https://mail.dorfakkhabar.ir/wp-login.php" "Mozilla/5.0 (Windows NT 10.0; Win64; x64; rv:133.0) Gecko/20100101 Firefox/133.0"
67.20.116.98 - - [27/Jun/2026:09:44:02 +0330] "GET /wp-login.php HTTP/2" 200 3412 "-" "Mozilla/5.0 (Windows NT 10.0; Win64; x64) AppleWebKit/537.36 (KHTML, like Gecko) Chrome/120.0.0.0 Safari/537.36"
156.226.18.206 - - [27/Jun/2026:09:44:59 +0330] "GET / HTTP/2" 200 3389 "-" "Mozilla/5.0 (Windows NT 10.0; Win64; x64) AppleWebKit/537.36 (KHTML, like Gecko) Chrome/149.0.0.0 Safari/537.36"
156.226.18.206 - - [27/Jun/2026:09:45:03 +0330] "GET /favicon.ico HTTP/2" 404 796 "https://dorfakkhabar.ir/" "Mozilla/5.0 (Windows NT 10.0; Win64; x64) AppleWebKit/537.36 (KHTML, like Gecko) Chrome/149.0.0.0 Safari/537.36"
163.172.78.108 - - [27/Jun/2026:09:46:41 +0330] "GET /wp-login.php HTTP/2" 200 3377 "-" "Mozilla/5.0 (X11; Linux x86_64; rv:133.0) Gecko/20100101 Firefox/133.0"
163.172.78.108 - - [27/Jun/2026:09:46:42 +0330] "POST /wp-login.php HTTP/2" 200 1466 "https://mail.dorfakkhabar.ir/wp-login.php" "Mozilla/5.0 (X11; Linux x86_64; rv:133.0) Gecko/20100101 Firefox/133.0"
66.249.72.131 - - [27/Jun/2026:09:47:38 +0330] "GET /?p=43958 HTTP/1.1" 200 3372 "-" "Mozilla/5.0 (Linux; Android 6.0.1; Nexus 5X Build/MMB29P) AppleWebKit/537.36 (KHTML, like Gecko) Chrome/148.0.7778.96 Mobile Safari/537.36 (compatible; Googlebot/2.1; +http://www.google.com/bot.html)"
94.152.206.113 - - [27/Jun/2026:09:47:48 +0330] "GET /wp-login.php HTTP/2" 200 3373 "-" "Mozilla/5.0 (Windows NT 10.0; Win64; x64; rv:133.0) Gecko/20100101 Firefox/133.0"
94.152.206.113 - - [27/Jun/2026:09:47:50 +0330] "POST /wp-login.php HTTP/2" 200 1481 "https://mail.dorfakkhabar.ir/wp-login.php" "Mozilla/5.0 (Windows NT 10.0; Win64; x64; rv:133.0) Gecko/20100101 Firefox/133.0"
66.249.72.131 - - [27/Jun/2026:09:49:05 +0330] "GET /?cat=6 HTTP/1.1" 200 3361 "-" "Mozilla/5.0 (compatible; Googlebot/2.1; +http://www.google.com/bot.html)"
