185.176.8.77 - - [26/Jun/2026:23:15:26 +0330] "POST /wp-login.php HTTP/2" 200 3240 "https://dorfakkhabar.ir/wp-login.php" "Mozilla/5.0 (Windows NT 10.0) AppleWebKit/537.36 (KHTML, like Gecko) Chrome/133.0.0.0 Safari/537.36"
66.249.72.130 - - [26/Jun/2026:23:17:03 +0330] "GET /?p=23097 HTTP/1.1" 404 8622 "-" "Mozilla/5.0 (Linux; Android 6.0.1; Nexus 5X Build/MMB29P) AppleWebKit/537.36 (KHTML, like Gecko) Chrome/149.0.7827.196 Mobile Safari/537.36 (compatible; Googlebot/2.1; +http://www.google.com/bot.html)"
185.191.171.10 - - [26/Jun/2026:23:17:10 +0330] "GET /?cat=3&paged=30 HTTP/1.1" 404 9554 "-" "Mozilla/5.0 (compatible; SemrushBot/7~bl; +http://www.semrush.com/bot.html)"
5.135.48.114 - - [26/Jun/2026:23:19:27 +0330] "GET /wp-login.php HTTP/2" 200 3091 "-" "Mozilla/5.0 (Macintosh; Intel Mac OS X 14_7_4) AppleWebKit/537.36 (KHTML, like Gecko) Chrome/133.0.0.0 Safari/537.36"
5.135.48.114 - - [26/Jun/2026:23:19:28 +0330] "POST /wp-login.php HTTP/2" 200 3240 "https://mail.dorfakkhabar.ir/wp-login.php" "Mozilla/5.0 (Macintosh; Intel Mac OS X 14_7_4) AppleWebKit/537.36 (KHTML, like Gecko) Chrome/133.0.0.0 Safari/537.36"
40.160.63.222 - - [26/Jun/2026:23:24:13 +0330] "GET /wp-login.php HTTP/2" 200 3091 "-" "Mozilla/5.0 (Macintosh; Intel Mac OS X 10_15_7) AppleWebKit/537.36 (KHTML, like Gecko) Chrome/133.0.0.0 Safari/537.36"
40.160.63.222 - - [26/Jun/2026:23:24:15 +0330] "POST /wp-login.php HTTP/2" 200 3241 "https://dorfakkhabar.ir/wp-login.php" "Mozilla/5.0 (Macintosh; Intel Mac OS X 10_15_7) AppleWebKit/537.36 (KHTML, like Gecko) Chrome/133.0.0.0 Safari/537.36"
78.142.18.172 - - [26/Jun/2026:23:24:50 +0330] "GET /wp-login.php HTTP/2" 200 3091 "-" "Mozilla/5.0 (X11; Linux x86_64; rv:133.0) Gecko/20100101 Firefox/133.0"
78.142.18.172 - - [26/Jun/2026:23:24:51 +0330] "POST /wp-login.php HTTP/2" 200 3230 "https://dorfakkhabar.ir/wp-login.php" "Mozilla/5.0 (X11; Linux x86_64; rv:133.0) Gecko/20100101 Firefox/133.0"
108.85.15.137 - - [26/Jun/2026:23:30:02 +0330] "GET /index.php?rest_route=%2Foembed%2F1.0%2Fembed&url=https%3A%2F%2Fdorfakkhabar.ir%2F%3Fp%3D10553 HTTP/1.1" 404 91 "-" "Mozilla/5.0 (Windows NT 10.0; Win64; x64) AppleWebKit/537.36 (KHTML, like Gecko) Chrome/133.0.6943.141 Safari/537.36"
207.7.91.167 - - [26/Jun/2026:23:30:51 +0330] "GET /wp-login.php HTTP/2" 200 3081 "-" "Mozilla/5.0 (Macintosh; Intel Mac OS X 10_15_7) AppleWebKit/537.36 (KHTML, like Gecko) Chrome/133.0.0.0 Safari/537.36"
207.7.91.167 - - [26/Jun/2026:23:30:52 +0330] "POST /wp-login.php HTTP/2" 200 3240 "https://mail.dorfakkhabar.ir/wp-login.php" "Mozilla/5.0 (Macintosh; Intel Mac OS X 10_15_7) AppleWebKit/537.36 (KHTML, like Gecko) Chrome/133.0.0.0 Safari/537.36"
66.249.72.131 - - [26/Jun/2026:23:31:06 +0330] "GET /?p=43961 HTTP/1.1" 404 8623 "-" "Mozilla/5.0 (Linux; Android 6.0.1; Nexus 5X Build/MMB29P) AppleWebKit/537.36 (KHTML, like Gecko) Chrome/148.0.7778.96 Mobile Safari/537.36 (compatible; Googlebot/2.1; +http://www.google.com/bot.html)"
185.139.40.253 - - [26/Jun/2026:23:35:19 +0330] "GET /wp-login.php HTTP/2" 200 3091 "-" "Mozilla/5.0 (Windows NT 10.0; Win64; x64) AppleWebKit/537.36 (KHTML, like Gecko) Chrome/120.0.0.0 Safari/537.36"
185.139.40.253 - - [26/Jun/2026:23:35:19 +0330] "POST /wp-login.php HTTP/2" 200 3229 "https://dorfakkhabar.ir/wp-login.php" "Mozilla/5.0 (Windows NT 10.0; Win64; x64) AppleWebKit/537.36 (KHTML, like Gecko) Chrome/120.0.0.0 Safari/537.36"
104.43.48.106 - - [26/Jun/2026:23:35:25 +0330] "GET /wp-login.php HTTP/2" 200 3081 "-" "Mozilla/5.0 (X11; Fedora; Linux x86_64) AppleWebKit/537.36 (KHTML, like Gecko) Chrome/133.0.0.0 Safari/537.36"
104.43.48.106 - - [26/Jun/2026:23:35:26 +0330] "POST /wp-login.php HTTP/2" 200 3220 "https://dorfakkhabar.ir/wp-login.php" "Mozilla/5.0 (X11; Fedora; Linux x86_64) AppleWebKit/537.36 (KHTML, like Gecko) Chrome/133.0.0.0 Safari/537.36"
66.249.72.131 - - [26/Jun/2026:23:22:43 +0330] "GET /?p=31986 HTTP/1.1" 404 8623 "-" "Mozilla/5.0 (Linux; Android 6.0.1; Nexus 5X Build/MMB29P) AppleWebKit/537.36 (KHTML, like Gecko) Chrome/148.0.7778.96 Mobile Safari/537.36 (compatible; Googlebot/2.1; +http://www.google.com/bot.html)"
185.213.11.86 - - [26/Jun/2026:23:25:25 +0330] "GET /?feed=rss2 HTTP/1.1" 200 55888 "-" "-"
78.142.18.172 - - [26/Jun/2026:23:26:38 +0330] "GET /wp-login.php HTTP/2" 200 3091 "-" "Mozilla/5.0 (X11; Linux x86_64) AppleWebKit/537.36 (KHTML, like Gecko) Chrome/133.0.0.0 Safari/537.36"
78.142.18.172 - - [26/Jun/2026:23:26:39 +0330] "POST /wp-login.php HTTP/2" 200 3318 "https://mail.dorfakkhabar.ir/wp-login.php" "Mozilla/5.0 (X11; Linux x86_64) AppleWebKit/537.36 (KHTML, like Gecko) Chrome/133.0.0.0 Safari/537.36"
93.115.150.27 - - [26/Jun/2026:23:35:13 +0330] "GET / HTTP/1.1" 200 14571 "-" "Python/3.11 aiohttp/3.9.2"
54.37.252.231 - - [26/Jun/2026:23:41:33 +0330] "GET /robots.txt HTTP/1.1" 200 72 "-" "Mozilla/5.0 (compatible; MJ12bot/v1.4.8; http://mj12bot.com/)"
54.37.252.231 - - [26/Jun/2026:23:41:35 +0330] "GET /?print=1 HTTP/1.1" 200 321 "-" "Mozilla/5.0 (compatible; MJ12bot/v1.4.8; http://mj12bot.com/)"
66.249.72.132 - - [26/Jun/2026:23:42:10 +0330] "GET /?p=34118 HTTP/1.1" 404 8623 "-" "Mozilla/5.0 (Linux; Android 6.0.1; Nexus 5X Build/MMB29P) AppleWebKit/537.36 (KHTML, like Gecko) Chrome/148.0.7778.96 Mobile Safari/537.36 (compatible; Googlebot/2.1; +http://www.google.com/bot.html)"
107.175.94.125 - - [26/Jun/2026:23:44:25 +0330] "GET /wp-login.php HTTP/2" 200 3091 "-" "Mozilla/5.0 (Windows NT 10.0; Win64; x64) AppleWebKit/537.36 (KHTML, like Gecko) Chrome/120.0.0.0 Safari/537.36"
107.175.94.125 - - [26/Jun/2026:23:44:26 +0330] "POST /wp-login.php HTTP/2" 200 3230 "https://dorfakkhabar.ir/wp-login.php" "Mozilla/5.0 (Windows NT 10.0; Win64; x64) AppleWebKit/537.36 (KHTML, like Gecko) Chrome/120.0.0.0 Safari/537.36"
155.254.17.105 - - [26/Jun/2026:23:45:06 +0330] "GET /wp-login.php HTTP/2" 200 3091 "-" "Mozilla/5.0 (Windows NT 10.0; Win64; x64; rv:133.0) Gecko/20100101 Firefox/133.0"
155.254.17.105 - - [26/Jun/2026:23:45:08 +0330] "POST /wp-login.php HTTP/2" 200 3230 "https://dorfakkhabar.ir/wp-login.php" "Mozilla/5.0 (Windows NT 10.0; Win64; x64; rv:133.0) Gecko/20100101 Firefox/133.0"
164.52.120.11 - - [26/Jun/2026:23:46:30 +0330] "GET /wp-content/uploads/2023/08/IMG_20230824_163245_253-136x78.jpg HTTP/1.1" 301 0 "-" "Mozilla/5.0 (Windows NT 10.0; Win64; x64) AppleWebKit/537.36 (KHTML, like Gecko) Chrome/133.0.6943.141 Safari/537.36"
164.52.120.5 - - [26/Jun/2026:23:46:48 +0330] "GET /wp-content/uploads/2023/08/IMG_20230824_163245_253-136x78.jpg/ HTTP/1.1" 200 14434 "-" "Mozilla/5.0 (Windows NT 10.0; Win64; x64) AppleWebKit/537.36 (KHTML, like Gecko) Chrome/133.0.6943.141 Safari/537.36"
66.249.72.131 - - [26/Jun/2026:23:47:51 +0330] "GET /?p=141 HTTP/1.1" 200 12113 "-" "Mozilla/5.0 (Linux; Android 6.0.1; Nexus 5X Build/MMB29P) AppleWebKit/537.36 (KHTML, like Gecko) Chrome/148.0.7778.96 Mobile Safari/537.36 (compatible; Googlebot/2.1; +http://www.google.com/bot.html)"
17.22.253.155 - - [26/Jun/2026:23:49:47 +0330] "GET /?p=37140 HTTP/2" 404 9554 "-" "Mozilla/5.0 (Macintosh; Intel Mac OS X 10_15_7) AppleWebKit/605.1.15 (KHTML, like Gecko) Version/17.4 Safari/605.1.15 (Applebot/0.1; +http://www.apple.com/go/applebot)"
185.176.8.77 - - [26/Jun/2026:23:51:37 +0330] "GET /wp-login.php HTTP/2" 200 3081 "-" "Mozilla/5.0 (Windows NT 10.0; Win64; x64) AppleWebKit/537.36 (KHTML, like Gecko) Chrome/120.0.0.0 Safari/537.36"
185.176.8.77 - - [26/Jun/2026:23:51:38 +0330] "POST /wp-login.php HTTP/2" 200 3318 "https://mail.dorfakkhabar.ir/wp-login.php" "Mozilla/5.0 (Windows NT 10.0; Win64; x64) AppleWebKit/537.36 (KHTML, like Gecko) Chrome/120.0.0.0 Safari/537.36"
51.195.235.22 - - [26/Jun/2026:23:36:44 +0330] "GET /wp-login.php HTTP/2" 200 3091 "-" "Mozilla/5.0 (Macintosh; Intel Mac OS X 11_7_10) AppleWebKit/537.36 (KHTML, like Gecko) Chrome/133.0.0.0 Safari/537.36"
51.195.235.22 - - [26/Jun/2026:23:36:45 +0330] "POST /wp-login.php HTTP/2" 200 3241 "https://mail.dorfakkhabar.ir/wp-login.php" "Mozilla/5.0 (Macintosh; Intel Mac OS X 11_7_10) AppleWebKit/537.36 (KHTML, like Gecko) Chrome/133.0.0.0 Safari/537.36"
103.75.185.95 - - [26/Jun/2026:23:36:51 +0330] "GET /wp-login.php HTTP/2" 200 3091 "-" "Mozilla/5.0 (X11; Linux x86_64) AppleWebKit/537.36 (KHTML, like Gecko) Chrome/133.0.0.0 Safari/537.36"
103.75.185.95 - - [26/Jun/2026:23:36:52 +0330] "POST /wp-login.php HTTP/2" 200 3318 "https://mail.dorfakkhabar.ir/wp-login.php" "Mozilla/5.0 (X11; Linux x86_64) AppleWebKit/537.36 (KHTML, like Gecko) Chrome/133.0.0.0 Safari/537.36"
119.195.102.159 - - [26/Jun/2026:23:41:39 +0330] "GET /wp-login.php HTTP/2" 200 3091 "-" "Mozilla/5.0 (X11; Linux x86_64) AppleWebKit/537.36 (KHTML, like Gecko) Chrome/133.0.0.0 Safari/537.36"
119.195.102.159 - - [26/Jun/2026:23:41:41 +0330] "POST /wp-login.php HTTP/2" 200 3240 "https://mail.dorfakkhabar.ir/wp-login.php" "Mozilla/5.0 (X11; Linux x86_64) AppleWebKit/537.36 (KHTML, like Gecko) Chrome/133.0.0.0 Safari/537.36"
52.40.87.102 - - [26/Jun/2026:23:44:03 +0330] "GET /wp-login.php HTTP/2" 200 3091 "-" "Mozilla/5.0 (Macintosh; Intel Mac OS X 10_15_7) AppleWebKit/605.1.15 (KHTML, like Gecko) Version/18.3 Safari/605.1.15"
52.40.87.102 - - [26/Jun/2026:23:44:04 +0330] "POST /wp-login.php HTTP/2" 200 3232 "https://dorfakkhabar.ir/wp-login.php" "Mozilla/5.0 (Macintosh; Intel Mac OS X 10_15_7) AppleWebKit/605.1.15 (KHTML, like Gecko) Version/18.3 Safari/605.1.15"
13.201.102.29 - - [26/Jun/2026:23:44:49 +0330] "GET /wp-login.php HTTP/2" 200 3091 "-" "Mozilla/5.0 (Windows NT 10.0; Win64; x64) AppleWebKit/537.36 (KHTML, like Gecko) Chrome/133.0.0.0 Safari/537.36"
13.201.102.29 - - [26/Jun/2026:23:44:50 +0330] "POST /wp-login.php HTTP/2" 200 3240 "https://dorfakkhabar.ir/wp-login.php" "Mozilla/5.0 (Windows NT 10.0; Win64; x64) AppleWebKit/537.36 (KHTML, like Gecko) Chrome/133.0.0.0 Safari/537.36"
164.52.120.14 - - [26/Jun/2026:23:46:40 +0330] "GET /wp-content/uploads/2023/08/IMG_20230824_163245_253-136x78.jpg HTTP/1.1" 301 0 "-" "Mozilla/5.0 (Windows NT 10.0; Win64; x64) AppleWebKit/537.36 (KHTML, like Gecko) Chrome/133.0.6943.141 Safari/537.36"
103.75.185.95 - - [26/Jun/2026:23:47:11 +0330] "GET /wp-login.php HTTP/2" 200 3091 "-" "Mozilla/5.0 (X11; Linux x86_64) AppleWebKit/537.36 (KHTML, like Gecko) Chrome/133.0.0.0 Safari/537.36"
103.75.185.95 - - [26/Jun/2026:23:47:13 +0330] "POST /wp-login.php HTTP/2" 200 3308 "https://mail.dorfakkhabar.ir/wp-login.php" "Mozilla/5.0 (X11; Linux x86_64) AppleWebKit/537.36 (KHTML, like Gecko) Chrome/133.0.0.0 Safari/537.36"
66.249.72.131 - - [26/Jun/2026:23:50:17 +0330] "GET /?p=51243 HTTP/1.1" 404 8648 "-" "Mozilla/5.0 (Linux; Android 6.0.1; Nexus 5X Build/MMB29P) AppleWebKit/537.36 (KHTML, like Gecko) Chrome/148.0.7778.96 Mobile Safari/537.36 (compatible; Googlebot/2.1; +http://www.google.com/bot.html)"
46.62.248.133 - - [26/Jun/2026:23:53:37 +0330] "GET /wp-login.php HTTP/2" 200 3091 "-" "Mozilla/5.0 (Windows NT 10.0; WOW64) AppleWebKit/537.36 (KHTML, like Gecko) Chrome/133.0.0.0 Safari/537.36"
46.62.248.133 - - [26/Jun/2026:23:53:38 +0330] "POST /wp-login.php HTTP/2" 200 3241 "https://dorfakkhabar.ir/wp-login.php" "Mozilla/5.0 (Windows NT 10.0; WOW64) AppleWebKit/537.36 (KHTML, like Gecko) Chrome/133.0.0.0 Safari/537.36"
17.241.227.76 - - [26/Jun/2026:23:55:45 +0330] "GET /?p=13061 HTTP/2" 404 9554 "-" "Mozilla/5.0 (Macintosh; Intel Mac OS X 10_15_7) AppleWebKit/605.1.15 (KHTML, like Gecko) Version/17.4 Safari/605.1.15 (Applebot/0.1; +http://www.apple.com/go/applebot)"
185.191.171.3 - - [26/Jun/2026:23:57:58 +0330] "GET /?p=1980 HTTP/1.1" 404 9554 "-" "Mozilla/5.0 (compatible; SemrushBot/7~bl; +http://www.semrush.com/bot.html)"
119.195.102.159 - - [26/Jun/2026:23:57:59 +0330] "GET /wp-login.php HTTP/2" 200 3091 "-" "Mozilla/5.0 (Windows NT 10.0; Win64; x64) AppleWebKit/537.36 (KHTML, like Gecko) Chrome/133.0.0.0 Safari/537.36"
119.195.102.159 - - [26/Jun/2026:23:58:00 +0330] "POST /wp-login.php HTTP/2" 200 3232 "https://mail.dorfakkhabar.ir/wp-login.php" "Mozilla/5.0 (Windows NT 10.0; Win64; x64) AppleWebKit/537.36 (KHTML, like Gecko) Chrome/133.0.0.0 Safari/537.36"
195.3.220.7 - - [27/Jun/2026:00:00:56 +0330] "GET /simple.php HTTP/1.1" 301 0 "-" "Mozilla/5.0 (Linux; Android 7.0; SM-G892A Build/NRD90M; wv) AppleWebKit/537.36 (KHTML, like Gecko) Version/4.0 Chrome/60.0.3112.107 Mobile Safari/537.36"
195.3.220.7 - - [27/Jun/2026:00:00:56 +0330] "GET /simple.php/ HTTP/1.1" 200 12287 "-" "Mozilla/5.0 (Linux; Android 7.0; SM-G892A Build/NRD90M; wv) AppleWebKit/537.36 (KHTML, like Gecko) Version/4.0 Chrome/60.0.3112.107 Mobile Safari/537.36"
195.3.220.7 - - [27/Jun/2026:00:00:59 +0330] "GET /input.php HTTP/1.1" 301 0 "-" "Mozilla/5.0 (Linux; Android 7.0; SM-G892A Build/NRD90M; wv) AppleWebKit/537.36 (KHTML, like Gecko) Version/4.0 Chrome/60.0.3112.107 Mobile Safari/537.36"
195.3.220.7 - - [27/Jun/2026:00:00:59 +0330] "GET /input.php/ HTTP/1.1" 200 12251 "-" "Mozilla/5.0 (Linux; Android 7.0; SM-G892A Build/NRD90M; wv) AppleWebKit/537.36 (KHTML, like Gecko) Version/4.0 Chrome/60.0.3112.107 Mobile Safari/537.36"
195.3.220.7 - - [27/Jun/2026:00:01:02 +0330] "GET /wp-content/index.php HTTP/1.1" 200 26801 "-" "Mozilla/5.0 (Linux; Android 7.0; SM-G892A Build/NRD90M; wv) AppleWebKit/537.36 (KHTML, like Gecko) Version/4.0 Chrome/60.0.3112.107 Mobile Safari/537.36"
195.3.220.7 - - [27/Jun/2026:00:01:03 +0330] "GET /wp-content/plugins/pwnd/pwnd.php HTTP/1.1" 403 787 "-" "Mozilla/5.0 (Linux; Android 7.0; SM-G892A Build/NRD90M; wv) AppleWebKit/537.36 (KHTML, like Gecko) Version/4.0 Chrome/60.0.3112.107 Mobile Safari/537.36"
195.3.220.7 - - [27/Jun/2026:00:01:04 +0330] "GET /wp-content/plugins/pwnd-1/pwnd.php HTTP/1.1" 301 0 "-" "Mozilla/5.0 (Linux; Android 7.0; SM-G892A Build/NRD90M; wv) AppleWebKit/537.36 (KHTML, like Gecko) Version/4.0 Chrome/60.0.3112.107 Mobile Safari/537.36"
195.3.220.7 - - [27/Jun/2026:00:01:05 +0330] "GET /wp-content/plugins/pwnd-1/pwnd.php/ HTTP/1.1" 200 12291 "-" "Mozilla/5.0 (Linux; Android 7.0; SM-G892A Build/NRD90M; wv) AppleWebKit/537.36 (KHTML, like Gecko) Version/4.0 Chrome/60.0.3112.107 Mobile Safari/537.36"
195.3.220.7 - - [27/Jun/2026:00:01:07 +0330] "GET /wp-content/plugins/simple/simple.php HTTP/1.1" 301 0 "-" "Mozilla/5.0 (Linux; Android 7.0; SM-G892A Build/NRD90M; wv) AppleWebKit/537.36 (KHTML, like Gecko) Version/4.0 Chrome/60.0.3112.107 Mobile Safari/537.36"
195.3.220.7 - - [27/Jun/2026:00:01:08 +0330] "GET /wp-content/plugins/simple/simple.php/ HTTP/1.1" 200 12238 "-" "Mozilla/5.0 (Linux; Android 7.0; SM-G892A Build/NRD90M; wv) AppleWebKit/537.36 (KHTML, like Gecko) Version/4.0 Chrome/60.0.3112.107 Mobile Safari/537.36"
195.3.220.7 - - [27/Jun/2026:00:01:11 +0330] "GET /wp-content/worksec.php HTTP/1.1" 301 0 "-" "Mozilla/5.0 (Linux; Android 7.0; SM-G892A Build/NRD90M; wv) AppleWebKit/537.36 (KHTML, like Gecko) Version/4.0 Chrome/60.0.3112.107 Mobile Safari/537.36"
173.247.255.22 - - [26/Jun/2026:23:54:05 +0330] "GET /wp-login.php HTTP/2" 200 3081 "-" "Mozilla/5.0 (Windows NT 10.0; Win64; x64) AppleWebKit/537.36 (KHTML, like Gecko) Chrome/133.0.0.0 Safari/537.36"
173.247.255.22 - - [26/Jun/2026:23:54:06 +0330] "POST /wp-login.php HTTP/2" 200 3230 "https://mail.dorfakkhabar.ir/wp-login.php" "Mozilla/5.0 (Windows NT 10.0; Win64; x64) AppleWebKit/537.36 (KHTML, like Gecko) Chrome/133.0.0.0 Safari/537.36"
52.40.87.102 - - [26/Jun/2026:23:55:04 +0330] "GET /wp-login.php HTTP/2" 200 3091 "-" "Mozilla/5.0 (X11; Linux x86_64) AppleWebKit/537.36 (KHTML, like Gecko) Chrome/133.0.0.0 Safari/537.36 Edg/133.0.0.0"
52.40.87.102 - - [26/Jun/2026:23:55:05 +0330] "POST /wp-login.php HTTP/2" 200 3240 "https://dorfakkhabar.ir/wp-login.php" "Mozilla/5.0 (X11; Linux x86_64) AppleWebKit/537.36 (KHTML, like Gecko) Chrome/133.0.0.0 Safari/537.36 Edg/133.0.0.0"
103.127.30.137 - - [26/Jun/2026:23:55:25 +0330] "GET /wp-login.php HTTP/2" 200 3091 "-" "Mozilla/5.0 (X11; Linux i686) AppleWebKit/537.36 (KHTML, like Gecko) Chrome/133.0.0.0 Safari/537.36"
103.127.30.137 - - [26/Jun/2026:23:55:27 +0330] "POST /wp-login.php HTTP/2" 200 3230 "https://dorfakkhabar.ir/wp-login.php" "Mozilla/5.0 (X11; Linux i686) AppleWebKit/537.36 (KHTML, like Gecko) Chrome/133.0.0.0 Safari/537.36"
163.172.78.108 - - [26/Jun/2026:23:57:48 +0330] "GET /wp-login.php HTTP/2" 200 3091 "-" "Mozilla/5.0 (X11; Linux x86_64) AppleWebKit/537.36 (KHTML, like Gecko) Chrome/133.0.0.0 Safari/537.36"
163.172.78.108 - - [26/Jun/2026:23:57:48 +0330] "POST /wp-login.php HTTP/2" 200 3318 "https://mail.dorfakkhabar.ir/wp-login.php" "Mozilla/5.0 (X11; Linux x86_64) AppleWebKit/537.36 (KHTML, like Gecko) Chrome/133.0.0.0 Safari/537.36"
195.3.220.7 - - [27/Jun/2026:00:00:54 +0330] "GET /chosen.php HTTP/1.1" 301 0 "-" "Mozilla/5.0 (Linux; Android 7.0; SM-G892A Build/NRD90M; wv) AppleWebKit/537.36 (KHTML, like Gecko) Version/4.0 Chrome/60.0.3112.107 Mobile Safari/537.36"
195.3.220.7 - - [27/Jun/2026:00:00:55 +0330] "GET /chosen.php/ HTTP/1.1" 200 12243 "-" "Mozilla/5.0 (Linux; Android 7.0; SM-G892A Build/NRD90M; wv) AppleWebKit/537.36 (KHTML, like Gecko) Version/4.0 Chrome/60.0.3112.107 Mobile Safari/537.36"
195.3.220.7 - - [27/Jun/2026:00:01:01 +0330] "GET /wp-content/plugins/fix/up.php HTTP/1.1" 301 0 "-" "Mozilla/5.0 (Linux; Android 7.0; SM-G892A Build/NRD90M; wv) AppleWebKit/537.36 (KHTML, like Gecko) Version/4.0 Chrome/60.0.3112.107 Mobile Safari/537.36"
195.3.220.7 - - [27/Jun/2026:00:01:01 +0330] "GET /wp-content/plugins/fix/up.php/ HTTP/1.1" 200 12245 "-" "Mozilla/5.0 (Linux; Android 7.0; SM-G892A Build/NRD90M; wv) AppleWebKit/537.36 (KHTML, like Gecko) Version/4.0 Chrome/60.0.3112.107 Mobile Safari/537.36"
195.3.220.7 - - [27/Jun/2026:00:01:09 +0330] "GET /worksec.php HTTP/1.1" 301 0 "-" "Mozilla/5.0 (Linux; Android 7.0; SM-G892A Build/NRD90M; wv) AppleWebKit/537.36 (KHTML, like Gecko) Version/4.0 Chrome/60.0.3112.107 Mobile Safari/537.36"
195.3.220.7 - - [27/Jun/2026:00:01:10 +0330] "GET /worksec.php/ HTTP/1.1" 200 12220 "-" "Mozilla/5.0 (Linux; Android 7.0; SM-G892A Build/NRD90M; wv) AppleWebKit/537.36 (KHTML, like Gecko) Version/4.0 Chrome/60.0.3112.107 Mobile Safari/537.36"
195.3.220.7 - - [27/Jun/2026:00:01:22 +0330] "GET /wp-content/languages/index.php HTTP/1.1" 301 0 "-" "Mozilla/5.0 (Linux; Android 7.0; SM-G892A Build/NRD90M; wv) AppleWebKit/537.36 (KHTML, like Gecko) Version/4.0 Chrome/60.0.3112.107 Mobile Safari/537.36"
195.3.220.7 - - [27/Jun/2026:00:01:24 +0330] "GET /wp-content/languages/ HTTP/1.1" 200 3587 "-" "Mozilla/5.0 (Linux; Android 7.0; SM-G892A Build/NRD90M; wv) AppleWebKit/537.36 (KHTML, like Gecko) Version/4.0 Chrome/60.0.3112.107 Mobile Safari/537.36"
195.3.220.7 - - [27/Jun/2026:00:01:27 +0330] "GET /wp-content/themes/index.php HTTP/1.1" 200 0 "-" "Mozilla/5.0 (Linux; Android 7.0; SM-G892A Build/NRD90M; wv) AppleWebKit/537.36 (KHTML, like Gecko) Version/4.0 Chrome/60.0.3112.107 Mobile Safari/537.36"
195.3.220.7 - - [27/Jun/2026:00:01:12 +0330] "GET /wp-content/worksec.php/ HTTP/1.1" 200 12225 "-" "Mozilla/5.0 (Linux; Android 7.0; SM-G892A Build/NRD90M; wv) AppleWebKit/537.36 (KHTML, like Gecko) Version/4.0 Chrome/60.0.3112.107 Mobile Safari/537.36"
195.3.220.7 - - [27/Jun/2026:00:01:14 +0330] "GET /wp-content/themes/twentynineteen/404.php HTTP/1.1" 301 0 "-" "Mozilla/5.0 (Linux; Android 7.0; SM-G892A Build/NRD90M; wv) AppleWebKit/537.36 (KHTML, like Gecko) Version/4.0 Chrome/60.0.3112.107 Mobile Safari/537.36"
195.3.220.7 - - [27/Jun/2026:00:01:15 +0330] "GET /wp-content/themes/twentynineteen/404.php/ HTTP/1.1" 200 12181 "-" "Mozilla/5.0 (Linux; Android 7.0; SM-G892A Build/NRD90M; wv) AppleWebKit/537.36 (KHTML, like Gecko) Version/4.0 Chrome/60.0.3112.107 Mobile Safari/537.36"
195.3.220.7 - - [27/Jun/2026:00:01:16 +0330] "GET /wp-content/themes/twentytwentyone/404.php HTTP/1.1" 301 0 "-" "Mozilla/5.0 (Linux; Android 7.0; SM-G892A Build/NRD90M; wv) AppleWebKit/537.36 (KHTML, like Gecko) Version/4.0 Chrome/60.0.3112.107 Mobile Safari/537.36"
195.3.220.7 - - [27/Jun/2026:00:01:17 +0330] "GET /wp-content/themes/twentytwentyone/404.php/ HTTP/1.1" 200 12285 "-" "Mozilla/5.0 (Linux; Android 7.0; SM-G892A Build/NRD90M; wv) AppleWebKit/537.36 (KHTML, like Gecko) Version/4.0 Chrome/60.0.3112.107 Mobile Safari/537.36"
195.3.220.7 - - [27/Jun/2026:00:01:18 +0330] "GET /wp-content/cache/index.php HTTP/1.1" 301 0 "-" "Mozilla/5.0 (Linux; Android 7.0; SM-G892A Build/NRD90M; wv) AppleWebKit/537.36 (KHTML, like Gecko) Version/4.0 Chrome/60.0.3112.107 Mobile Safari/537.36"
195.3.220.7 - - [27/Jun/2026:00:01:19 +0330] "GET /wp-content/cache/ HTTP/1.1" 200 12278 "-" "Mozilla/5.0 (Linux; Android 7.0; SM-G892A Build/NRD90M; wv) AppleWebKit/537.36 (KHTML, like Gecko) Version/4.0 Chrome/60.0.3112.107 Mobile Safari/537.36"
195.3.220.7 - - [27/Jun/2026:00:01:20 +0330] "GET /wp-content/index.php HTTP/1.1" 200 26801 "-" "Mozilla/5.0 (Linux; Android 7.0; SM-G892A Build/NRD90M; wv) AppleWebKit/537.36 (KHTML, like Gecko) Version/4.0 Chrome/60.0.3112.107 Mobile Safari/537.36"
195.3.220.7 - - [27/Jun/2026:00:01:26 +0330] "GET /wp-content/plugins/index.php HTTP/1.1" 200 0 "-" "Mozilla/5.0 (Linux; Android 7.0; SM-G892A Build/NRD90M; wv) AppleWebKit/537.36 (KHTML, like Gecko) Version/4.0 Chrome/60.0.3112.107 Mobile Safari/537.36"
195.3.220.7 - - [27/Jun/2026:00:01:28 +0330] "GET /wp-content/upgrade/index.php HTTP/1.1" 301 0 "-" "Mozilla/5.0 (Linux; Android 7.0; SM-G892A Build/NRD90M; wv) AppleWebKit/537.36 (KHTML, like Gecko) Version/4.0 Chrome/60.0.3112.107 Mobile Safari/537.36"
195.3.220.7 - - [27/Jun/2026:00:01:28 +0330] "GET /wp-content/upgrade/ HTTP/1.1" 200 545 "-" "Mozilla/5.0 (Linux; Android 7.0; SM-G892A Build/NRD90M; wv) AppleWebKit/537.36 (KHTML, like Gecko) Version/4.0 Chrome/60.0.3112.107 Mobile Safari/537.36"
86.48.3.157 - - [27/Jun/2026:00:01:28 +0330] "GET /wp-login.php HTTP/2" 200 3091 "-" "Mozilla/5.0 (Windows NT 10.0; WOW64) AppleWebKit/537.36 (KHTML, like Gecko) Chrome/133.0.0.0 Safari/537.36"
195.3.220.7 - - [27/Jun/2026:00:01:29 +0330] "GET /wp-content/uploads/index.php HTTP/1.1" 301 0 "-" "Mozilla/5.0 (Linux; Android 7.0; SM-G892A Build/NRD90M; wv) AppleWebKit/537.36 (KHTML, like Gecko) Version/4.0 Chrome/60.0.3112.107 Mobile Safari/537.36"
86.48.3.157 - - [27/Jun/2026:00:01:29 +0330] "POST /wp-login.php HTTP/2" 200 3240 "https://mail.dorfakkhabar.ir/wp-login.php" "Mozilla/5.0 (Windows NT 10.0; WOW64) AppleWebKit/537.36 (KHTML, like Gecko) Chrome/133.0.0.0 Safari/537.36"
195.3.220.7 - - [27/Jun/2026:00:01:29 +0330] "GET /wp-content/uploads/ HTTP/1.1" 200 659 "-" "Mozilla/5.0 (Linux; Android 7.0; SM-G892A Build/NRD90M; wv) AppleWebKit/537.36 (KHTML, like Gecko) Version/4.0 Chrome/60.0.3112.107 Mobile Safari/537.36"
195.3.220.7 - - [27/Jun/2026:00:01:31 +0330] "GET /wp-content/themes/Divi/404.php HTTP/1.1" 301 0 "-" "Mozilla/5.0 (Linux; Android 7.0; SM-G892A Build/NRD90M; wv) AppleWebKit/537.36 (KHTML, like Gecko) Version/4.0 Chrome/60.0.3112.107 Mobile Safari/537.36"
195.3.220.7 - - [27/Jun/2026:00:01:30 +0330] "GET /wp-admin/index.php HTTP/1.1" 302 0 "-" "Mozilla/5.0 (Linux; Android 7.0; SM-G892A Build/NRD90M; wv) AppleWebKit/537.36 (KHTML, like Gecko) Version/4.0 Chrome/60.0.3112.107 Mobile Safari/537.36"
195.3.220.7 - - [27/Jun/2026:00:01:30 +0330] "GET /wp-login.php?redirect_to=https%3A%2F%2Fdorfakkhabar.ir%2Fwp-admin%2Findex.php&reauth=1 HTTP/1.1" 200 3107 "-" "Mozilla/5.0 (Linux; Android 7.0; SM-G892A Build/NRD90M; wv) AppleWebKit/537.36 (KHTML, like Gecko) Version/4.0 Chrome/60.0.3112.107 Mobile Safari/537.36"
195.3.220.7 - - [27/Jun/2026:00:01:36 +0330] "GET /wp-admin/images/index.php HTTP/1.1" 301 0 "-" "Mozilla/5.0 (Linux; Android 7.0; SM-G892A Build/NRD90M; wv) AppleWebKit/537.36 (KHTML, like Gecko) Version/4.0 Chrome/60.0.3112.107 Mobile Safari/537.36"
195.3.220.7 - - [27/Jun/2026:00:01:37 +0330] "GET /wp-admin/images/ HTTP/1.1" 200 3024 "-" "Mozilla/5.0 (Linux; Android 7.0; SM-G892A Build/NRD90M; wv) AppleWebKit/537.36 (KHTML, like Gecko) Version/4.0 Chrome/60.0.3112.107 Mobile Safari/537.36"
195.3.220.7 - - [27/Jun/2026:00:01:38 +0330] "GET /wp-admin/includes/index.php HTTP/1.1" 403 787 "-" "Mozilla/5.0 (Linux; Android 7.0; SM-G892A Build/NRD90M; wv) AppleWebKit/537.36 (KHTML, like Gecko) Version/4.0 Chrome/60.0.3112.107 Mobile Safari/537.36"
195.3.220.7 - - [27/Jun/2026:00:01:38 +0330] "GET /wp-admin/js/index.php HTTP/1.1" 301 0 "-" "Mozilla/5.0 (Linux; Android 7.0; SM-G892A Build/NRD90M; wv) AppleWebKit/537.36 (KHTML, like Gecko) Version/4.0 Chrome/60.0.3112.107 Mobile Safari/537.36"
195.3.220.7 - - [27/Jun/2026:00:01:39 +0330] "GET /wp-admin/js/ HTTP/1.1" 200 3598 "-" "Mozilla/5.0 (Linux; Android 7.0; SM-G892A Build/NRD90M; wv) AppleWebKit/537.36 (KHTML, like Gecko) Version/4.0 Chrome/60.0.3112.107 Mobile Safari/537.36"
195.3.220.7 - - [27/Jun/2026:00:01:39 +0330] "GET /wp-admin/network/index.php HTTP/1.1" 302 0 "-" "Mozilla/5.0 (Linux; Android 7.0; SM-G892A Build/NRD90M; wv) AppleWebKit/537.36 (KHTML, like Gecko) Version/4.0 Chrome/60.0.3112.107 Mobile Safari/537.36"
195.3.220.7 - - [27/Jun/2026:00:01:40 +0330] "GET /wp-login.php?redirect_to=https%3A%2F%2Fdorfakkhabar.ir%2Fwp-admin%2Fnetwork%2Findex.php&reauth=1 HTTP/1.1" 200 3116 "-" "Mozilla/5.0 (Linux; Android 7.0; SM-G892A Build/NRD90M; wv) AppleWebKit/537.36 (KHTML, like Gecko) Version/4.0 Chrome/60.0.3112.107 Mobile Safari/537.36"
195.3.220.7 - - [27/Jun/2026:00:01:41 +0330] "GET /wp-admin/user/index.php HTTP/1.1" 302 0 "-" "Mozilla/5.0 (Linux; Android 7.0; SM-G892A Build/NRD90M; wv) AppleWebKit/537.36 (KHTML, like Gecko) Version/4.0 Chrome/60.0.3112.107 Mobile Safari/537.36"
195.3.220.7 - - [27/Jun/2026:00:01:42 +0330] "GET /wp-login.php?redirect_to=https%3A%2F%2Fdorfakkhabar.ir%2Fwp-admin%2Fuser%2Findex.php&reauth=1 HTTP/1.1" 200 3116 "-" "Mozilla/5.0 (Linux; Android 7.0; SM-G892A Build/NRD90M; wv) AppleWebKit/537.36 (KHTML, like Gecko) Version/4.0 Chrome/60.0.3112.107 Mobile Safari/537.36"
66.249.72.131 - - [27/Jun/2026:00:03:47 +0330] "GET /?p=48800 HTTP/1.1" 404 8623 "-" "Mozilla/5.0 (Linux; Android 6.0.1; Nexus 5X Build/MMB29P) AppleWebKit/537.36 (KHTML, like Gecko) Chrome/148.0.7778.96 Mobile Safari/537.36 (compatible; Googlebot/2.1; +http://www.google.com/bot.html)"
91.107.212.146 - - [27/Jun/2026:00:06:55 +0330] "GET /?feed=rss2 HTTP/1.1" 200 13348 "https://dorfakkhabar.ir/" "Mozilla/5.0 (Linux; Android 11; SM-A505FN) AppleWebKit/537.36 (KHTML, like Gecko) Chrome/103.0.5060.129 Mobile Safari/537.36"
85.208.96.197 - - [27/Jun/2026:00:07:32 +0330] "GET /?cat=2&paged=10 HTTP/1.1" 404 9554 "-" "Mozilla/5.0 (compatible; SemrushBot/7~bl; +http://www.semrush.com/bot.html)"
104.244.124.135 - - [27/Jun/2026:00:08:36 +0330] "GET /wp-login.php HTTP/2" 200 3081 "-" "Mozilla/5.0 (X11; Linux x86_64) AppleWebKit/537.36 (KHTML, like Gecko) Chrome/133.0.0.0 Safari/537.36"
104.244.124.135 - - [27/Jun/2026:00:08:38 +0330] "POST /wp-login.php HTTP/2" 200 3318 "https://mail.dorfakkhabar.ir/wp-login.php" "Mozilla/5.0 (X11; Linux x86_64) AppleWebKit/537.36 (KHTML, like Gecko) Chrome/133.0.0.0 Safari/537.36"
195.3.220.7 - - [27/Jun/2026:00:01:32 +0330] "GET /wp-content/themes/Divi/404.php/ HTTP/1.1" 200 12234 "-" "Mozilla/5.0 (Linux; Android 7.0; SM-G892A Build/NRD90M; wv) AppleWebKit/537.36 (KHTML, like Gecko) Version/4.0 Chrome/60.0.3112.107 Mobile Safari/537.36"
195.3.220.7 - - [27/Jun/2026:00:01:33 +0330] "GET /wp-admin/index.php HTTP/1.1" 302 0 "-" "Mozilla/5.0 (Linux; Android 7.0; SM-G892A Build/NRD90M; wv) AppleWebKit/537.36 (KHTML, like Gecko) Version/4.0 Chrome/60.0.3112.107 Mobile Safari/537.36"
195.3.220.7 - - [27/Jun/2026:00:01:34 +0330] "GET /wp-login.php?redirect_to=https%3A%2F%2Fdorfakkhabar.ir%2Fwp-admin%2Findex.php&reauth=1 HTTP/1.1" 200 3107 "-" "Mozilla/5.0 (Linux; Android 7.0; SM-G892A Build/NRD90M; wv) AppleWebKit/537.36 (KHTML, like Gecko) Version/4.0 Chrome/60.0.3112.107 Mobile Safari/537.36"
195.3.220.7 - - [27/Jun/2026:00:01:35 +0330] "GET /wp-admin/css/index.php HTTP/1.1" 301 0 "-" "Mozilla/5.0 (Linux; Android 7.0; SM-G892A Build/NRD90M; wv) AppleWebKit/537.36 (KHTML, like Gecko) Version/4.0 Chrome/60.0.3112.107 Mobile Safari/537.36"
195.3.220.7 - - [27/Jun/2026:00:01:35 +0330] "GET /wp-admin/css/ HTTP/1.1" 200 2992 "-" "Mozilla/5.0 (Linux; Android 7.0; SM-G892A Build/NRD90M; wv) AppleWebKit/537.36 (KHTML, like Gecko) Version/4.0 Chrome/60.0.3112.107 Mobile Safari/537.36"
195.3.220.7 - - [27/Jun/2026:00:01:39 +0330] "GET /wp-admin/maint/index.php HTTP/1.1" 403 787 "-" "Mozilla/5.0 (Linux; Android 7.0; SM-G892A Build/NRD90M; wv) AppleWebKit/537.36 (KHTML, like Gecko) Version/4.0 Chrome/60.0.3112.107 Mobile Safari/537.36"
85.215.252.72 - - [27/Jun/2026:00:03:31 +0330] "GET /wp-login.php HTTP/2" 200 3091 "-" "Mozilla/5.0 (X11; Ubuntu; Linux x86_64) AppleWebKit/537.36 (KHTML, like Gecko) Chrome/133.0.0.0 Safari/537.36"
85.215.252.72 - - [27/Jun/2026:00:03:32 +0330] "POST /wp-login.php HTTP/2" 200 3241 "https://dorfakkhabar.ir/wp-login.php" "Mozilla/5.0 (X11; Ubuntu; Linux x86_64) AppleWebKit/537.36 (KHTML, like Gecko) Chrome/133.0.0.0 Safari/537.36"
152.53.87.135 - - [27/Jun/2026:00:05:16 +0330] "GET /wp-login.php HTTP/2" 200 3081 "-" "Mozilla/5.0 (Windows NT 10.0; Win64; x64) AppleWebKit/537.36 (KHTML, like Gecko) Chrome/120.0.0.0 Safari/537.36"
152.53.87.135 - - [27/Jun/2026:00:05:18 +0330] "POST /wp-login.php HTTP/2" 200 3232 "https://dorfakkhabar.ir/wp-login.php" "Mozilla/5.0 (Windows NT 10.0; Win64; x64) AppleWebKit/537.36 (KHTML, like Gecko) Chrome/120.0.0.0 Safari/537.36"
85.215.252.72 - - [27/Jun/2026:00:05:24 +0330] "GET /wp-login.php HTTP/2" 200 3091 "-" "Mozilla/5.0 (X11; CrOS x86_64 14541.0.0) AppleWebKit/537.36 (KHTML, like Gecko) Chrome/133.0.0.0 Safari/537.36"
85.215.252.72 - - [27/Jun/2026:00:05:24 +0330] "POST /wp-login.php HTTP/2" 200 3230 "https://mail.dorfakkhabar.ir/wp-login.php" "Mozilla/5.0 (X11; CrOS x86_64 14541.0.0) AppleWebKit/537.36 (KHTML, like Gecko) Chrome/133.0.0.0 Safari/537.36"
119.195.102.159 - - [27/Jun/2026:00:05:44 +0330] "GET /wp-login.php HTTP/2" 200 3091 "-" "Mozilla/5.0 (Windows NT 10.0; WOW64) AppleWebKit/537.36 (KHTML, like Gecko) Chrome/133.0.0.0 Safari/537.36"
119.195.102.159 - - [27/Jun/2026:00:05:45 +0330] "POST /wp-login.php HTTP/2" 200 3230 "https://dorfakkhabar.ir/wp-login.php" "Mozilla/5.0 (Windows NT 10.0; WOW64) AppleWebKit/537.36 (KHTML, like Gecko) Chrome/133.0.0.0 Safari/537.36"
163.172.78.108 - - [27/Jun/2026:00:06:25 +0330] "GET /wp-login.php HTTP/2" 200 3091 "-" "Mozilla/5.0 (Macintosh; Intel Mac OS X 11_7_10) AppleWebKit/537.36 (KHTML, like Gecko) Chrome/133.0.0.0 Safari/537.36"
163.172.78.108 - - [27/Jun/2026:00:06:26 +0330] "POST /wp-login.php HTTP/2" 200 3240 "https://dorfakkhabar.ir/wp-login.php" "Mozilla/5.0 (Macintosh; Intel Mac OS X 11_7_10) AppleWebKit/537.36 (KHTML, like Gecko) Chrome/133.0.0.0 Safari/537.36"
155.254.17.105 - - [27/Jun/2026:00:14:58 +0330] "GET /wp-login.php HTTP/2" 200 3081 "-" "Mozilla/5.0 (Windows NT 10.0; WOW64) AppleWebKit/537.36 (KHTML, like Gecko) Chrome/133.0.0.0 Safari/537.36"
155.254.17.105 - - [27/Jun/2026:00:14:59 +0330] "POST /wp-login.php HTTP/2" 200 3232 "https://dorfakkhabar.ir/wp-login.php" "Mozilla/5.0 (Windows NT 10.0; WOW64) AppleWebKit/537.36 (KHTML, like Gecko) Chrome/133.0.0.0 Safari/537.36"
66.249.72.130 - - [27/Jun/2026:00:17:45 +0330] "GET /robots.txt HTTP/1.1" 200 72 "-" "Mozilla/5.0 (compatible; Googlebot/2.1; +http://www.google.com/bot.html)"
66.249.72.132 - - [27/Jun/2026:00:18:10 +0330] "GET /?p=52977 HTTP/1.1" 404 8623 "-" "Mozilla/5.0 (Linux; Android 6.0.1; Nexus 5X Build/MMB29P) AppleWebKit/537.36 (KHTML, like Gecko) Chrome/148.0.7778.96 Mobile Safari/537.36 (compatible; Googlebot/2.1; +http://www.google.com/bot.html)"
185.191.171.14 - - [27/Jun/2026:00:18:18 +0330] "GET /?cat=3&paged=19 HTTP/1.1" 404 9554 "-" "Mozilla/5.0 (compatible; SemrushBot/7~bl; +http://www.semrush.com/bot.html)"
66.249.72.131 - - [27/Jun/2026:00:18:42 +0330] "GET /?tag=%D8%AF%D8%A7%D9%88%D8%B1%D8%A7%D9%86-%D9%84%DB%8C%DA%AF-%D8%A8%D8%B1%D8%AA%D8%B1-%DA%AF%DB%8C%D9%84%D8%A7%D9%86 HTTP/1.1" 404 8623 "-" "Mozilla/5.0 (Linux; Android 6.0.1; Nexus 5X Build/MMB29P) AppleWebKit/537.36 (KHTML, like Gecko) Chrome/148.0.7778.96 Mobile Safari/537.36 (compatible; Googlebot/2.1; +http://www.google.com/bot.html)"
144.91.114.172 - - [27/Jun/2026:00:22:48 +0330] "GET /wp-login.php HTTP/2" 200 3091 "-" "Mozilla/5.0 (Windows NT 10.0; Win64; x64) AppleWebKit/537.36 (KHTML, like Gecko) Chrome/120.0.0.0 Safari/537.36"
144.91.114.172 - - [27/Jun/2026:00:22:49 +0330] "POST /wp-login.php HTTP/2" 200 3230 "https://dorfakkhabar.ir/wp-login.php" "Mozilla/5.0 (Windows NT 10.0; Win64; x64) AppleWebKit/537.36 (KHTML, like Gecko) Chrome/120.0.0.0 Safari/537.36"
168.63.79.147 - - [27/Jun/2026:00:25:24 +0330] "GET /wp-login.php HTTP/2" 200 3091 "-" "Mozilla/5.0 (Windows NT 10.0; Win64; x64; rv:133.0) Gecko/20100101 Firefox/133.0"
168.63.79.147 - - [27/Jun/2026:00:25:25 +0330] "POST /wp-login.php HTTP/2" 200 3230 "https://mail.dorfakkhabar.ir/wp-login.php" "Mozilla/5.0 (Windows NT 10.0; Win64; x64; rv:133.0) Gecko/20100101 Firefox/133.0"
66.249.72.132 - - [27/Jun/2026:00:26:09 +0330] "GET /?p=23365 HTTP/1.1" 404 8623 "-" "Mozilla/5.0 (Linux; Android 6.0.1; Nexus 5X Build/MMB29P) AppleWebKit/537.36 (KHTML, like Gecko) Chrome/148.0.7778.96 Mobile Safari/537.36 (compatible; Googlebot/2.1; +http://www.google.com/bot.html)"
66.249.72.130 - - [27/Jun/2026:00:11:51 +0330] "GET /?p=41545 HTTP/1.1" 404 8623 "-" "Mozilla/5.0 (Linux; Android 6.0.1; Nexus 5X Build/MMB29P) AppleWebKit/537.36 (KHTML, like Gecko) Chrome/148.0.7778.96 Mobile Safari/537.36 (compatible; Googlebot/2.1; +http://www.google.com/bot.html)"
185.176.8.77 - - [27/Jun/2026:00:15:16 +0330] "GET /wp-login.php HTTP/2" 200 3081 "-" "Mozilla/5.0 (Macintosh; Intel Mac OS X 11_7_10) AppleWebKit/537.36 (KHTML, like Gecko) Chrome/133.0.0.0 Safari/537.36"
185.176.8.77 - - [27/Jun/2026:00:15:17 +0330] "POST /wp-login.php HTTP/2" 200 3220 "https://mail.dorfakkhabar.ir/wp-login.php" "Mozilla/5.0 (Macintosh; Intel Mac OS X 11_7_10) AppleWebKit/537.36 (KHTML, like Gecko) Chrome/133.0.0.0 Safari/537.36"
103.101.58.128 - majidpress0911 [27/Jun/2026:00:16:42 +0330] "GET /wp-json/wp/v2/users/me HTTP/2" 301 0 "-" "Mozilla/5.0 (Windows NT 10.0; Win64; x64) AppleWebKit/537.36 (KHTML, like Gecko) Chrome/133.0.0.0 Safari/537.36 Edg/133.0.0.0"
103.101.58.128 - - [27/Jun/2026:00:16:56 +0330] "GET /wp-json/wp/v2/users/me/ HTTP/2" 200 0 "https://dorfakkhabar.ir/wp-json/wp/v2/users/me" "Mozilla/5.0 (Windows NT 10.0; Win64; x64) AppleWebKit/537.36 (KHTML, like Gecko) Chrome/133.0.0.0 Safari/537.36 Edg/133.0.0.0"
85.208.96.203 - - [27/Jun/2026:00:18:14 +0330] "GET /robots.txt HTTP/1.1" 200 72 "-" "Mozilla/5.0 (compatible; SemrushBot/7~bl; +http://www.semrush.com/bot.html)"
85.215.115.70 - - [27/Jun/2026:00:18:49 +0330] "GET /wp-login.php HTTP/2" 200 3091 "-" "Mozilla/5.0 (X11; Linux x86_64) AppleWebKit/537.36 (KHTML, like Gecko) Chrome/133.0.0.0 Safari/537.36"
85.215.115.70 - - [27/Jun/2026:00:18:50 +0330] "POST /wp-login.php HTTP/2" 200 3318 "https://mail.dorfakkhabar.ir/wp-login.php" "Mozilla/5.0 (X11; Linux x86_64) AppleWebKit/537.36 (KHTML, like Gecko) Chrome/133.0.0.0 Safari/537.36"
206.189.36.80 - - [27/Jun/2026:00:19:10 +0330] "GET /wp-login.php HTTP/2" 200 3091 "-" "Mozilla/5.0 (Windows NT 10.0; WOW64) AppleWebKit/537.36 (KHTML, like Gecko) Chrome/133.0.0.0 Safari/537.36"
206.189.36.80 - - [27/Jun/2026:00:19:11 +0330] "POST /wp-login.php HTTP/2" 200 3241 "https://mail.dorfakkhabar.ir/wp-login.php" "Mozilla/5.0 (Windows NT 10.0; WOW64) AppleWebKit/537.36 (KHTML, like Gecko) Chrome/133.0.0.0 Safari/537.36"
66.249.72.130 - - [27/Jun/2026:00:19:25 +0330] "GET /robots.txt HTTP/1.1" 200 72 "-" "Mozilla/5.0 (compatible; Googlebot/2.1; +http://www.google.com/bot.html)"
66.249.72.130 - - [27/Jun/2026:00:19:42 +0330] "GET /?cat=3&paged=73 HTTP/1.1" 404 8622 "-" "Mozilla/5.0 (Linux; Android 6.0.1; Nexus 5X Build/MMB29P) AppleWebKit/537.36 (KHTML, like Gecko) Chrome/148.0.7778.96 Mobile Safari/537.36 (compatible; Googlebot/2.1; +http://www.google.com/bot.html)"
85.208.96.195 - - [27/Jun/2026:00:24:15 +0330] "GET /?p=891 HTTP/1.1" 404 9554 "-" "Mozilla/5.0 (compatible; SemrushBot/7~bl; +http://www.semrush.com/bot.html)"
209.145.56.119 - - [27/Jun/2026:00:24:39 +0330] "GET /wp-login.php HTTP/2" 200 3091 "-" "Mozilla/5.0 (X11; Ubuntu; Linux x86_64) AppleWebKit/537.36 (KHTML, like Gecko) Chrome/133.0.0.0 Safari/537.36"
209.145.56.119 - - [27/Jun/2026:00:24:40 +0330] "POST /wp-login.php HTTP/2" 200 3232 "https://dorfakkhabar.ir/wp-login.php" "Mozilla/5.0 (X11; Ubuntu; Linux x86_64) AppleWebKit/537.36 (KHTML, like Gecko) Chrome/133.0.0.0 Safari/537.36"
66.249.72.131 - - [27/Jun/2026:00:25:49 +0330] "GET /robots.txt HTTP/1.1" 200 72 "-" "Mozilla/5.0 (compatible; Googlebot/2.1; +http://www.google.com/bot.html)"
66.249.72.130 - - [27/Jun/2026:00:30:10 +0330] "GET /?p=15654 HTTP/1.1" 404 8623 "-" "Mozilla/5.0 (Linux; Android 6.0.1; Nexus 5X Build/MMB29P) AppleWebKit/537.36 (KHTML, like Gecko) Chrome/148.0.7778.96 Mobile Safari/537.36 (compatible; Googlebot/2.1; +http://www.google.com/bot.html)"
158.69.215.39 - - [27/Jun/2026:00:30:53 +0330] "GET /wp-login.php HTTP/2" 200 3091 "-" "Mozilla/5.0 (X11; CrOS x86_64 14541.0.0) AppleWebKit/537.36 (KHTML, like Gecko) Chrome/133.0.0.0 Safari/537.36"
158.69.215.39 - - [27/Jun/2026:00:30:54 +0330] "POST /wp-login.php HTTP/2" 200 3308 "https://mail.dorfakkhabar.ir/wp-login.php" "Mozilla/5.0 (X11; CrOS x86_64 14541.0.0) AppleWebKit/537.36 (KHTML, like Gecko) Chrome/133.0.0.0 Safari/537.36"
163.172.78.108 - - [27/Jun/2026:00:26:37 +0330] "GET /wp-login.php HTTP/2" 200 3091 "-" "Mozilla/5.0 (X11; CrOS x86_64 14541.0.0) AppleWebKit/537.36 (KHTML, like Gecko) Chrome/133.0.0.0 Safari/537.36"
163.172.78.108 - - [27/Jun/2026:00:26:38 +0330] "POST /wp-login.php HTTP/2" 200 3240 "https://dorfakkhabar.ir/wp-login.php" "Mozilla/5.0 (X11; CrOS x86_64 14541.0.0) AppleWebKit/537.36 (KHTML, like Gecko) Chrome/133.0.0.0 Safari/537.36"
66.249.72.131 - - [27/Jun/2026:00:32:28 +0330] "GET /?cat=15&paged=56 HTTP/1.1" 404 8623 "-" "Mozilla/5.0 (Linux; Android 6.0.1; Nexus 5X Build/MMB29P) AppleWebKit/537.36 (KHTML, like Gecko) Chrome/148.0.7778.96 Mobile Safari/537.36 (compatible; Googlebot/2.1; +http://www.google.com/bot.html)"
185.109.244.91 - - [27/Jun/2026:00:34:48 +0330] "GET /wp-login.php HTTP/2" 200 3081 "-" "Mozilla/5.0 (Windows NT 10.0) AppleWebKit/537.36 (KHTML, like Gecko) Chrome/133.0.0.0 Safari/537.36"
185.109.244.91 - - [27/Jun/2026:00:34:49 +0330] "POST /wp-login.php HTTP/2" 200 3240 "https://mail.dorfakkhabar.ir/wp-login.php" "Mozilla/5.0 (Windows NT 10.0) AppleWebKit/537.36 (KHTML, like Gecko) Chrome/133.0.0.0 Safari/537.36"
155.254.17.105 - - [27/Jun/2026:00:35:00 +0330] "GET /wp-login.php HTTP/2" 200 3081 "-" "Mozilla/5.0 (X11; CrOS x86_64 14541.0.0) AppleWebKit/537.36 (KHTML, like Gecko) Chrome/133.0.0.0 Safari/537.36"
155.254.17.105 - - [27/Jun/2026:00:35:01 +0330] "POST /wp-login.php HTTP/2" 200 3220 "https://mail.dorfakkhabar.ir/wp-login.php" "Mozilla/5.0 (X11; CrOS x86_64 14541.0.0) AppleWebKit/537.36 (KHTML, like Gecko) Chrome/133.0.0.0 Safari/537.36"
93.115.150.27 - - [27/Jun/2026:00:35:20 +0330] "GET / HTTP/1.1" 200 14571 "-" "Python/3.11 aiohttp/3.9.2"
97.74.87.194 - - [27/Jun/2026:00:35:24 +0330] "GET /wp-login.php HTTP/2" 200 3081 "-" "Mozilla/5.0 (X11; Linux x86_64; rv:133.0) Gecko/20100101 Firefox/133.0"
97.74.87.194 - - [27/Jun/2026:00:35:25 +0330] "POST /wp-login.php HTTP/2" 200 3220 "https://dorfakkhabar.ir/wp-login.php" "Mozilla/5.0 (X11; Linux x86_64; rv:133.0) Gecko/20100101 Firefox/133.0"
78.142.18.172 - - [27/Jun/2026:00:35:58 +0330] "GET /wp-login.php HTTP/2" 200 3091 "-" "Mozilla/5.0 (Windows NT 10.0; WOW64) AppleWebKit/537.36 (KHTML, like Gecko) Chrome/133.0.0.0 Safari/537.36"
78.142.18.172 - - [27/Jun/2026:00:35:59 +0330] "POST /wp-login.php HTTP/2" 200 3241 "https://dorfakkhabar.ir/wp-login.php" "Mozilla/5.0 (Windows NT 10.0; WOW64) AppleWebKit/537.36 (KHTML, like Gecko) Chrome/133.0.0.0 Safari/537.36"
185.213.11.86 - - [27/Jun/2026:00:40:35 +0330] "GET /?feed=rss2 HTTP/1.1" 200 55888 "-" "-"
151.235.202.53 - - [27/Jun/2026:00:40:39 +0330] "GET /wp-content/uploads/2026/02/images-2.jpeg HTTP/1.1" 200 33455 "https://dorfakkhabar.ir/" "Mozilla/5.0 (Linux; Android 8.1.0; SM-J260F Build/M1AJB) AppleWebKit/537.36 (KHTML, like Gecko) Chrome/138.0.7204.179 Mobile Safari/537.36"
151.235.202.53 - - [27/Jun/2026:00:40:39 +0330] "GET /wp-content/uploads/2026/02/InShot_20260225_171007268-85x65.jpg HTTP/1.1" 200 2104 "https://dorfakkhabar.ir/" "Mozilla/5.0 (Linux; Android 8.1.0; SM-J260F Build/M1AJB) AppleWebKit/537.36 (KHTML, like Gecko) Chrome/138.0.7204.179 Mobile Safari/537.36"
151.235.202.53 - - [27/Jun/2026:00:40:39 +0330] "GET /wp-content/uploads/2026/02/images-2-85x65.jpeg HTTP/1.1" 200 2448 "https://dorfakkhabar.ir/" "Mozilla/5.0 (Linux; Android 8.1.0; SM-J260F Build/M1AJB) AppleWebKit/537.36 (KHTML, like Gecko) Chrome/138.0.7204.179 Mobile Safari/537.36"
151.235.202.53 - - [27/Jun/2026:00:40:39 +0330] "GET /wp-content/uploads/2026/02/IMG_20260225_193335_746-85x65.jpg HTTP/1.1" 200 2260 "https://dorfakkhabar.ir/" "Mozilla/5.0 (Linux; Android 8.1.0; SM-J260F Build/M1AJB) AppleWebKit/537.36 (KHTML, like Gecko) Chrome/138.0.7204.179 Mobile Safari/537.36"
151.235.202.53 - - [27/Jun/2026:00:40:39 +0330] "GET /wp-content/uploads/2026/02/InShot_20260225_174914067-85x65.jpg HTTP/1.1" 200 3335 "https://dorfakkhabar.ir/" "Mozilla/5.0 (Linux; Android 8.1.0; SM-J260F Build/M1AJB) AppleWebKit/537.36 (KHTML, like Gecko) Chrome/138.0.7204.179 Mobile Safari/537.36"
151.235.202.53 - - [27/Jun/2026:00:40:39 +0330] "GET /wp-content/uploads/2026/02/InShot_20260225_171007268-108x108.jpg HTTP/1.1" 200 3717 "https://dorfakkhabar.ir/" "Mozilla/5.0 (Linux; Android 8.1.0; SM-J260F Build/M1AJB) AppleWebKit/537.36 (KHTML, like Gecko) Chrome/138.0.7204.179 Mobile Safari/537.36"
151.235.202.53 - - [27/Jun/2026:00:40:39 +0330] "GET /wp-content/uploads/2026/02/IMG_20260225_193335_746.jpg HTTP/1.1" 200 142062 "https://dorfakkhabar.ir/" "Mozilla/5.0 (Linux; Android 8.1.0; SM-J260F Build/M1AJB) AppleWebKit/537.36 (KHTML, like Gecko) Chrome/138.0.7204.179 Mobile Safari/537.36"
151.235.202.53 - - [27/Jun/2026:00:40:40 +0330] "GET /wp-content/uploads/2026/02/IMG_20260225_173042_682-108x108.jpg HTTP/1.1" 200 3067 "https://dorfakkhabar.ir/" "Mozilla/5.0 (Linux; Android 8.1.0; SM-J260F Build/M1AJB) AppleWebKit/537.36 (KHTML, like Gecko) Chrome/138.0.7204.179 Mobile Safari/537.36"
151.235.202.53 - - [27/Jun/2026:00:40:40 +0330] "GET /wp-content/uploads/2026/02/InShot_20260225_174914067-108x108.jpg HTTP/1.1" 200 5363 "https://dorfakkhabar.ir/" "Mozilla/5.0 (Linux; Android 8.1.0; SM-J260F Build/M1AJB) AppleWebKit/537.36 (KHTML, like Gecko) Chrome/138.0.7204.179 Mobile Safari/537.36"
151.235.202.53 - - [27/Jun/2026:00:40:40 +0330] "GET /wp-content/uploads/2026/02/IMG_20260222_231535_342-108x108.jpg HTTP/1.1" 200 4489 "https://dorfakkhabar.ir/" "Mozilla/5.0 (Linux; Android 8.1.0; SM-J260F Build/M1AJB) AppleWebKit/537.36 (KHTML, like Gecko) Chrome/138.0.7204.179 Mobile Safari/537.36"
151.235.202.53 - - [27/Jun/2026:00:40:40 +0330] "GET /wp-content/themes/dorfakkhabar/images/search-icon.png HTTP/1.1" 200 624 "https://dorfakkhabar.ir/wp-content/themes/dorfakkhabar/style.css" "Mozilla/5.0 (Linux; Android 8.1.0; SM-J260F Build/M1AJB) AppleWebKit/537.36 (KHTML, like Gecko) Chrome/138.0.7204.179 Mobile Safari/537.36"
151.235.202.53 - - [27/Jun/2026:00:40:40 +0330] "GET /wp-content/uploads/2026/02/IMG_20260223_115210_994-108x108.jpg HTTP/1.1" 200 3651 "https://dorfakkhabar.ir/" "Mozilla/5.0 (Linux; Android 8.1.0; SM-J260F Build/M1AJB) AppleWebKit/537.36 (KHTML, like Gecko) Chrome/138.0.7204.179 Mobile Safari/537.36"
151.235.202.53 - - [27/Jun/2026:00:40:40 +0330] "GET /wp-content/uploads/2026/02/IMG_20260224_120814_769-108x108.jpg HTTP/1.1" 200 2681 "https://dorfakkhabar.ir/" "Mozilla/5.0 (Linux; Android 8.1.0; SM-J260F Build/M1AJB) AppleWebKit/537.36 (KHTML, like Gecko) Chrome/138.0.7204.179 Mobile Safari/537.36"
151.235.202.53 - - [27/Jun/2026:00:40:40 +0330] "GET /wp-content/uploads/2026/02/IMG_20260224_120113_209-108x108.jpg HTTP/1.1" 200 5002 "https://dorfakkhabar.ir/" "Mozilla/5.0 (Linux; Android 8.1.0; SM-J260F Build/M1AJB) AppleWebKit/537.36 (KHTML, like Gecko) Chrome/138.0.7204.179 Mobile Safari/537.36"
151.235.202.53 - - [27/Jun/2026:00:40:40 +0330] "GET /wp-content/uploads/2026/02/IMG_20260225_193335_746-108x108.jpg HTTP/1.1" 200 4022 "https://dorfakkhabar.ir/" "Mozilla/5.0 (Linux; Android 8.1.0; SM-J260F Build/M1AJB) AppleWebKit/537.36 (KHTML, like Gecko) Chrome/138.0.7204.179 Mobile Safari/537.36"
151.235.202.53 - - [27/Jun/2026:00:40:40 +0330] "GET /wp-content/themes/dorfakkhabar/fonts/nassim-bold.woff HTTP/1.1" 200 60768 "https://dorfakkhabar.ir/wp-content/themes/dorfakkhabar/style.css" "Mozilla/5.0 (Linux; Android 8.1.0; SM-J260F Build/M1AJB) AppleWebKit/537.36 (KHTML, like Gecko) Chrome/138.0.7204.179 Mobile Safari/537.36"
151.235.202.53 - - [27/Jun/2026:00:40:40 +0330] "GET /wp-content/themes/dorfakkhabar/fonts/Sahel.woff HTTP/1.1" 200 45340 "https://dorfakkhabar.ir/wp-content/themes/dorfakkhabar/style.css" "Mozilla/5.0 (Linux; Android 8.1.0; SM-J260F Build/M1AJB) AppleWebKit/537.36 (KHTML, like Gecko) Chrome/138.0.7204.179 Mobile Safari/537.36"
151.235.202.53 - - [27/Jun/2026:00:40:40 +0330] "GET /wp-content/uploads/2026/02/IMG_20260221_230756_748-108x108.jpg HTTP/1.1" 200 3902 "https://dorfakkhabar.ir/" "Mozilla/5.0 (Linux; Android 8.1.0; SM-J260F Build/M1AJB) AppleWebKit/537.36 (KHTML, like Gecko) Chrome/138.0.7204.179 Mobile Safari/537.36"
151.235.202.53 - - [27/Jun/2026:00:40:40 +0330] "GET /wp-content/themes/dorfakkhabar/images/icons.png HTTP/1.1" 200 8315 "https://dorfakkhabar.ir/wp-content/themes/dorfakkhabar/style.css" "Mozilla/5.0 (Linux; Android 8.1.0; SM-J260F Build/M1AJB) AppleWebKit/537.36 (KHTML, like Gecko) Chrome/138.0.7204.179 Mobile Safari/537.36"
151.235.202.53 - - [27/Jun/2026:00:40:40 +0330] "GET /wp-content/uploads/2026/02/images-2-108x108.jpeg HTTP/1.1" 200 4110 "https://dorfakkhabar.ir/" "Mozilla/5.0 (Linux; Android 8.1.0; SM-J260F Build/M1AJB) AppleWebKit/537.36 (KHTML, like Gecko) Chrome/138.0.7204.179 Mobile Safari/537.36"
151.235.202.53 - - [27/Jun/2026:00:40:40 +0330] "GET /wp-content/uploads/2026/02/IMG_20260224_104708_928-108x108.jpg HTTP/1.1" 200 5294 "https://dorfakkhabar.ir/" "Mozilla/5.0 (Linux; Android 8.1.0; SM-J260F Build/M1AJB) AppleWebKit/537.36 (KHTML, like Gecko) Chrome/138.0.7204.179 Mobile Safari/537.36"
81.167.26.57 - - [27/Jun/2026:00:35:24 +0330] "GET /robots.txt HTTP/1.1" 200 72 "-" "Mozilla/5.0 (compatible; MJ12bot/v1.4.8; http://mj12bot.com/)"
81.167.26.57 - - [27/Jun/2026:00:35:25 +0330] "GET /?print=1 HTTP/1.1" 200 321 "-" "Mozilla/5.0 (compatible; MJ12bot/v1.4.8; http://mj12bot.com/)"
185.139.40.253 - - [27/Jun/2026:00:38:30 +0330] "GET /wp-login.php HTTP/2" 200 3091 "-" "Mozilla/5.0 (Windows NT 10.0; Win64; x64) AppleWebKit/537.36 (KHTML, like Gecko) Chrome/120.0.0.0 Safari/537.36"
185.139.40.253 - - [27/Jun/2026:00:38:31 +0330] "POST /wp-login.php HTTP/2" 200 3230 "https://mail.dorfakkhabar.ir/wp-login.php" "Mozilla/5.0 (Windows NT 10.0; Win64; x64) AppleWebKit/537.36 (KHTML, like Gecko) Chrome/120.0.0.0 Safari/537.36"
152.228.220.143 - - [27/Jun/2026:00:39:45 +0330] "GET /?feed=rss2 HTTP/1.1" 200 14819 "-" "Mozilla/5.0 (X11; Linux i686) AppleWebKit/537.36 (KHTML, like Gecko) Chrome/30.0.1599.66 Safari/537.36"
40.160.227.48 - - [27/Jun/2026:00:40:09 +0330] "GET / HTTP/2" 200 12245 "-" "Mozilla/5.0 (Windows NT 10.0; Win64; x64) AppleWebKit/537.36 (KHTML, like Gecko) Chrome/131.0.0.0 Safari/537.36"
151.235.202.53 - - [27/Jun/2026:00:40:38 +0330] "GET / HTTP/2" 200 12271 "-" "Mozilla/5.0 (Linux; Android 8.1.0; SM-J260F Build/M1AJB) AppleWebKit/537.36 (KHTML, like Gecko) Chrome/138.0.7204.179 Mobile Safari/537.36"
151.235.202.53 - - [27/Jun/2026:00:40:39 +0330] "GET /wp-content/themes/dorfakkhabar/style.css HTTP/2" 200 8900 "https://dorfakkhabar.ir/" "Mozilla/5.0 (Linux; Android 8.1.0; SM-J260F Build/M1AJB) AppleWebKit/537.36 (KHTML, like Gecko) Chrome/138.0.7204.179 Mobile Safari/537.36"
151.235.202.53 - - [27/Jun/2026:00:40:39 +0330] "GET /wp-content/themes/dorfakkhabar/js/jquery.carouFredSel-5.6.4-packed.js HTTP/2" 200 11911 "https://dorfakkhabar.ir/" "Mozilla/5.0 (Linux; Android 8.1.0; SM-J260F Build/M1AJB) AppleWebKit/537.36 (KHTML, like Gecko) Chrome/138.0.7204.179 Mobile Safari/537.36"
151.235.202.53 - - [27/Jun/2026:00:40:39 +0330] "GET /wp-content/themes/dorfakkhabar/js/scripts.js?ver=3.5.2 HTTP/2" 200 298 "https://dorfakkhabar.ir/" "Mozilla/5.0 (Linux; Android 8.1.0; SM-J260F Build/M1AJB) AppleWebKit/537.36 (KHTML, like Gecko) Chrome/138.0.7204.179 Mobile Safari/537.36"
151.235.202.53 - - [27/Jun/2026:00:40:39 +0330] "GET /wp-content/themes/dorfakkhabar/js/jquery.min.js HTTP/2" 200 23862 "https://dorfakkhabar.ir/" "Mozilla/5.0 (Linux; Android 8.1.0; SM-J260F Build/M1AJB) AppleWebKit/537.36 (KHTML, like Gecko) Chrome/138.0.7204.179 Mobile Safari/537.36"
151.235.202.53 - - [27/Jun/2026:00:40:39 +0330] "GET /wp-content/uploads/2026/02/InShot_20260225_171007268-scaled.jpg HTTP/2" 200 652026 "https://dorfakkhabar.ir/" "Mozilla/5.0 (Linux; Android 8.1.0; SM-J260F Build/M1AJB) AppleWebKit/537.36 (KHTML, like Gecko) Chrome/138.0.7204.179 Mobile Safari/537.36"
66.249.81.75 - - [27/Jun/2026:00:40:40 +0330] "GET / HTTP/1.1" 200 12233 "-" "Mozilla/5.0 (Linux; Android 10; K) AppleWebKit/537.36 (KHTML, like Gecko) Chrome/138.0.0.0 Mobile Safari/537.36 (compatible; Google-Read-Aloud; +https://support.google.com/webmasters/answer/1061943)"
66.249.81.75 - - [27/Jun/2026:00:40:42 +0330] "GET /wp-content/themes/dorfakkhabar/js/jquery.min.js HTTP/1.1" 200 23862 "https://dorfakkhabar.ir/" "Mozilla/5.0 (Linux; Android 10; K) AppleWebKit/537.36 (KHTML, like Gecko) Chrome/138.0.0.0 Mobile Safari/537.36 (compatible; Google-Read-Aloud; +https://support.google.com/webmasters/answer/1061943)"
