188.243.241.30 - - [27/Jun/2026:07:47:14 +0330] "GET /press/ HTTP/1.1" 200 14489 "-" "Mozilla/5.0 (Windows NT 10.0; Win64; x64) AppleWebKit/537.36 (KHTML, like Gecko) Chrome/120.0.0.0 Safari/537.36"
188.243.241.30 - - [27/Jun/2026:07:47:15 +0330] "GET /media HTTP/1.1" 301 0 "-" "Mozilla/5.0 (Windows NT 10.0; Win64; x64) AppleWebKit/537.36 (KHTML, like Gecko) Chrome/120.0.0.0 Safari/537.36"
188.243.241.30 - - [27/Jun/2026:07:47:16 +0330] "GET /media/ HTTP/1.1" 200 14477 "-" "Mozilla/5.0 (Windows NT 10.0; Win64; x64) AppleWebKit/537.36 (KHTML, like Gecko) Chrome/120.0.0.0 Safari/537.36"
188.243.241.30 - - [27/Jun/2026:07:47:17 +0330] "GET /news HTTP/1.1" 301 0 "-" "Mozilla/5.0 (Windows NT 10.0; Win64; x64) AppleWebKit/537.36 (KHTML, like Gecko) Chrome/120.0.0.0 Safari/537.36"
188.243.241.30 - - [27/Jun/2026:07:47:17 +0330] "GET /news/ HTTP/1.1" 200 14434 "-" "Mozilla/5.0 (Windows NT 10.0; Win64; x64) AppleWebKit/537.36 (KHTML, like Gecko) Chrome/120.0.0.0 Safari/537.36"
188.243.241.30 - - [27/Jun/2026:07:47:18 +0330] "GET /blog HTTP/1.1" 301 0 "-" "Mozilla/5.0 (Windows NT 10.0; Win64; x64) AppleWebKit/537.36 (KHTML, like Gecko) Chrome/120.0.0.0 Safari/537.36"
188.243.241.30 - - [27/Jun/2026:07:47:18 +0330] "GET /blog/ HTTP/1.1" 200 14516 "-" "Mozilla/5.0 (Windows NT 10.0; Win64; x64) AppleWebKit/537.36 (KHTML, like Gecko) Chrome/120.0.0.0 Safari/537.36"
188.243.241.30 - - [27/Jun/2026:07:47:19 +0330] "GET /articles HTTP/1.1" 301 0 "-" "Mozilla/5.0 (Windows NT 10.0; Win64; x64) AppleWebKit/537.36 (KHTML, like Gecko) Chrome/120.0.0.0 Safari/537.36"
188.243.241.30 - - [27/Jun/2026:07:47:20 +0330] "GET /articles/ HTTP/1.1" 200 0 "-" "Mozilla/5.0 (Windows NT 10.0; Win64; x64) AppleWebKit/537.36 (KHTML, like Gecko) Chrome/120.0.0.0 Safari/537.36"
85.208.96.211 - - [27/Jun/2026:07:53:26 +0330] "GET /?p=138 HTTP/1.1" 200 12023 "-" "Mozilla/5.0 (compatible; SemrushBot/7~bl; +http://www.semrush.com/bot.html)"
51.195.235.22 - - [27/Jun/2026:07:56:59 +0330] "GET /wp-login.php HTTP/2" 200 3091 "-" "Mozilla/5.0 (X11; CrOS x86_64 14541.0.0) AppleWebKit/537.36 (KHTML, like Gecko) Chrome/133.0.0.0 Safari/537.36"
51.195.235.22 - - [27/Jun/2026:07:57:00 +0330] "POST /wp-login.php HTTP/2" 200 3242 "https://mail.dorfakkhabar.ir/wp-login.php" "Mozilla/5.0 (X11; CrOS x86_64 14541.0.0) AppleWebKit/537.36 (KHTML, like Gecko) Chrome/133.0.0.0 Safari/537.36"
66.249.72.132 - - [27/Jun/2026:07:46:37 +0330] "GET /?p=48095 HTTP/1.1" 404 8642 "-" "Mozilla/5.0 (Linux; Android 6.0.1; Nexus 5X Build/MMB29P) AppleWebKit/537.36 (KHTML, like Gecko) Chrome/148.0.7778.96 Mobile Safari/537.36 (compatible; Googlebot/2.1; +http://www.google.com/bot.html)"
158.69.215.39 - - [27/Jun/2026:07:46:41 +0330] "GET /wp-login.php HTTP/2" 200 3091 "-" "Mozilla/5.0 (Macintosh; Intel Mac OS X 14_7_4) AppleWebKit/537.36 (KHTML, like Gecko) Chrome/133.0.0.0 Safari/537.36"
158.69.215.39 - - [27/Jun/2026:07:46:42 +0330] "POST /wp-login.php HTTP/2" 200 3240 "https://mail.dorfakkhabar.ir/wp-login.php" "Mozilla/5.0 (Macintosh; Intel Mac OS X 14_7_4) AppleWebKit/537.36 (KHTML, like Gecko) Chrome/133.0.0.0 Safari/537.36"
185.191.171.2 - - [27/Jun/2026:07:50:43 +0330] "GET /?tag=%D8%A7%D9%86%D8%AA%D8%AE%D8%A7%D8%A8%D8%A7%D8%AA-%D8%B4%D9%87%D8%B1-%D9%88-%D8%B1%D9%88%D8%B3%D8%AA%D8%A7 HTTP/1.1" 200 11644 "-" "Mozilla/5.0 (compatible; SemrushBot/7~bl; +http://www.semrush.com/bot.html)"
150.40.166.24 - - [27/Jun/2026:07:52:27 +0330] "GET /?p=20609 HTTP/2" 404 8642 "-" "Mozilla/5.0 (Macintosh; Intel Mac OS X 10_15_7) AppleWebKit/537.36 (KHTML, like Gecko) Chrome/148.0.0.0 Safari/537.36"
150.40.166.24 - - [27/Jun/2026:07:52:28 +0330] "GET /wp-content/themes/dorfakkhabar/js/jquery.min.js HTTP/2" 200 23862 "https://dorfakkhabar.ir/?p=20609" "Mozilla/5.0 (Macintosh; Intel Mac OS X 10_15_7) AppleWebKit/537.36 (KHTML, like Gecko) Chrome/148.0.0.0 Safari/537.36"
150.40.166.24 - - [27/Jun/2026:07:52:28 +0330] "GET /wp-content/themes/dorfakkhabar/style.css HTTP/2" 200 8900 "https://dorfakkhabar.ir/?p=20609" "Mozilla/5.0 (Macintosh; Intel Mac OS X 10_15_7) AppleWebKit/537.36 (KHTML, like Gecko) Chrome/148.0.0.0 Safari/537.36"
150.40.166.24 - - [27/Jun/2026:07:52:28 +0330] "GET /wp-content/themes/dorfakkhabar/js/scripts.js?ver=3.5.2 HTTP/2" 200 298 "https://dorfakkhabar.ir/?p=20609" "Mozilla/5.0 (Macintosh; Intel Mac OS X 10_15_7) AppleWebKit/537.36 (KHTML, like Gecko) Chrome/148.0.0.0 Safari/537.36"
150.40.166.24 - - [27/Jun/2026:07:52:28 +0330] "GET /wp-content/themes/dorfakkhabar/js/jquery.carouFredSel-5.6.4-packed.js HTTP/2" 200 11911 "https://dorfakkhabar.ir/?p=20609" "Mozilla/5.0 (Macintosh; Intel Mac OS X 10_15_7) AppleWebKit/537.36 (KHTML, like Gecko) Chrome/148.0.0.0 Safari/537.36"
97.74.87.194 - - [27/Jun/2026:07:53:37 +0330] "GET /wp-login.php HTTP/2" 200 3091 "-" "Mozilla/5.0 (Windows NT 10.0) AppleWebKit/537.36 (KHTML, like Gecko) Chrome/133.0.0.0 Safari/537.36"
97.74.87.194 - - [27/Jun/2026:07:53:38 +0330] "POST /wp-login.php HTTP/2" 200 3318 "https://mail.dorfakkhabar.ir/wp-login.php" "Mozilla/5.0 (Windows NT 10.0) AppleWebKit/537.36 (KHTML, like Gecko) Chrome/133.0.0.0 Safari/537.36"
3.93.176.172 - - [27/Jun/2026:07:56:00 +0330] "GET /wp-login.php HTTP/2" 200 3091 "-" "Mozilla/5.0 (X11; Linux i686) AppleWebKit/537.36 (KHTML, like Gecko) Chrome/133.0.0.0 Safari/537.36"
3.93.176.172 - - [27/Jun/2026:07:56:01 +0330] "POST /wp-login.php HTTP/2" 200 3240 "https://mail.dorfakkhabar.ir/wp-login.php" "Mozilla/5.0 (X11; Linux i686) AppleWebKit/537.36 (KHTML, like Gecko) Chrome/133.0.0.0 Safari/537.36"
157.55.39.204 - - [27/Jun/2026:07:56:21 +0330] "GET /?p=38698 HTTP/2" 404 8642 "-" "Mozilla/5.0 AppleWebKit/537.36 (KHTML, like Gecko; compatible; bingbot/2.0; +http://www.bing.com/bingbot.htm) Chrome/116.0.1938.76 Safari/537.36"
66.249.72.132 - - [27/Jun/2026:07:56:45 +0330] "GET /?p=51243 HTTP/1.1" 404 8642 "-" "Mozilla/5.0 (Linux; Android 6.0.1; Nexus 5X Build/MMB29P) AppleWebKit/537.36 (KHTML, like Gecko) Chrome/148.0.7778.96 Mobile Safari/537.36 (compatible; Googlebot/2.1; +http://www.google.com/bot.html)"
210.57.214.134 - - [27/Jun/2026:08:01:44 +0330] "POST /xmlrpc.php HTTP/1.1" 200 426 "-" "Mozilla/5.0 (Linux; Android 10; x86) AppleWebKit/537.36 (KHTML, like Gecko) Edge/97.0.0.0 Safari/537.36"
103.127.30.137 - - [27/Jun/2026:08:02:27 +0330] "GET /wp-login.php HTTP/2" 200 3091 "-" "Mozilla/5.0 (X11; Linux x86_64) AppleWebKit/537.36 (KHTML, like Gecko) Chrome/133.0.0.0 Safari/537.36 Edg/133.0.0.0"
103.127.30.137 - - [27/Jun/2026:08:02:28 +0330] "POST /wp-login.php HTTP/2" 200 3229 "https://mail.dorfakkhabar.ir/wp-login.php" "Mozilla/5.0 (X11; Linux x86_64) AppleWebKit/537.36 (KHTML, like Gecko) Chrome/133.0.0.0 Safari/537.36 Edg/133.0.0.0"
210.57.214.134 - - [27/Jun/2026:08:03:19 +0330] "GET /wp-json/wp/v2/users HTTP/1.1" 301 0 "-" "Mozilla/4.0 (compatible; Win32; WinHttp.WinHttpRequest.5)"
210.57.214.134 - - [27/Jun/2026:08:03:19 +0330] "GET /wp-json/wp/v2/users/ HTTP/1.1" 200 76978 "-" "Mozilla/4.0 (compatible; Win32; WinHttp.WinHttpRequest.5)"
210.57.214.134 - - [27/Jun/2026:08:04:14 +0330] "POST /xmlrpc.php HTTP/1.1" 200 426 "-" "Mozilla/5.0 (Macintosh; Intel Mac OS X 10_15_7; x64) AppleWebKit/537.36 (KHTML, like Gecko) Safari/15.0.0.0 Safari/537.36"
93.115.150.27 - - [27/Jun/2026:08:05:06 +0330] "POST /wp-cron.php?doing_wp_cron=1782534906.7742741107940673828125 HTTP/1.1" 200 0 "-" "WordPress/7.0; https://dorfakkhabar.ir"
91.107.212.146 - - [27/Jun/2026:08:05:12 +0330] "GET /?feed=rss2 HTTP/1.1" 200 13348 "https://dorfakkhabar.ir/" "Mozilla/5.0 (Macintosh; Intel Mac OS X 10_12_6) AppleWebKit/537.36 (KHTML, like Gecko) Chrome/92.0.4515.107 Safari/537.36"
210.57.214.134 - - [27/Jun/2026:08:06:13 +0330] "POST /xmlrpc.php HTTP/1.1" 200 426 "-" "Mozilla/5.0 (Macintosh; Intel Mac OS X 10_15_7; x86) AppleWebKit/537.36 (KHTML, like Gecko) Edge/86.0.0.0 Safari/537.36"
103.127.30.137 - - [27/Jun/2026:08:06:23 +0330] "GET /wp-login.php HTTP/2" 200 3091 "-" "Mozilla/5.0 (Macintosh; Intel Mac OS X 11_7_10) AppleWebKit/537.36 (KHTML, like Gecko) Chrome/133.0.0.0 Safari/537.36"
103.127.30.137 - - [27/Jun/2026:08:06:24 +0330] "POST /wp-login.php HTTP/2" 200 3240 "https://mail.dorfakkhabar.ir/wp-login.php" "Mozilla/5.0 (Macintosh; Intel Mac OS X 11_7_10) AppleWebKit/537.36 (KHTML, like Gecko) Chrome/133.0.0.0 Safari/537.36"
210.57.214.134 - - [27/Jun/2026:08:06:53 +0330] "POST /xmlrpc.php HTTP/1.1" 200 426 "-" "Mozilla/5.0 (Linux; Android 10; arm64) AppleWebKit/537.36 (KHTML, like Gecko) Chrome/100.0.0.0 Safari/537.36"
210.57.214.134 - - [27/Jun/2026:08:07:33 +0330] "POST /xmlrpc.php HTTP/1.1" 200 426 "-" "Mozilla/5.0 (X11; Ubuntu; Linux x86_64; x64) AppleWebKit/537.36 (KHTML, like Gecko) Firefox/70.0.0.0 Safari/537.36"
210.57.214.134 - - [27/Jun/2026:08:08:13 +0330] "POST /xmlrpc.php HTTP/1.1" 200 426 "-" "Mozilla/5.0 (Linux; Android 10; x64) AppleWebKit/537.36 (KHTML, like Gecko) Chrome/86.0.0.0 Safari/537.36"
81.167.26.57 - - [27/Jun/2026:08:10:29 +0330] "GET /robots.txt HTTP/1.1" 200 72 "-" "Mozilla/5.0 (compatible; MJ12bot/v1.4.8; http://mj12bot.com/)"
210.57.214.134 - - [27/Jun/2026:08:10:29 +0330] "POST /xmlrpc.php HTTP/1.1" 200 426 "-" "Mozilla/5.0 (X11; Ubuntu; Linux x86_64; x86) AppleWebKit/537.36 (KHTML, like Gecko) Firefox/82.0.0.0 Safari/537.36"
81.167.26.57 - - [27/Jun/2026:08:10:30 +0330] "GET /?print=1 HTTP/1.1" 200 321 "-" "Mozilla/5.0 (compatible; MJ12bot/v1.4.8; http://mj12bot.com/)"
210.57.214.134 - - [27/Jun/2026:08:11:17 +0330] "POST /xmlrpc.php HTTP/1.1" 200 426 "-" "Mozilla/5.0 (X11; Ubuntu; Linux x86_64; arm64) AppleWebKit/537.36 (KHTML, like Gecko) Chrome/86.0.0.0 Safari/537.36"
40.160.63.222 - - [27/Jun/2026:08:12:42 +0330] "GET /wp-login.php HTTP/2" 200 3091 "-" "Mozilla/5.0 (Windows NT 10.0; Win64; x64; rv:133.0) Gecko/20100101 Firefox/133.0"
40.160.63.222 - - [27/Jun/2026:08:12:43 +0330] "POST /wp-login.php HTTP/2" 200 3229 "https://mail.dorfakkhabar.ir/wp-login.php" "Mozilla/5.0 (Windows NT 10.0; Win64; x64; rv:133.0) Gecko/20100101 Firefox/133.0"
20.153.140.50 - - [27/Jun/2026:08:03:18 +0330] "GET /wp-login.php HTTP/2" 200 3091 "-" "Mozilla/5.0 (X11; Linux x86_64) AppleWebKit/537.36 (KHTML, like Gecko) Chrome/133.0.0.0 Safari/537.36 Edg/133.0.0.0"
20.153.140.50 - - [27/Jun/2026:08:03:19 +0330] "POST /wp-login.php HTTP/2" 200 3229 "https://dorfakkhabar.ir/wp-login.php" "Mozilla/5.0 (X11; Linux x86_64) AppleWebKit/537.36 (KHTML, like Gecko) Chrome/133.0.0.0 Safari/537.36 Edg/133.0.0.0"
117.247.69.76 - - [27/Jun/2026:08:03:24 +0330] "GET /wp-login.php HTTP/2" 200 3091 "-" "Mozilla/5.0 (Windows NT 10.0; Win64; x64; rv:133.0) Gecko/20100101 Firefox/133.0"
117.247.69.76 - - [27/Jun/2026:08:03:25 +0330] "POST /wp-login.php HTTP/2" 200 3240 "https://dorfakkhabar.ir/wp-login.php" "Mozilla/5.0 (Windows NT 10.0; Win64; x64; rv:133.0) Gecko/20100101 Firefox/133.0"
210.57.214.134 - - [27/Jun/2026:08:03:46 +0330] "POST /xmlrpc.php HTTP/1.1" 200 426 "-" "Mozilla/5.0 (X11; Ubuntu; Linux x86_64; x64) AppleWebKit/537.36 (KHTML, like Gecko) Safari/10.0.0.0 Safari/537.36"
210.57.214.134 - - [27/Jun/2026:08:04:38 +0330] "POST /xmlrpc.php HTTP/1.1" 200 426 "-" "Mozilla/5.0 (Windows NT 6.2; x64) AppleWebKit/537.36 (KHTML, like Gecko) Chrome/103.0.0.0 Safari/537.36"
185.109.244.91 - - [27/Jun/2026:08:04:49 +0330] "GET /wp-login.php HTTP/2" 200 3091 "-" "Mozilla/5.0 (Macintosh; Intel Mac OS X 10_15_7) AppleWebKit/537.36 (KHTML, like Gecko) Chrome/133.0.0.0 Safari/537.36"
185.109.244.91 - - [27/Jun/2026:08:04:51 +0330] "POST /wp-login.php HTTP/2" 200 3318 "https://mail.dorfakkhabar.ir/wp-login.php" "Mozilla/5.0 (Macintosh; Intel Mac OS X 10_15_7) AppleWebKit/537.36 (KHTML, like Gecko) Chrome/133.0.0.0 Safari/537.36"
210.57.214.134 - - [27/Jun/2026:08:05:06 +0330] "POST /xmlrpc.php HTTP/1.1" 200 426 "-" "Mozilla/5.0 (Linux; Android 10; x64) AppleWebKit/537.36 (KHTML, like Gecko) Firefox/77.0.0.0 Safari/537.36"
210.57.214.134 - - [27/Jun/2026:08:05:34 +0330] "POST /xmlrpc.php HTTP/1.1" 200 426 "-" "Mozilla/5.0 (Windows NT 6.3; x86) AppleWebKit/537.36 (KHTML, like Gecko) Chrome/85.0.0.0 Safari/537.36"
47.128.25.28 - - [27/Jun/2026:08:07:02 +0330] "GET /robots.txt HTTP/1.1" 403 787 "-" "Mozilla/5.0 (Linux; Android 5.0) AppleWebKit/537.36 (KHTML, like Gecko) Mobile Safari/537.36 (compatible; Bytespider; spider-feedback@bytedance.com)"
198.46.211.159 - - [27/Jun/2026:08:07:16 +0330] "GET /wp-login.php HTTP/2" 200 3091 "-" "Mozilla/5.0 (X11; Linux x86_64) AppleWebKit/537.36 (KHTML, like Gecko) Chrome/133.0.0.0 Safari/537.36 Edg/133.0.0.0"
198.46.211.159 - - [27/Jun/2026:08:07:19 +0330] "POST /wp-login.php HTTP/2" 200 3242 "https://mail.dorfakkhabar.ir/wp-login.php" "Mozilla/5.0 (X11; Linux x86_64) AppleWebKit/537.36 (KHTML, like Gecko) Chrome/133.0.0.0 Safari/537.36 Edg/133.0.0.0"
210.57.214.134 - - [27/Jun/2026:08:08:53 +0330] "POST /xmlrpc.php HTTP/1.1" 200 426 "-" "Mozilla/5.0 (Linux; Android 10; x86) AppleWebKit/537.36 (KHTML, like Gecko) Safari/11.0.0.0 Safari/537.36"
210.57.214.134 - - [27/Jun/2026:08:09:41 +0330] "POST /xmlrpc.php HTTP/1.1" 200 426 "-" "Mozilla/5.0 (Windows NT 6.2; x86) AppleWebKit/537.36 (KHTML, like Gecko) Safari/12.0.0.0 Safari/537.36"
210.57.214.134 - - [27/Jun/2026:08:12:01 +0330] "POST /xmlrpc.php HTTP/1.1" 200 426 "-" "Mozilla/5.0 (X11; Ubuntu; Linux x86_64; arm64) AppleWebKit/537.36 (KHTML, like Gecko) Chrome/103.0.0.0 Safari/537.36"
78.142.18.172 - - [27/Jun/2026:08:13:15 +0330] "GET /wp-login.php HTTP/2" 200 3091 "-" "Mozilla/5.0 (Windows NT 10.0) AppleWebKit/537.36 (KHTML, like Gecko) Chrome/133.0.0.0 Safari/537.36"
78.142.18.172 - - [27/Jun/2026:08:13:16 +0330] "POST /wp-login.php HTTP/2" 200 3242 "https://dorfakkhabar.ir/wp-login.php" "Mozilla/5.0 (Windows NT 10.0) AppleWebKit/537.36 (KHTML, like Gecko) Chrome/133.0.0.0 Safari/537.36"
210.57.214.134 - - [27/Jun/2026:08:13:41 +0330] "POST /xmlrpc.php HTTP/1.1" 200 426 "-" "Mozilla/5.0 (Windows NT 10.0; x64) AppleWebKit/537.36 (KHTML, like Gecko) Chrome/90.0.0.0 Safari/537.36"
85.215.252.72 - - [27/Jun/2026:08:13:43 +0330] "GET /wp-login.php HTTP/2" 200 3091 "-" "Mozilla/5.0 (X11; CrOS x86_64 14541.0.0) AppleWebKit/537.36 (KHTML, like Gecko) Chrome/133.0.0.0 Safari/537.36"
85.215.252.72 - - [27/Jun/2026:08:13:44 +0330] "POST /wp-login.php HTTP/2" 200 3240 "https://dorfakkhabar.ir/wp-login.php" "Mozilla/5.0 (X11; CrOS x86_64 14541.0.0) AppleWebKit/537.36 (KHTML, like Gecko) Chrome/133.0.0.0 Safari/537.36"
210.57.214.134 - - [27/Jun/2026:08:14:14 +0330] "POST /xmlrpc.php HTTP/1.1" 200 426 "-" "Mozilla/5.0 (X11; Ubuntu; Linux x86_64; x64) AppleWebKit/537.36 (KHTML, like Gecko) Safari/15.0.0.0 Safari/537.36"
210.57.214.134 - - [27/Jun/2026:08:14:40 +0330] "POST /xmlrpc.php HTTP/1.1" 200 426 "-" "Mozilla/5.0 (Windows NT 6.3; arm64) AppleWebKit/537.36 (KHTML, like Gecko) Firefox/98.0.0.0 Safari/537.36"
104.244.124.135 - - [27/Jun/2026:08:15:01 +0330] "GET /wp-login.php HTTP/2" 200 3091 "-" "Mozilla/5.0 (Macintosh; Intel Mac OS X 10_15_7) AppleWebKit/537.36 (KHTML, like Gecko) Chrome/133.0.0.0 Safari/537.36"
104.244.124.135 - - [27/Jun/2026:08:15:02 +0330] "POST /wp-login.php HTTP/2" 200 3318 "https://mail.dorfakkhabar.ir/wp-login.php" "Mozilla/5.0 (Macintosh; Intel Mac OS X 10_15_7) AppleWebKit/537.36 (KHTML, like Gecko) Chrome/133.0.0.0 Safari/537.36"
210.57.214.134 - - [27/Jun/2026:08:15:06 +0330] "POST /xmlrpc.php HTTP/1.1" 200 426 "-" "Mozilla/5.0 (Windows NT 6.2; x64) AppleWebKit/537.36 (KHTML, like Gecko) Opera/71.0.0.0 Safari/537.36"
210.57.214.134 - - [27/Jun/2026:08:15:55 +0330] "POST /xmlrpc.php HTTP/1.1" 200 426 "-" "Mozilla/5.0 (X11; Ubuntu; Linux x86_64; x64) AppleWebKit/537.36 (KHTML, like Gecko) Opera/65.0.0.0 Safari/537.36"
210.57.214.134 - - [27/Jun/2026:08:12:53 +0330] "POST /xmlrpc.php HTTP/1.1" 200 426 "-" "Mozilla/5.0 (Macintosh; Intel Mac OS X 10_15_7; arm64) AppleWebKit/537.36 (KHTML, like Gecko) Edge/89.0.0.0 Safari/537.36"
91.107.212.146 - - [27/Jun/2026:08:15:21 +0330] "GET /?feed=rss2 HTTP/1.1" 200 13348 "https://dorfakkhabar.ir/" "Mozilla/5.0 (Linux; Android 10; SM-G980F) AppleWebKit/537.36 (KHTML, like Gecko) Chrome/94.0.4606.61 Mobile Safari/537.36"
210.57.214.134 - - [27/Jun/2026:08:15:30 +0330] "POST /xmlrpc.php HTTP/1.1" 200 426 "-" "Mozilla/5.0 (Macintosh; Intel Mac OS X 10_15_7; arm64) AppleWebKit/537.36 (KHTML, like Gecko) Opera/73.0.0.0 Safari/537.36"
210.57.214.134 - - [27/Jun/2026:08:16:11 +0330] "POST /xmlrpc.php HTTP/1.1" 200 426 "-" "Mozilla/5.0 (Windows NT 10.0; x64) AppleWebKit/537.36 (KHTML, like Gecko) Safari/13.0.0.0 Safari/537.36"
163.172.78.108 - - [27/Jun/2026:08:17:02 +0330] "GET /wp-login.php HTTP/2" 200 3091 "-" "Mozilla/5.0 (Macintosh; Intel Mac OS X 14_7_4) AppleWebKit/537.36 (KHTML, like Gecko) Chrome/133.0.0.0 Safari/537.36"
163.172.78.108 - - [27/Jun/2026:08:17:03 +0330] "POST /wp-login.php HTTP/2" 200 3242 "https://mail.dorfakkhabar.ir/wp-login.php" "Mozilla/5.0 (Macintosh; Intel Mac OS X 14_7_4) AppleWebKit/537.36 (KHTML, like Gecko) Chrome/133.0.0.0 Safari/537.36"
210.57.214.134 - - [27/Jun/2026:08:17:09 +0330] "POST /xmlrpc.php HTTP/1.1" 200 426 "-" "Mozilla/5.0 (Windows NT 10.0; x64) AppleWebKit/537.36 (KHTML, like Gecko) Chrome/102.0.0.0 Safari/537.36"
210.57.214.134 - - [27/Jun/2026:08:17:31 +0330] "POST /xmlrpc.php HTTP/1.1" 200 426 "-" "Mozilla/5.0 (Linux; Android 10; x64) AppleWebKit/537.36 (KHTML, like Gecko) Edge/83.0.0.0 Safari/537.36"
210.57.214.134 - - [27/Jun/2026:08:17:46 +0330] "POST /xmlrpc.php HTTP/1.1" 200 426 "-" "Mozilla/5.0 (X11; Ubuntu; Linux x86_64; arm64) AppleWebKit/537.36 (KHTML, like Gecko) Safari/12.0.0.0 Safari/537.36"
210.57.214.134 - - [27/Jun/2026:08:18:27 +0330] "POST /xmlrpc.php HTTP/1.1" 200 426 "-" "Mozilla/5.0 (X11; Ubuntu; Linux x86_64; x86) AppleWebKit/537.36 (KHTML, like Gecko) Chrome/100.0.0.0 Safari/537.36"
210.57.214.134 - - [27/Jun/2026:08:18:38 +0330] "POST /xmlrpc.php HTTP/1.1" 200 426 "-" "Mozilla/5.0 (X11; Ubuntu; Linux x86_64; arm64) AppleWebKit/537.36 (KHTML, like Gecko) Firefox/87.0.0.0 Safari/537.36"
210.57.214.134 - - [27/Jun/2026:08:18:49 +0330] "POST /xmlrpc.php HTTP/1.1" 200 426 "-" "Mozilla/5.0 (Linux; Android 10; x86) AppleWebKit/537.36 (KHTML, like Gecko) Edge/84.0.0.0 Safari/537.36"
210.57.214.134 - - [27/Jun/2026:08:19:16 +0330] "POST /xmlrpc.php HTTP/1.1" 200 426 "-" "Mozilla/5.0 (Macintosh; Intel Mac OS X 10_15_7; x64) AppleWebKit/537.36 (KHTML, like Gecko) Edge/96.0.0.0 Safari/537.36"
210.57.214.134 - - [27/Jun/2026:08:19:27 +0330] "POST /xmlrpc.php HTTP/1.1" 200 426 "-" "Mozilla/5.0 (Windows NT 10.0; x64) AppleWebKit/537.36 (KHTML, like Gecko) Firefox/83.0.0.0 Safari/537.36"
210.57.214.134 - - [27/Jun/2026:08:19:39 +0330] "POST /xmlrpc.php HTTP/1.1" 200 426 "-" "Mozilla/5.0 (Windows NT 6.2; arm64) AppleWebKit/537.36 (KHTML, like Gecko) Edge/96.0.0.0 Safari/537.36"
159.65.130.36 - - [27/Jun/2026:08:19:56 +0330] "GET /wp-login.php HTTP/2" 200 3091 "-" "Mozilla/5.0 (Windows NT 10.0; Win64; x64) AppleWebKit/537.36 (KHTML, like Gecko) Chrome/120.0.0.0 Safari/537.36"
159.65.130.36 - - [27/Jun/2026:08:19:57 +0330] "POST /wp-login.php HTTP/2" 200 3240 "https://mail.dorfakkhabar.ir/wp-login.php" "Mozilla/5.0 (Windows NT 10.0; Win64; x64) AppleWebKit/537.36 (KHTML, like Gecko) Chrome/120.0.0.0 Safari/537.36"
210.57.214.134 - - [27/Jun/2026:08:20:13 +0330] "POST /xmlrpc.php HTTP/1.1" 200 426 "-" "Mozilla/5.0 (Linux; Android 10; arm64) AppleWebKit/537.36 (KHTML, like Gecko) Chrome/97.0.0.0 Safari/537.36"
157.55.39.49 - - [27/Jun/2026:08:20:24 +0330] "GET /?p=10048 HTTP/2" 404 8642 "-" "Mozilla/5.0 AppleWebKit/537.36 (KHTML, like Gecko; compatible; bingbot/2.0; +http://www.bing.com/bingbot.htm) Chrome/116.0.1938.76 Safari/537.36"
210.57.214.134 - - [27/Jun/2026:08:20:53 +0330] "POST /xmlrpc.php HTTP/1.1" 200 426 "-" "Mozilla/5.0 (Linux; Android 10; x64) AppleWebKit/537.36 (KHTML, like Gecko) Firefox/92.0.0.0 Safari/537.36"
210.57.214.134 - - [27/Jun/2026:08:21:33 +0330] "POST /xmlrpc.php HTTP/1.1" 200 426 "-" "Mozilla/5.0 (Linux; Android 10; x86) AppleWebKit/537.36 (KHTML, like Gecko) Edge/89.0.0.0 Safari/537.36"
210.57.214.134 - - [27/Jun/2026:08:22:13 +0330] "POST /xmlrpc.php HTTP/1.1" 200 426 "-" "Mozilla/5.0 (Windows NT 6.3; x64) AppleWebKit/537.36 (KHTML, like Gecko) Safari/13.0.0.0 Safari/537.36"
15.235.66.151 - - [27/Jun/2026:08:23:29 +0330] "GET /wp-login.php HTTP/2" 200 3091 "-" "Mozilla/5.0 (Windows NT 10.0; Win64; x64) AppleWebKit/537.36 (KHTML, like Gecko) Chrome/133.0.0.0 Safari/537.36 Edg/133.0.0.0"
15.235.66.151 - - [27/Jun/2026:08:23:30 +0330] "POST /wp-login.php HTTP/2" 200 3240 "https://dorfakkhabar.ir/wp-login.php" "Mozilla/5.0 (Windows NT 10.0; Win64; x64) AppleWebKit/537.36 (KHTML, like Gecko) Chrome/133.0.0.0 Safari/537.36 Edg/133.0.0.0"
210.57.214.134 - - [27/Jun/2026:08:23:33 +0330] "POST /xmlrpc.php HTTP/1.1" 200 426 "-" "Mozilla/5.0 (Macintosh; Intel Mac OS X 10_15_7; x86) AppleWebKit/537.36 (KHTML, like Gecko) Safari/12.0.0.0 Safari/537.36"
121.200.216.55 - - [27/Jun/2026:08:23:45 +0330] "GET /wp-login.php HTTP/2" 200 3091 "-" "Mozilla/5.0 (X11; Fedora; Linux x86_64) AppleWebKit/537.36 (KHTML, like Gecko) Chrome/133.0.0.0 Safari/537.36"
121.200.216.55 - - [27/Jun/2026:08:23:46 +0330] "POST /wp-login.php HTTP/2" 200 3242 "https://dorfakkhabar.ir/wp-login.php" "Mozilla/5.0 (X11; Fedora; Linux x86_64) AppleWebKit/537.36 (KHTML, like Gecko) Chrome/133.0.0.0 Safari/537.36"
66.249.72.132 - - [27/Jun/2026:08:23:49 +0330] "GET /?p=1345 HTTP/1.1" 404 8642 "-" "Mozilla/5.0 (Linux; Android 6.0.1; Nexus 5X Build/MMB29P) AppleWebKit/537.36 (KHTML, like Gecko) Chrome/148.0.7778.96 Mobile Safari/537.36 (compatible; Googlebot/2.1; +http://www.google.com/bot.html)"
152.42.137.70 - - [27/Jun/2026:08:24:17 +0330] "GET /wp-login.php HTTP/2" 200 3091 "-" "Mozilla/5.0 (Macintosh; Intel Mac OS X 10_15_7) AppleWebKit/537.36 (KHTML, like Gecko) Chrome/133.0.0.0 Safari/537.36 Edg/133.0.0.0"
210.57.214.134 - - [27/Jun/2026:08:24:17 +0330] "POST /xmlrpc.php HTTP/1.1" 200 426 "-" "Mozilla/5.0 (Macintosh; Intel Mac OS X 10_15_7; arm64) AppleWebKit/537.36 (KHTML, like Gecko) Edge/86.0.0.0 Safari/537.36"
152.42.137.70 - - [27/Jun/2026:08:24:17 +0330] "POST /wp-login.php HTTP/2" 200 3229 "https://dorfakkhabar.ir/wp-login.php" "Mozilla/5.0 (Macintosh; Intel Mac OS X 10_15_7) AppleWebKit/537.36 (KHTML, like Gecko) Chrome/133.0.0.0 Safari/537.36 Edg/133.0.0.0"
103.75.185.95 - - [27/Jun/2026:08:24:36 +0330] "GET /wp-login.php HTTP/2" 200 3091 "-" "Mozilla/5.0 (Macintosh; Intel Mac OS X 10_15_7) AppleWebKit/537.36 (KHTML, like Gecko) Chrome/133.0.0.0 Safari/537.36"
103.75.185.95 - - [27/Jun/2026:08:24:37 +0330] "POST /wp-login.php HTTP/2" 200 3318 "https://mail.dorfakkhabar.ir/wp-login.php" "Mozilla/5.0 (Macintosh; Intel Mac OS X 10_15_7) AppleWebKit/537.36 (KHTML, like Gecko) Chrome/133.0.0.0 Safari/537.36"
210.57.214.134 - - [27/Jun/2026:08:26:21 +0330] "POST /xmlrpc.php HTTP/1.1" 200 426 "-" "Mozilla/5.0 (Windows NT 10.0; arm64) AppleWebKit/537.36 (KHTML, like Gecko) Firefox/90.0.0.0 Safari/537.36"
104.28.163.26 - - [27/Jun/2026:08:26:50 +0330] "GET /wp-login.php HTTP/1.1" 200 3434 "https://dorfakkhabar.ir" "Mozilla/5.0 (X11; Ubuntu; Linux i686; rv:79.0) Gecko/20100101 Firefox/79.0"
104.28.163.26 - - [27/Jun/2026:08:26:53 +0330] "POST /wp-login.php HTTP/1.1" 302 0 "https://dorfakkhabar.ir" "Mozilla/5.0 (X11; Ubuntu; Linux i686; rv:79.0) Gecko/20100101 Firefox/79.0"
104.28.163.26 - - [27/Jun/2026:08:26:54 +0330] "GET /wp-admin/ HTTP/1.1" 200 66332 "https://dorfakkhabar.ir" "Mozilla/5.0 (X11; Ubuntu; Linux i686; rv:79.0) Gecko/20100101 Firefox/79.0"
210.57.214.134 - - [27/Jun/2026:08:27:01 +0330] "POST /xmlrpc.php HTTP/1.1" 200 426 "-" "Mozilla/5.0 (X11; Ubuntu; Linux x86_64; x64) AppleWebKit/537.36 (KHTML, like Gecko) Chrome/85.0.0.0 Safari/537.36"
119.195.102.159 - - [27/Jun/2026:08:27:06 +0330] "GET /wp-login.php HTTP/2" 200 3091 "-" "Mozilla/5.0 (Windows NT 10.0; Win64; x64) AppleWebKit/537.36 (KHTML, like Gecko) Chrome/133.0.0.0 Safari/537.36"
119.195.102.159 - - [27/Jun/2026:08:27:07 +0330] "POST /wp-login.php HTTP/2" 200 3242 "https://mail.dorfakkhabar.ir/wp-login.php" "Mozilla/5.0 (Windows NT 10.0; Win64; x64) AppleWebKit/537.36 (KHTML, like Gecko) Chrome/133.0.0.0 Safari/537.36"
210.57.214.134 - - [27/Jun/2026:08:16:32 +0330] "POST /xmlrpc.php HTTP/1.1" 200 426 "-" "Mozilla/5.0 (Macintosh; Intel Mac OS X 10_15_7; x86) AppleWebKit/537.36 (KHTML, like Gecko) Edge/84.0.0.0 Safari/537.36"
210.57.214.134 - - [27/Jun/2026:08:16:46 +0330] "POST /xmlrpc.php HTTP/1.1" 200 426 "-" "Mozilla/5.0 (X11; Ubuntu; Linux x86_64; x64) AppleWebKit/537.36 (KHTML, like Gecko) Safari/12.0.0.0 Safari/537.36"
185.191.171.7 - - [27/Jun/2026:08:17:22 +0330] "GET /?p=166 HTTP/1.1" 200 12032 "-" "Mozilla/5.0 (compatible; SemrushBot/7~bl; +http://www.semrush.com/bot.html)"
210.57.214.134 - - [27/Jun/2026:08:18:00 +0330] "POST /xmlrpc.php HTTP/1.1" 200 426 "-" "Mozilla/5.0 (X11; Ubuntu; Linux x86_64; x86) AppleWebKit/537.36 (KHTML, like Gecko) Firefox/89.0.0.0 Safari/537.36"
210.57.214.134 - - [27/Jun/2026:08:18:14 +0330] "POST /xmlrpc.php HTTP/1.1" 200 426 "-" "Mozilla/5.0 (Macintosh; Intel Mac OS X 10_15_7; x86) AppleWebKit/537.36 (KHTML, like Gecko) Chrome/111.0.0.0 Safari/537.36"
210.57.214.134 - - [27/Jun/2026:08:19:03 +0330] "POST /xmlrpc.php HTTP/1.1" 200 426 "-" "Mozilla/5.0 (X11; Ubuntu; Linux x86_64; arm64) AppleWebKit/537.36 (KHTML, like Gecko) Edge/93.0.0.0 Safari/537.36"
210.57.214.134 - - [27/Jun/2026:08:19:53 +0330] "POST /xmlrpc.php HTTP/1.1" 200 426 "-" "Mozilla/5.0 (Windows NT 6.2; x86) AppleWebKit/537.36 (KHTML, like Gecko) Safari/14.0.0.0 Safari/537.36"
185.213.11.86 - - [27/Jun/2026:08:21:47 +0330] "GET /?feed=rss2 HTTP/1.1" 200 55888 "-" "-"
104.244.124.135 - - [27/Jun/2026:08:22:16 +0330] "GET /wp-login.php HTTP/2" 200 3091 "-" "Mozilla/5.0 (Macintosh; Intel Mac OS X 11_7_10) AppleWebKit/537.36 (KHTML, like Gecko) Chrome/133.0.0.0 Safari/537.36"
104.244.124.135 - - [27/Jun/2026:08:22:17 +0330] "POST /wp-login.php HTTP/2" 200 3229 "https://mail.dorfakkhabar.ir/wp-login.php" "Mozilla/5.0 (Macintosh; Intel Mac OS X 11_7_10) AppleWebKit/537.36 (KHTML, like Gecko) Chrome/133.0.0.0 Safari/537.36"
210.57.214.134 - - [27/Jun/2026:08:22:53 +0330] "POST /xmlrpc.php HTTP/1.1" 200 426 "-" "Mozilla/5.0 (X11; Ubuntu; Linux x86_64; x64) AppleWebKit/537.36 (KHTML, like Gecko) Chrome/87.0.0.0 Safari/537.36"
185.213.11.86 - - [27/Jun/2026:08:24:23 +0330] "GET /?feed=rss2 HTTP/1.1" 200 55888 "-" "-"
210.57.214.134 - - [27/Jun/2026:08:24:57 +0330] "POST /xmlrpc.php HTTP/1.1" 200 426 "-" "Mozilla/5.0 (Windows NT 6.3; x64) AppleWebKit/537.36 (KHTML, like Gecko) Safari/11.0.0.0 Safari/537.36"
210.57.214.134 - - [27/Jun/2026:08:25:37 +0330] "POST /xmlrpc.php HTTP/1.1" 200 426 "-" "Mozilla/5.0 (Linux; Android 10; x86) AppleWebKit/537.36 (KHTML, like Gecko) Chrome/115.0.0.0 Safari/537.36"
209.74.67.47 - - [27/Jun/2026:08:25:49 +0330] "GET /wp-login.php HTTP/2" 200 3091 "-" "Mozilla/5.0 (Windows NT 10.0; Win64; x64) AppleWebKit/537.36 (KHTML, like Gecko) Chrome/120.0.0.0 Safari/537.36"
209.74.67.47 - - [27/Jun/2026:08:25:53 +0330] "POST /wp-login.php HTTP/2" 200 3242 "https://dorfakkhabar.ir/wp-login.php" "Mozilla/5.0 (Windows NT 10.0; Win64; x64) AppleWebKit/537.36 (KHTML, like Gecko) Chrome/120.0.0.0 Safari/537.36"
104.28.163.26 - - [27/Jun/2026:08:26:58 +0330] "GET /wp-admin/ HTTP/1.1" 200 66332 "https://dorfakkhabar.ir" "Mozilla/5.0 (X11; Ubuntu; Linux i686; rv:79.0) Gecko/20100101 Firefox/79.0"
104.28.163.26 - - [27/Jun/2026:08:27:00 +0330] "GET /wp-admin/plugin-install.php?tab=upload HTTP/1.1" 200 56629 "https://dorfakkhabar.ir" "Mozilla/5.0 (X11; Ubuntu; Linux i686; rv:79.0) Gecko/20100101 Firefox/79.0"
104.28.163.26 - - [27/Jun/2026:08:27:03 +0330] "POST /wp-admin/update.php?action=upload-plugin HTTP/1.1" 403 787 "https://dorfakkhabar.ir" "Mozilla/5.0 (X11; Ubuntu; Linux i686; rv:79.0) Gecko/20100101 Firefox/79.0"
104.28.163.26 - - [27/Jun/2026:08:27:06 +0330] "POST /wp-admin/update.php?action=upload-plugin HTTP/1.1" 403 787 "https://dorfakkhabar.ir" "Mozilla/5.0 (X11; Ubuntu; Linux i686; rv:79.0) Gecko/20100101 Firefox/79.0"
104.28.163.26 - - [27/Jun/2026:08:27:08 +0330] "POST /wp-admin/update.php?action=upload-plugin HTTP/1.1" 403 787 "https://dorfakkhabar.ir" "Mozilla/5.0 (X11; Ubuntu; Linux i686; rv:79.0) Gecko/20100101 Firefox/79.0"
104.28.163.26 - - [27/Jun/2026:08:27:10 +0330] "GET /wp-admin/media-new.php HTTP/1.1" 200 55316 "https://dorfakkhabar.ir" "Mozilla/5.0 (X11; Ubuntu; Linux i686; rv:79.0) Gecko/20100101 Firefox/79.0"
104.28.163.26 - - [27/Jun/2026:08:27:15 +0330] "GET /wp-content/uploads/2026/06/mdmfpeiv.php HTTP/1.1" 301 0 "https://dorfakkhabar.ir" "Mozilla/5.0 (X11; Ubuntu; Linux i686; rv:79.0) Gecko/20100101 Firefox/79.0"
104.28.163.26 - - [27/Jun/2026:08:27:16 +0330] "GET /wp-content/uploads/2026/06/mdmfpeiv.php/ HTTP/1.1" 200 14547 "https://dorfakkhabar.ir" "Mozilla/5.0 (X11; Ubuntu; Linux i686; rv:79.0) Gecko/20100101 Firefox/79.0"
40.160.63.222 - - [27/Jun/2026:08:27:20 +0330] "GET /wp-login.php HTTP/2" 200 3091 "-" "Mozilla/5.0 (Macintosh; Intel Mac OS X 10_15_7) AppleWebKit/537.36 (KHTML, like Gecko) Chrome/133.0.0.0 Safari/537.36"
104.28.163.26 - - [27/Jun/2026:08:27:20 +0330] "GET /wp-content/uploads/2026/06/mdmfpeiv.phtml HTTP/1.1" 301 0 "https://dorfakkhabar.ir" "Mozilla/5.0 (X11; Ubuntu; Linux i686; rv:79.0) Gecko/20100101 Firefox/79.0"
104.28.163.26 - - [27/Jun/2026:08:27:21 +0330] "GET /wp-content/uploads/2026/06/mdmfpeiv.phtml/ HTTP/1.1" 200 14558 "https://dorfakkhabar.ir" "Mozilla/5.0 (X11; Ubuntu; Linux i686; rv:79.0) Gecko/20100101 Firefox/79.0"
40.160.63.222 - - [27/Jun/2026:08:27:21 +0330] "POST /wp-login.php HTTP/2" 200 3240 "https://mail.dorfakkhabar.ir/wp-login.php" "Mozilla/5.0 (Macintosh; Intel Mac OS X 10_15_7) AppleWebKit/537.36 (KHTML, like Gecko) Chrome/133.0.0.0 Safari/537.36"
104.28.163.26 - - [27/Jun/2026:08:27:29 +0330] "GET /wp-content/uploads/2026/06/mdmfpeiv.php5 HTTP/1.1" 301 0 "https://dorfakkhabar.ir" "Mozilla/5.0 (X11; Ubuntu; Linux i686; rv:79.0) Gecko/20100101 Firefox/79.0"
104.28.163.26 - - [27/Jun/2026:08:27:30 +0330] "GET /wp-content/uploads/2026/06/mdmfpeiv.php5/ HTTP/1.1" 200 14560 "https://dorfakkhabar.ir" "Mozilla/5.0 (X11; Ubuntu; Linux i686; rv:79.0) Gecko/20100101 Firefox/79.0"
210.57.214.134 - - [27/Jun/2026:08:27:34 +0330] "POST /xmlrpc.php HTTP/1.1" 200 426 "-" "Mozilla/5.0 (Windows NT 6.2; x86) AppleWebKit/537.36 (KHTML, like Gecko) Safari/13.0.0.0 Safari/537.36"
210.57.214.134 - - [27/Jun/2026:08:27:41 +0330] "POST /xmlrpc.php HTTP/1.1" 200 426 "-" "Mozilla/5.0 (X11; Ubuntu; Linux x86_64; arm64) AppleWebKit/537.36 (KHTML, like Gecko) Firefox/70.0.0.0 Safari/537.36"
210.57.214.134 - - [27/Jun/2026:08:27:48 +0330] "POST /xmlrpc.php HTTP/1.1" 200 426 "-" "Mozilla/5.0 (Linux; Android 10; arm64) AppleWebKit/537.36 (KHTML, like Gecko) Firefox/71.0.0.0 Safari/537.36"
210.57.214.134 - - [27/Jun/2026:08:27:54 +0330] "POST /xmlrpc.php HTTP/1.1" 200 426 "-" "Mozilla/5.0 (Windows NT 6.2; x86) AppleWebKit/537.36 (KHTML, like Gecko) Opera/62.0.0.0 Safari/537.36"
104.28.163.26 - - [27/Jun/2026:08:27:41 +0330] "POST /wp-admin/update.php?action=install-plugin&plugin=file-manager-advanced&_wpnonce=925252960d HTTP/1.1" 200 6427 "https://dorfakkhabar.ir" "Mozilla/5.0 (X11; Ubuntu; Linux i686; rv:79.0) Gecko/20100101 Firefox/79.0"
210.57.214.134 - - [27/Jun/2026:08:28:01 +0330] "POST /xmlrpc.php HTTP/1.1" 200 426 "-" "Mozilla/5.0 (X11; Ubuntu; Linux x86_64; x64) AppleWebKit/537.36 (KHTML, like Gecko) Firefox/74.0.0.0 Safari/537.36"
104.28.163.26 - - [27/Jun/2026:08:28:00 +0330] "GET /wp-admin/plugin-editor.php?file=wp-file-manager/file_folder_manager.php&plugin=wp-file-manager/file_folder_manager.php HTTP/1.1" 200 90122 "https://dorfakkhabar.ir" "Mozilla/5.0 (X11; Ubuntu; Linux i686; rv:79.0) Gecko/20100101 Firefox/79.0"
93.115.150.27 - - [27/Jun/2026:08:28:04 +0330] "GET /wp-admin/plugin-editor.php?plugin=wp-file-manager%2Ffile_folder_manager.php&file=wp-file-manager%2Ffile_folder_manager.php&wp_scrape_key=dbf8b4467bd0f7c3138f84d51fd19b3a&wp_scrape_nonce=1129479916 HTTP/1.1" 200 6108 "-" "WordPress/7.0; https://dorfakkhabar.ir"
104.28.163.26 - - [27/Jun/2026:08:27:13 +0330] "POST /wp-admin/async-upload.php HTTP/1.1" 403 787 "https://dorfakkhabar.ir" "Mozilla/5.0 (X11; Ubuntu; Linux i686; rv:79.0) Gecko/20100101 Firefox/79.0"
104.28.163.26 - - [27/Jun/2026:08:27:18 +0330] "POST /wp-admin/async-upload.php HTTP/1.1" 403 787 "https://dorfakkhabar.ir" "Mozilla/5.0 (X11; Ubuntu; Linux i686; rv:79.0) Gecko/20100101 Firefox/79.0"
104.28.163.26 - - [27/Jun/2026:08:27:22 +0330] "POST /wp-admin/async-upload.php HTTP/1.1" 403 787 "https://dorfakkhabar.ir" "Mozilla/5.0 (X11; Ubuntu; Linux i686; rv:79.0) Gecko/20100101 Firefox/79.0"
104.28.163.26 - - [27/Jun/2026:08:27:24 +0330] "GET /wp-content/uploads/2026/06/mdmfpeiv.phar HTTP/1.1" 301 0 "https://dorfakkhabar.ir" "Mozilla/5.0 (X11; Ubuntu; Linux i686; rv:79.0) Gecko/20100101 Firefox/79.0"
104.28.163.26 - - [27/Jun/2026:08:27:25 +0330] "GET /wp-content/uploads/2026/06/mdmfpeiv.phar/ HTTP/1.1" 200 14458 "https://dorfakkhabar.ir" "Mozilla/5.0 (X11; Ubuntu; Linux i686; rv:79.0) Gecko/20100101 Firefox/79.0"
104.28.163.26 - - [27/Jun/2026:08:27:27 +0330] "POST /wp-admin/async-upload.php HTTP/1.1" 403 787 "https://dorfakkhabar.ir" "Mozilla/5.0 (X11; Ubuntu; Linux i686; rv:79.0) Gecko/20100101 Firefox/79.0"
104.28.163.26 - - [27/Jun/2026:08:27:31 +0330] "POST /wp-admin/async-upload.php HTTP/1.1" 403 787 "https://dorfakkhabar.ir" "Mozilla/5.0 (X11; Ubuntu; Linux i686; rv:79.0) Gecko/20100101 Firefox/79.0"
104.28.163.26 - - [27/Jun/2026:08:27:33 +0330] "GET /wp-content/uploads/2026/06/mdmfpeiv.php7 HTTP/1.1" 301 0 "https://dorfakkhabar.ir" "Mozilla/5.0 (X11; Ubuntu; Linux i686; rv:79.0) Gecko/20100101 Firefox/79.0"
104.28.163.26 - - [27/Jun/2026:08:27:34 +0330] "GET /wp-content/uploads/2026/06/mdmfpeiv.php7/ HTTP/1.1" 200 14538 "https://dorfakkhabar.ir" "Mozilla/5.0 (X11; Ubuntu; Linux i686; rv:79.0) Gecko/20100101 Firefox/79.0"
104.28.163.26 - - [27/Jun/2026:08:27:36 +0330] "GET /wp-admin/plugin-install.php?s=file-manager-advanced&tab=search&type=term HTTP/1.1" 200 69098 "https://dorfakkhabar.ir" "Mozilla/5.0 (X11; Ubuntu; Linux i686; rv:79.0) Gecko/20100101 Firefox/79.0"
104.28.163.26 - - [27/Jun/2026:08:27:57 +0330] "GET /wp-admin/plugin-editor.php HTTP/1.1" 200 59628 "https://dorfakkhabar.ir" "Mozilla/5.0 (X11; Ubuntu; Linux i686; rv:79.0) Gecko/20100101 Firefox/79.0"
93.115.150.27 - - [27/Jun/2026:08:28:05 +0330] "GET /?wp_scrape_key=dbf8b4467bd0f7c3138f84d51fd19b3a&wp_scrape_nonce=1129479916 HTTP/1.1" 200 3412 "-" "WordPress/7.0; https://dorfakkhabar.ir"
104.28.163.26 - - [27/Jun/2026:08:28:03 +0330] "POST /wp-admin/admin-ajax.php HTTP/1.1" 200 113 "https://dorfakkhabar.ir" "Mozilla/5.0 (X11; Ubuntu; Linux i686; rv:79.0) Gecko/20100101 Firefox/79.0"
43.157.243.191 - - [27/Jun/2026:08:28:28 +0330] "GET /wp-login.php HTTP/2" 200 3360 "-" "Mozilla/5.0 (Windows NT 10.0; Win64; x64) AppleWebKit/537.36 (KHTML, like Gecko) Chrome/120.0.0.0 Safari/537.36"
210.57.214.134 - - [27/Jun/2026:08:28:49 +0330] "POST /xmlrpc.php HTTP/1.1" 200 52307 "-" "Mozilla/5.0 (Windows NT 10.0; arm64) AppleWebKit/537.36 (KHTML, like Gecko) Chrome/102.0.0.0 Safari/537.36"
210.57.214.134 - - [27/Jun/2026:08:29:37 +0330] "POST /xmlrpc.php HTTP/1.1" 200 52307 "-" "Mozilla/5.0 (Windows NT 6.3; x86) AppleWebKit/537.36 (KHTML, like Gecko) Safari/14.0.0.0 Safari/537.36"
210.57.214.134 - - [27/Jun/2026:08:30:25 +0330] "POST /xmlrpc.php HTTP/1.1" 200 52307 "-" "Mozilla/5.0 (Linux; Android 10; x64) AppleWebKit/537.36 (KHTML, like Gecko) Opera/80.0.0.0 Safari/537.36"
210.57.214.134 - - [27/Jun/2026:08:30:49 +0330] "POST /xmlrpc.php HTTP/1.1" 200 52307 "-" "Mozilla/5.0 (X11; Ubuntu; Linux x86_64; x86) AppleWebKit/537.36 (KHTML, like Gecko) Firefox/87.0.0.0 Safari/537.36"
210.57.214.134 - - [27/Jun/2026:08:31:13 +0330] "POST /xmlrpc.php HTTP/1.1" 200 52307 "-" "Mozilla/5.0 (Macintosh; Intel Mac OS X 10_15_7; x64) AppleWebKit/537.36 (KHTML, like Gecko) Opera/75.0.0.0 Safari/537.36"
210.57.214.134 - - [27/Jun/2026:08:31:37 +0330] "POST /xmlrpc.php HTTP/1.1" 200 52307 "-" "Mozilla/5.0 (Windows NT 6.2; arm64) AppleWebKit/537.36 (KHTML, like Gecko) Opera/71.0.0.0 Safari/537.36"
106.192.104.239 - - [27/Jun/2026:08:31:49 +0330] "POST /xmlrpc.php HTTP/1.1" 200 52308 "-" "Jetpack/13.0; WordPress/6.4; http://site79919206.com"
106.192.104.239 - - [27/Jun/2026:08:31:59 +0330] "POST /xmlrpc.php HTTP/1.1" 200 52308 "-" "Jetpack/12.1; WordPress/6.3; http://site41041940.com"
106.192.104.239 - - [27/Jun/2026:08:32:09 +0330] "POST /xmlrpc.php HTTP/1.1" 200 52308 "-" "WordPress.com; https://wordpress.com"
106.192.104.239 - - [27/Jun/2026:08:32:20 +0330] "POST /xmlrpc.php HTTP/1.1" 200 52308 "-" "Jetpack/12.5; WordPress/6.1; http://site90863689.com"
106.192.104.239 - - [27/Jun/2026:08:32:31 +0330] "POST /xmlrpc.php HTTP/1.1" 200 52308 "-" "Jetpack/12.0; WordPress/6.2; http://site52385263.com"
163.172.78.108 - - [27/Jun/2026:08:32:35 +0330] "GET /wp-login.php HTTP/2" 200 3375 "-" "Mozilla/5.0 (Windows NT 10.0; WOW64) AppleWebKit/537.36 (KHTML, like Gecko) Chrome/133.0.0.0 Safari/537.36"
163.172.78.108 - - [27/Jun/2026:08:32:36 +0330] "POST /wp-login.php HTTP/2" 200 1466 "https://mail.dorfakkhabar.ir/wp-login.php" "Mozilla/5.0 (Windows NT 10.0; WOW64) AppleWebKit/537.36 (KHTML, like Gecko) Chrome/133.0.0.0 Safari/537.36"
104.28.163.26 - - [27/Jun/2026:08:28:09 +0330] "GET /wp-content/plugins/wp-file-manager/file_folder_manager.php HTTP/1.1" 200 2857 "https://dorfakkhabar.ir" "Mozilla/5.0 (X11; Ubuntu; Linux i686; rv:79.0) Gecko/20100101 Firefox/79.0"
210.57.214.134 - - [27/Jun/2026:08:28:29 +0330] "POST /xmlrpc.php HTTP/1.1" 200 52307 "-" "Mozilla/5.0 (Windows NT 10.0; arm64) AppleWebKit/537.36 (KHTML, like Gecko) Firefox/95.0.0.0 Safari/537.36"
210.57.214.134 - - [27/Jun/2026:08:29:13 +0330] "POST /xmlrpc.php HTTP/1.1" 200 52307 "-" "Mozilla/5.0 (Windows NT 6.3; x64) AppleWebKit/537.36 (KHTML, like Gecko) Opera/67.0.0.0 Safari/537.36"
210.57.214.134 - - [27/Jun/2026:08:30:01 +0330] "POST /xmlrpc.php HTTP/1.1" 200 52307 "-" "Mozilla/5.0 (X11; Ubuntu; Linux x86_64; x64) AppleWebKit/537.36 (KHTML, like Gecko) Firefox/75.0.0.0 Safari/537.36"
106.192.104.239 - - [27/Jun/2026:08:30:44 +0330] "POST /xmlrpc.php HTTP/1.1" 200 52308 "-" "Jetpack by WordPress.com (Jetpack 13.0; WordPress 6.3)"
106.192.104.239 - - [27/Jun/2026:08:30:53 +0330] "POST /xmlrpc.php HTTP/1.1" 200 52308 "-" "Jetpack by WordPress.com (Jetpack 12.0; WordPress 6.3)"
106.192.104.239 - - [27/Jun/2026:08:31:04 +0330] "POST /xmlrpc.php HTTP/1.1" 200 52308 "-" "Jetpack/13.0; WordPress/6.2; http://site79068138.com"
106.192.104.239 - - [27/Jun/2026:08:31:15 +0330] "POST /xmlrpc.php HTTP/1.1" 200 52308 "-" "Jetpack by WordPress.com (Jetpack 13.0; WordPress 6.2)"
106.192.104.239 - - [27/Jun/2026:08:31:26 +0330] "POST /xmlrpc.php HTTP/1.1" 200 52308 "-" "Jetpack/12.1; WordPress/6.3; http://site69706553.com"
210.57.214.134 - - [27/Jun/2026:08:32:01 +0330] "POST /xmlrpc.php HTTP/1.1" 200 52307 "-" "Mozilla/5.0 (Windows NT 10.0; x64) AppleWebKit/537.36 (KHTML, like Gecko) Edge/94.0.0.0 Safari/537.36"
106.192.104.239 - - [27/Jun/2026:08:32:42 +0330] "POST /xmlrpc.php HTTP/1.1" 200 52308 "-" "WordPress.com; https://wordpress.com"
106.192.104.239 - - [27/Jun/2026:08:32:53 +0330] "POST /xmlrpc.php HTTP/1.1" 200 52308 "-" "Jetpack by WordPress.com"
106.192.104.239 - - [27/Jun/2026:08:33:03 +0330] "POST /xmlrpc.php HTTP/1.1" 200 52308 "-" "Jetpack/13.0; WordPress/6.1; http://site26244620.com"
106.192.104.239 - - [27/Jun/2026:08:33:14 +0330] "POST /xmlrpc.php HTTP/1.1" 200 52308 "-" "Jetpack/13.0; WordPress/6.2; http://site27651629.com"
106.192.104.239 - - [27/Jun/2026:08:33:25 +0330] "POST /xmlrpc.php HTTP/1.1" 200 52308 "-" "Jetpack by WordPress.com"
106.192.104.239 - - [27/Jun/2026:08:33:36 +0330] "POST /xmlrpc.php HTTP/1.1" 200 52308 "-" "Jetpack/12.0; WordPress/6.4; http://site87731778.com"
106.192.104.239 - - [27/Jun/2026:08:33:47 +0330] "POST /xmlrpc.php HTTP/1.1" 200 52308 "-" "WordPress.com; https://wordpress.com"
106.192.104.239 - - [27/Jun/2026:08:33:58 +0330] "POST /xmlrpc.php HTTP/1.1" 200 52308 "-" "Jetpack by WordPress.com (Jetpack 12.0; WordPress 6.3)"
106.192.104.239 - - [27/Jun/2026:08:34:08 +0330] "POST /xmlrpc.php HTTP/1.1" 200 52308 "-" "Jetpack by WordPress.com (Jetpack 12.1; WordPress 6.4)"
106.192.104.239 - - [27/Jun/2026:08:34:19 +0330] "POST /xmlrpc.php HTTP/1.1" 200 52308 "-" "WordPress.com; https://wordpress.com"
106.192.104.239 - - [27/Jun/2026:08:34:30 +0330] "POST /xmlrpc.php HTTP/1.1" 200 52308 "-" "WordPress.com; https://wordpress.com"
78.142.18.172 - - [27/Jun/2026:08:34:31 +0330] "GET /wp-login.php HTTP/2" 200 3361 "-" "Mozilla/5.0 (X11; Fedora; Linux x86_64) AppleWebKit/537.36 (KHTML, like Gecko) Chrome/133.0.0.0 Safari/537.36"
78.142.18.172 - - [27/Jun/2026:08:34:32 +0330] "POST /wp-login.php HTTP/2" 200 1464 "https://dorfakkhabar.ir/wp-login.php" "Mozilla/5.0 (X11; Fedora; Linux x86_64) AppleWebKit/537.36 (KHTML, like Gecko) Chrome/133.0.0.0 Safari/537.36"
158.69.117.34 - - [27/Jun/2026:08:34:36 +0330] "GET /wp-login.php HTTP/2" 200 3402 "-" "Mozilla/5.0 (Macintosh; Intel Mac OS X 14_7_4) AppleWebKit/537.36 (KHTML, like Gecko) Chrome/133.0.0.0 Safari/537.36"
158.69.117.34 - - [27/Jun/2026:08:34:37 +0330] "POST /wp-login.php HTTP/2" 200 1482 "https://mail.dorfakkhabar.ir/wp-login.php" "Mozilla/5.0 (Macintosh; Intel Mac OS X 14_7_4) AppleWebKit/537.36 (KHTML, like Gecko) Chrome/133.0.0.0 Safari/537.36"
106.192.104.239 - - [27/Jun/2026:08:34:41 +0330] "POST /xmlrpc.php HTTP/1.1" 200 52308 "-" "WordPress.com; https://wordpress.com"
106.192.104.239 - - [27/Jun/2026:08:34:52 +0330] "POST /xmlrpc.php HTTP/1.1" 200 52308 "-" "Jetpack by WordPress.com"
106.192.104.239 - - [27/Jun/2026:08:35:02 +0330] "POST /xmlrpc.php HTTP/1.1" 200 52308 "-" "WordPress.com; https://wordpress.com"
106.192.104.239 - - [27/Jun/2026:08:35:13 +0330] "POST /xmlrpc.php HTTP/1.1" 200 52308 "-" "Jetpack/12.5; WordPress/6.3; http://site86170210.com"
106.192.104.239 - - [27/Jun/2026:08:35:24 +0330] "POST /xmlrpc.php HTTP/1.1" 200 52308 "-" "Jetpack by WordPress.com"
106.192.104.239 - - [27/Jun/2026:08:35:35 +0330] "POST /xmlrpc.php HTTP/1.1" 200 52308 "-" "Jetpack/12.1; WordPress/6.2; http://site38768229.com"
106.192.104.239 - - [27/Jun/2026:08:35:46 +0330] "POST /xmlrpc.php HTTP/1.1" 200 52308 "-" "WordPress.com; https://wordpress.com"
106.192.104.239 - - [27/Jun/2026:08:35:56 +0330] "POST /xmlrpc.php HTTP/1.1" 200 52308 "-" "Jetpack by WordPress.com (Jetpack 12.1; WordPress 6.4)"
106.192.104.239 - - [27/Jun/2026:08:36:07 +0330] "POST /xmlrpc.php HTTP/1.1" 200 52308 "-" "Jetpack by WordPress.com"
106.192.104.239 - - [27/Jun/2026:08:36:18 +0330] "POST /xmlrpc.php HTTP/1.1" 200 52308 "-" "Jetpack by WordPress.com"
106.192.104.239 - - [27/Jun/2026:08:36:29 +0330] "POST /xmlrpc.php HTTP/1.1" 200 52308 "-" "Jetpack by WordPress.com"
106.192.104.239 - - [27/Jun/2026:08:36:40 +0330] "POST /xmlrpc.php HTTP/1.1" 200 52308 "-" "Jetpack by WordPress.com"
106.192.104.239 - - [27/Jun/2026:08:36:51 +0330] "POST /xmlrpc.php HTTP/1.1" 200 52308 "-" "Jetpack/13.0; WordPress/6.3; http://site61146284.com"
103.127.30.137 - - [27/Jun/2026:08:33:33 +0330] "GET /wp-login.php HTTP/2" 200 3373 "-" "Mozilla/5.0 (X11; Ubuntu; Linux x86_64) AppleWebKit/537.36 (KHTML, like Gecko) Chrome/133.0.0.0 Safari/537.36"
103.127.30.137 - - [27/Jun/2026:08:33:35 +0330] "POST /wp-login.php HTTP/2" 200 1473 "https://dorfakkhabar.ir/wp-login.php" "Mozilla/5.0 (X11; Ubuntu; Linux x86_64) AppleWebKit/537.36 (KHTML, like Gecko) Chrome/133.0.0.0 Safari/537.36"
93.115.150.27 - - [27/Jun/2026:08:35:05 +0330] "GET / HTTP/1.1" 200 4325 "-" "Python/3.11 aiohttp/3.9.2"
121.200.216.55 - - [27/Jun/2026:08:37:07 +0330] "GET /wp-login.php HTTP/2" 200 3365 "-" "Mozilla/5.0 (X11; Fedora; Linux x86_64) AppleWebKit/537.36 (KHTML, like Gecko) Chrome/133.0.0.0 Safari/537.36"
121.200.216.55 - - [27/Jun/2026:08:37:08 +0330] "POST /wp-login.php HTTP/2" 200 1471 "https://mail.dorfakkhabar.ir/wp-login.php" "Mozilla/5.0 (X11; Fedora; Linux x86_64) AppleWebKit/537.36 (KHTML, like Gecko) Chrome/133.0.0.0 Safari/537.36"
106.192.104.239 - - [27/Jun/2026:08:37:01 +0330] "POST /xmlrpc.php HTTP/1.1" 200 52308 "-" "Jetpack by WordPress.com (Jetpack 12.0; WordPress 6.1)"
106.192.104.239 - - [27/Jun/2026:08:37:12 +0330] "POST /xmlrpc.php HTTP/1.1" 200 52308 "-" "WordPress.com; https://wordpress.com"
158.69.215.39 - - [27/Jun/2026:08:37:13 +0330] "GET /wp-login.php HTTP/2" 200 3373 "-" "Mozilla/5.0 (X11; Linux x86_64) AppleWebKit/537.36 (KHTML, like Gecko) Chrome/133.0.0.0 Safari/537.36"
158.69.215.39 - - [27/Jun/2026:08:37:14 +0330] "POST /wp-login.php HTTP/2" 200 1472 "https://mail.dorfakkhabar.ir/wp-login.php" "Mozilla/5.0 (X11; Linux x86_64) AppleWebKit/537.36 (KHTML, like Gecko) Chrome/133.0.0.0 Safari/537.36"
106.192.104.239 - - [27/Jun/2026:08:37:23 +0330] "POST /xmlrpc.php HTTP/1.1" 200 52308 "-" "Jetpack by WordPress.com (Jetpack 12.0; WordPress 6.4)"
106.192.104.239 - - [27/Jun/2026:08:37:34 +0330] "POST /xmlrpc.php HTTP/1.1" 200 52308 "-" "Jetpack by WordPress.com (Jetpack 12.0; WordPress 6.3)"
185.139.40.253 - - [27/Jun/2026:08:37:39 +0330] "GET /wp-login.php HTTP/2" 200 3362 "-" "Mozilla/5.0 (Windows NT 10.0; Win64; x64) AppleWebKit/537.36 (KHTML, like Gecko) Chrome/120.0.0.0 Safari/537.36"
106.192.104.239 - - [27/Jun/2026:08:37:45 +0330] "POST /xmlrpc.php HTTP/1.1" 200 52308 "-" "Jetpack/12.5; WordPress/6.2; http://site64092775.com"
106.192.104.239 - - [27/Jun/2026:08:37:56 +0330] "POST /xmlrpc.php HTTP/1.1" 200 52308 "-" "Jetpack by WordPress.com (Jetpack 12.1; WordPress 6.1)"
106.192.104.239 - - [27/Jun/2026:08:38:07 +0330] "POST /xmlrpc.php HTTP/1.1" 200 52308 "-" "Jetpack/12.0; WordPress/6.3; http://site12178277.com"
106.192.104.239 - - [27/Jun/2026:08:38:17 +0330] "POST /xmlrpc.php HTTP/1.1" 200 52308 "-" "WordPress.com; https://wordpress.com"
106.192.104.239 - - [27/Jun/2026:08:38:28 +0330] "POST /xmlrpc.php HTTP/1.1" 200 52308 "-" "Jetpack by WordPress.com (Jetpack 13.0; WordPress 6.2)"
106.192.104.239 - - [27/Jun/2026:08:38:39 +0330] "POST /xmlrpc.php HTTP/1.1" 200 52308 "-" "Jetpack/12.5; WordPress/6.2; http://site33426944.com"
106.192.104.239 - - [27/Jun/2026:08:38:50 +0330] "POST /xmlrpc.php HTTP/1.1" 200 52308 "-" "Jetpack/12.1; WordPress/6.4; http://site80623794.com"
106.192.104.239 - - [27/Jun/2026:08:39:01 +0330] "POST /xmlrpc.php HTTP/1.1" 200 52308 "-" "Jetpack by WordPress.com"
106.192.104.239 - - [27/Jun/2026:08:39:12 +0330] "POST /xmlrpc.php HTTP/1.1" 200 52308 "-" "WordPress.com; https://wordpress.com"
106.192.104.239 - - [27/Jun/2026:08:39:23 +0330] "POST /xmlrpc.php HTTP/1.1" 200 52308 "-" "Jetpack by WordPress.com"
106.192.104.239 - - [27/Jun/2026:08:39:34 +0330] "POST /xmlrpc.php HTTP/1.1" 200 52308 "-" "Jetpack by WordPress.com"
106.192.104.239 - - [27/Jun/2026:08:39:44 +0330] "POST /xmlrpc.php HTTP/1.1" 200 52308 "-" "Jetpack by WordPress.com (Jetpack 12.5; WordPress 6.4)"
106.192.104.239 - - [27/Jun/2026:08:39:55 +0330] "POST /xmlrpc.php HTTP/1.1" 200 52308 "-" "WordPress.com; https://wordpress.com"
106.192.104.239 - - [27/Jun/2026:08:40:06 +0330] "POST /xmlrpc.php HTTP/1.1" 200 52308 "-" "WordPress.com; https://wordpress.com"
106.192.104.239 - - [27/Jun/2026:08:40:17 +0330] "POST /xmlrpc.php HTTP/1.1" 200 52308 "-" "Jetpack by WordPress.com (Jetpack 12.5; WordPress 6.1)"
106.192.104.239 - - [27/Jun/2026:08:40:28 +0330] "POST /xmlrpc.php HTTP/1.1" 200 52308 "-" "Jetpack by WordPress.com"
106.192.104.239 - - [27/Jun/2026:08:40:39 +0330] "POST /xmlrpc.php HTTP/1.1" 200 52308 "-" "Jetpack/12.0; WordPress/6.1; http://site72096642.com"
106.192.104.239 - - [27/Jun/2026:08:40:50 +0330] "POST /xmlrpc.php HTTP/1.1" 200 52308 "-" "Jetpack by WordPress.com (Jetpack 13.0; WordPress 6.1)"
106.192.104.239 - - [27/Jun/2026:08:41:00 +0330] "POST /xmlrpc.php HTTP/1.1" 200 52308 "-" "Jetpack/12.5; WordPress/6.3; http://site12241360.com"
106.192.104.239 - - [27/Jun/2026:08:41:11 +0330] "POST /xmlrpc.php HTTP/1.1" 200 52308 "-" "Jetpack by WordPress.com"
106.192.104.239 - - [27/Jun/2026:08:41:22 +0330] "POST /xmlrpc.php HTTP/1.1" 200 52308 "-" "Jetpack/12.1; WordPress/6.2; http://site50555780.com"
106.192.104.239 - - [27/Jun/2026:08:41:33 +0330] "POST /xmlrpc.php HTTP/1.1" 200 52308 "-" "Jetpack by WordPress.com (Jetpack 13.0; WordPress 6.1)"
106.192.104.239 - - [27/Jun/2026:08:41:44 +0330] "POST /xmlrpc.php HTTP/1.1" 200 52308 "-" "WordPress.com; https://wordpress.com"
106.192.104.239 - - [27/Jun/2026:08:41:55 +0330] "POST /xmlrpc.php HTTP/1.1" 200 52308 "-" "Jetpack by WordPress.com (Jetpack 13.0; WordPress 6.2)"
106.192.104.239 - - [27/Jun/2026:08:42:06 +0330] "POST /xmlrpc.php HTTP/1.1" 200 52308 "-" "Jetpack by WordPress.com (Jetpack 13.0; WordPress 6.1)"
106.192.104.239 - - [27/Jun/2026:08:42:17 +0330] "POST /xmlrpc.php HTTP/1.1" 200 52308 "-" "WordPress.com; https://wordpress.com"
106.192.104.239 - - [27/Jun/2026:08:42:28 +0330] "POST /xmlrpc.php HTTP/1.1" 200 52308 "-" "Jetpack by WordPress.com"
106.192.104.239 - - [27/Jun/2026:08:42:39 +0330] "POST /xmlrpc.php HTTP/1.1" 200 52308 "-" "Jetpack/12.5; WordPress/6.4; http://site95450284.com"
106.192.104.239 - - [27/Jun/2026:08:42:50 +0330] "POST /xmlrpc.php HTTP/1.1" 200 52308 "-" "Jetpack by WordPress.com"
106.192.104.239 - - [27/Jun/2026:08:43:00 +0330] "POST /xmlrpc.php HTTP/1.1" 200 52308 "-" "Jetpack by WordPress.com"
46.246.47.58 - - [27/Jun/2026:08:43:02 +0330] "GET /wp-login.php HTTP/2" 200 3409 "-" "Mozilla/5.0 (X11; Ubuntu; Linux x86_64) AppleWebKit/537.36 (KHTML, like Gecko) Chrome/133.0.0.0 Safari/537.36"
46.246.47.58 - - [27/Jun/2026:08:43:03 +0330] "POST /wp-login.php HTTP/2" 200 1464 "https://mail.dorfakkhabar.ir/wp-login.php" "Mozilla/5.0 (X11; Ubuntu; Linux x86_64) AppleWebKit/537.36 (KHTML, like Gecko) Chrome/133.0.0.0 Safari/537.36"
106.192.104.239 - - [27/Jun/2026:08:43:11 +0330] "POST /xmlrpc.php HTTP/1.1" 200 52308 "-" "WordPress.com; https://wordpress.com"
