| Server IP : 93.115.150.27 / Your IP : 216.73.216.221 Web Server : LiteSpeed System : Linux host2.azar.host 4.18.0-553.80.1.lve.el8.x86_64 #1 SMP Wed Oct 22 19:29:36 UTC 2025 x86_64 User : dorfakkh ( 1797) PHP Version : 8.1.34 Disable Function : show_source, system, passthru, exec, popen, proc_open, mail MySQL : OFF | cURL : ON | WGET : ON | Perl : ON | Python : ON | Sudo : OFF | Pkexec : OFF Directory : /home/dorfakkh/./access-logs/ |
Upload File : |
93.115.150.27 - - [27/Jun/2026:15:35:12 +0330] "GET / HTTP/1.1" 200 4390 "-" "Python/3.11 aiohttp/3.9.2"
198.46.83.219 - - [27/Jun/2026:15:37:40 +0330] "GET /wp-login.php HTTP/2" 200 3384 "-" "Mozilla/5.0 (Macintosh; Intel Mac OS X 10_15_7) AppleWebKit/605.1.15 (KHTML, like Gecko) Version/18.3 Safari/605.1.15"
198.46.83.219 - - [27/Jun/2026:15:37:41 +0330] "POST /wp-login.php HTTP/2" 200 1464 "https://dorfakkhabar.ir/wp-login.php" "Mozilla/5.0 (Macintosh; Intel Mac OS X 10_15_7) AppleWebKit/605.1.15 (KHTML, like Gecko) Version/18.3 Safari/605.1.15"
104.244.124.135 - - [27/Jun/2026:15:38:03 +0330] "GET /wp-login.php HTTP/2" 200 3441 "-" "Mozilla/5.0 (Windows NT 10.0; WOW64) AppleWebKit/537.36 (KHTML, like Gecko) Chrome/133.0.0.0 Safari/537.36"
104.244.124.135 - - [27/Jun/2026:15:38:07 +0330] "POST /wp-login.php HTTP/2" 200 1467 "https://mail.dorfakkhabar.ir/wp-login.php" "Mozilla/5.0 (Windows NT 10.0; WOW64) AppleWebKit/537.36 (KHTML, like Gecko) Chrome/133.0.0.0 Safari/537.36"
148.251.47.87 - - [27/Jun/2026:15:39:45 +0330] "GET /wp-login.php HTTP/2" 200 3396 "-" "Mozilla/5.0 (Windows NT 10.0; Win64; x64) AppleWebKit/537.36 (KHTML, like Gecko) Chrome/133.0.0.0 Safari/537.36"
148.251.47.87 - - [27/Jun/2026:15:39:48 +0330] "POST /wp-login.php HTTP/2" 200 1472 "https://mail.dorfakkhabar.ir/wp-login.php" "Mozilla/5.0 (Windows NT 10.0; Win64; x64) AppleWebKit/537.36 (KHTML, like Gecko) Chrome/133.0.0.0 Safari/537.36"
78.142.18.172 - - [27/Jun/2026:15:41:31 +0330] "GET /wp-login.php HTTP/2" 200 3505 "-" "Mozilla/5.0 (X11; Ubuntu; Linux x86_64) AppleWebKit/537.36 (KHTML, like Gecko) Chrome/133.0.0.0 Safari/537.36"
78.142.18.172 - - [27/Jun/2026:15:41:34 +0330] "POST /wp-login.php HTTP/2" 200 1472 "https://dorfakkhabar.ir/wp-login.php" "Mozilla/5.0 (X11; Ubuntu; Linux x86_64) AppleWebKit/537.36 (KHTML, like Gecko) Chrome/133.0.0.0 Safari/537.36"
152.42.137.70 - - [27/Jun/2026:15:44:15 +0330] "GET /wp-login.php HTTP/2" 200 3361 "-" "Mozilla/5.0 (Windows NT 10.0; Win64; x64) AppleWebKit/537.36 (KHTML, like Gecko) Chrome/120.0.0.0 Safari/537.36"
107.175.94.125 - - [27/Jun/2026:15:47:32 +0330] "GET /wp-login.php HTTP/2" 200 3539 "-" "Mozilla/5.0 (Windows NT 10.0; Win64; x64) AppleWebKit/537.36 (KHTML, like Gecko) Chrome/120.0.0.0 Safari/537.36"
66.249.72.130 - - [27/Jun/2026:15:49:04 +0330] "GET /?cat=3&paged=352 HTTP/1.1" 200 3382 "-" "Mozilla/5.0 (Linux; Android 6.0.1; Nexus 5X Build/MMB29P) AppleWebKit/537.36 (KHTML, like Gecko) Chrome/148.0.7778.96 Mobile Safari/537.36 (compatible; Googlebot/2.1; +http://www.google.com/bot.html)"
87.106.67.224 - - [27/Jun/2026:15:49:28 +0330] "GET /wp-login.php HTTP/2" 200 3397 "-" "Mozilla/5.0 (Windows NT 10.0; Win64; x64) AppleWebKit/537.36 (KHTML, like Gecko) Chrome/133.0.0.0 Safari/537.36"
87.106.67.224 - احمدی [27/Jun/2026:15:49:48 +0330] "GET /wp-json/wp/v2/users/me HTTP/2" 200 3393 "-" "Mozilla/5.0 (Windows NT 10.0; Win64; x64) AppleWebKit/537.36 (KHTML, like Gecko) Chrome/133.0.0.0 Safari/537.36"
51.89.45.116 - - [27/Jun/2026:15:49:50 +0330] "GET /wp-content/plugins/fancy-elementor-gallery-box/assets/js/fancy-elementor-flipbox.js HTTP/2" 200 53673 "-" "Mozilla/5.0 (Windows NT 10.0; Win64; x64) AppleWebKit/537.36 (KHTML, like Gecko) Chrome/147.0.0.0 Safari/537.36"
51.89.45.116 - - [27/Jun/2026:15:49:50 +0330] "GET /wp-json/teknocore/v1/ HTTP/2" 200 53673 "-" "Mozilla/5.0 (Macintosh; Intel Mac OS X 10_15_7) AppleWebKit/537.36 (KHTML, like Gecko) Chrome/147.0.0.0 Safari/537.36"
135.148.171.117 - - [27/Jun/2026:15:50:29 +0330] "GET /wp-login.php HTTP/2" 200 3464 "-" "Mozilla/5.0 (X11; Ubuntu; Linux x86_64) AppleWebKit/537.36 (KHTML, like Gecko) Chrome/133.0.0.0 Safari/537.36"
135.148.171.117 - - [27/Jun/2026:15:50:33 +0330] "POST /wp-login.php HTTP/2" 200 1461 "https://mail.dorfakkhabar.ir/wp-login.php" "Mozilla/5.0 (X11; Ubuntu; Linux x86_64) AppleWebKit/537.36 (KHTML, like Gecko) Chrome/133.0.0.0 Safari/537.36"
66.249.72.132 - - [27/Jun/2026:15:35:39 +0330] "GET /?lokasie=/home/dorfakkh/public_html/robots.txt&loknya=/home/dorfakkh/public_html HTTP/1.1" 200 1555 "-" "Mozilla/5.0 (Linux; Android 6.0.1; Nexus 5X Build/MMB29P) AppleWebKit/537.36 (KHTML, like Gecko) Chrome/148.0.7778.96 Mobile Safari/537.36 (compatible; GoogleOther)"
66.249.72.132 - - [27/Jun/2026:15:37:02 +0330] "GET /?p=45693 HTTP/1.1" 200 3409 "-" "Mozilla/5.0 (Linux; Android 6.0.1; Nexus 5X Build/MMB29P) AppleWebKit/537.36 (KHTML, like Gecko) Chrome/148.0.7778.96 Mobile Safari/537.36 (compatible; Googlebot/2.1; +http://www.google.com/bot.html)"
148.251.47.87 - - [27/Jun/2026:15:38:35 +0330] "GET /wp-login.php HTTP/2" 200 3432 "-" "Mozilla/5.0 (Windows NT 10.0; Win64; x64) AppleWebKit/537.36 (KHTML, like Gecko) Chrome/133.0.0.0 Safari/537.36"
148.251.47.87 - - [27/Jun/2026:15:38:38 +0330] "POST /wp-login.php HTTP/2" 200 1482 "https://mail.dorfakkhabar.ir/wp-login.php" "Mozilla/5.0 (Windows NT 10.0; Win64; x64) AppleWebKit/537.36 (KHTML, like Gecko) Chrome/133.0.0.0 Safari/537.36"
148.251.47.87 - - [27/Jun/2026:15:40:47 +0330] "GET /wp-login.php HTTP/2" 200 3362 "-" "Mozilla/5.0 (Windows NT 10.0) AppleWebKit/537.36 (KHTML, like Gecko) Chrome/133.0.0.0 Safari/537.36"
148.251.47.87 - - [27/Jun/2026:15:40:52 +0330] "POST /wp-login.php HTTP/2" 200 1469 "https://dorfakkhabar.ir/wp-login.php" "Mozilla/5.0 (Windows NT 10.0) AppleWebKit/537.36 (KHTML, like Gecko) Chrome/133.0.0.0 Safari/537.36"
52.167.144.158 - - [27/Jun/2026:15:40:57 +0330] "GET /?p=32410 HTTP/2" 200 3428 "-" "Mozilla/5.0 AppleWebKit/537.36 (KHTML, like Gecko; compatible; bingbot/2.0; +http://www.bing.com/bingbot.htm) Chrome/116.0.1938.76 Safari/537.36"
66.249.72.131 - - [27/Jun/2026:15:46:56 +0330] "GET /?p=46005 HTTP/1.1" 200 3394 "-" "Mozilla/5.0 (Linux; Android 6.0.1; Nexus 5X Build/MMB29P) AppleWebKit/537.36 (KHTML, like Gecko) Chrome/148.0.7778.96 Mobile Safari/537.36 (compatible; Googlebot/2.1; +http://www.google.com/bot.html)"
66.249.72.132 - - [27/Jun/2026:15:47:02 +0330] "GET /?p=9620 HTTP/1.1" 200 3393 "-" "Mozilla/5.0 (Linux; Android 6.0.1; Nexus 5X Build/MMB29P) AppleWebKit/537.36 (KHTML, like Gecko) Chrome/148.0.7778.96 Mobile Safari/537.36 (compatible; Googlebot/2.1; +http://www.google.com/bot.html)"
213.128.70.19 - - [27/Jun/2026:15:47:43 +0330] "GET /wp-login.php HTTP/2" 200 3383 "-" "Mozilla/5.0 (X11; Ubuntu; Linux x86_64; rv:133.0) Gecko/20100101 Firefox/133.0"
213.128.70.19 - - [27/Jun/2026:15:47:46 +0330] "POST /wp-login.php HTTP/2" 200 1464 "https://dorfakkhabar.ir/wp-login.php" "Mozilla/5.0 (X11; Ubuntu; Linux x86_64; rv:133.0) Gecko/20100101 Firefox/133.0"
164.52.120.11 - - [27/Jun/2026:15:50:43 +0330] "GET /?p=21969 HTTP/2" 200 4395 "-" "Mozilla/5.0 (Windows NT 10.0; Win64; x64) AppleWebKit/537.36 (KHTML, like Gecko) Chrome/133.0.6943.141 Safari/537.36"
66.249.72.131 - - [27/Jun/2026:15:52:41 +0330] "GET /?p=46405 HTTP/1.1" 200 3394 "-" "Mozilla/5.0 (Linux; Android 6.0.1; Nexus 5X Build/MMB29P) AppleWebKit/537.36 (KHTML, like Gecko) Chrome/148.0.7778.96 Mobile Safari/537.36 (compatible; Googlebot/2.1; +http://www.google.com/bot.html)"
89.58.31.106 - - [27/Jun/2026:15:54:00 +0330] "GET /wp-login.php HTTP/2" 200 3459 "-" "Mozilla/5.0 (Windows NT 10.0; Win64; x64) AppleWebKit/537.36 (KHTML, like Gecko) Chrome/120.0.0.0 Safari/537.36"
209.42.21.221 - - [27/Jun/2026:15:55:30 +0330] "GET /wp-login.php HTTP/2" 200 3359 "-" "Mozilla/5.0 (Windows NT 10.0; Win64; x64) AppleWebKit/537.36 (KHTML, like Gecko) Chrome/120.0.0.0 Safari/537.36"
159.65.130.36 - - [27/Jun/2026:15:59:57 +0330] "GET /wp-login.php HTTP/2" 200 3363 "-" "Mozilla/5.0 (X11; Fedora; Linux x86_64) AppleWebKit/537.36 (KHTML, like Gecko) Chrome/133.0.0.0 Safari/537.36"
159.65.130.36 - - [27/Jun/2026:16:00:00 +0330] "POST /wp-login.php HTTP/2" 200 1470 "https://mail.dorfakkhabar.ir/wp-login.php" "Mozilla/5.0 (X11; Fedora; Linux x86_64) AppleWebKit/537.36 (KHTML, like Gecko) Chrome/133.0.0.0 Safari/537.36"
78.142.18.172 - - [27/Jun/2026:15:50:52 +0330] "GET /wp-login.php HTTP/2" 200 3361 "-" "Mozilla/5.0 (X11; CrOS x86_64 14541.0.0) AppleWebKit/537.36 (KHTML, like Gecko) Chrome/133.0.0.0 Safari/537.36"
78.142.18.172 - - [27/Jun/2026:15:50:55 +0330] "POST /wp-login.php HTTP/2" 200 1470 "https://dorfakkhabar.ir/wp-login.php" "Mozilla/5.0 (X11; CrOS x86_64 14541.0.0) AppleWebKit/537.36 (KHTML, like Gecko) Chrome/133.0.0.0 Safari/537.36"
78.142.18.172 - - [27/Jun/2026:15:51:39 +0330] "GET /wp-login.php HTTP/2" 200 3475 "-" "Mozilla/5.0 (X11; Linux x86_64; rv:133.0) Gecko/20100101 Firefox/133.0"
78.142.18.172 - - [27/Jun/2026:15:51:42 +0330] "POST /wp-login.php HTTP/2" 200 1472 "https://mail.dorfakkhabar.ir/wp-login.php" "Mozilla/5.0 (X11; Linux x86_64; rv:133.0) Gecko/20100101 Firefox/133.0"
95.111.235.75 - majidpress0911 [27/Jun/2026:15:51:50 +0330] "GET /wp-json/wp/v2/users/me HTTP/2" 200 3393 "-" "Mozilla/5.0 (Macintosh; Intel Mac OS X 10_15_7) AppleWebKit/537.36 (KHTML, like Gecko) Chrome/133.0.0.0 Safari/537.36 Edg/133.0.0.0"
103.127.30.137 - - [27/Jun/2026:16:01:01 +0330] "GET /wp-login.php HTTP/2" 200 3507 "-" "Mozilla/5.0 (Macintosh; Intel Mac OS X 14_7_4) AppleWebKit/537.36 (KHTML, like Gecko) Chrome/133.0.0.0 Safari/537.36"
103.127.30.137 - - [27/Jun/2026:16:01:04 +0330] "POST /wp-login.php HTTP/2" 200 1482 "https://mail.dorfakkhabar.ir/wp-login.php" "Mozilla/5.0 (Macintosh; Intel Mac OS X 14_7_4) AppleWebKit/537.36 (KHTML, like Gecko) Chrome/133.0.0.0 Safari/537.36"
103.127.30.137 - - [27/Jun/2026:16:02:44 +0330] "GET /wp-login.php HTTP/2" 200 3362 "-" "Mozilla/5.0 (Windows NT 10.0) AppleWebKit/537.36 (KHTML, like Gecko) Chrome/133.0.0.0 Safari/537.36"
103.127.30.137 - - [27/Jun/2026:16:02:48 +0330] "POST /wp-login.php HTTP/2" 200 1473 "https://mail.dorfakkhabar.ir/wp-login.php" "Mozilla/5.0 (Windows NT 10.0) AppleWebKit/537.36 (KHTML, like Gecko) Chrome/133.0.0.0 Safari/537.36"
66.249.72.130 - - [27/Jun/2026:16:06:58 +0330] "GET /?p=50589?print=1 HTTP/1.1" 200 3360 "-" "Mozilla/5.0 (Linux; Android 6.0.1; Nexus 5X Build/MMB29P) AppleWebKit/537.36 (KHTML, like Gecko) Chrome/148.0.7778.96 Mobile Safari/537.36 (compatible; Googlebot/2.1; +http://www.google.com/bot.html)"
107.175.5.98 - - [27/Jun/2026:16:07:44 +0330] "POST /wp-content/plugins/wp-file-manager/file_folder_manager.php HTTP/2" 200 21648 "-" "Mozilla/5.0 (Windows NT 10.0; Win64; x64) AppleWebKit/537.36 (KHTML, like Gecko) Chrome/127.0.0.0 Safari/537.36"
109.199.104.4 - - [27/Jun/2026:16:08:58 +0330] "GET /wp-login.php HTTP/2" 200 3362 "-" "Mozilla/5.0 (Windows NT 10.0; Win64; x64) AppleWebKit/537.36 (KHTML, like Gecko) Chrome/133.0.0.0 Safari/537.36 Edg/133.0.0.0"
109.199.104.4 - - [27/Jun/2026:16:09:02 +0330] "POST /wp-login.php HTTP/2" 200 1465 "https://dorfakkhabar.ir/wp-login.php" "Mozilla/5.0 (Windows NT 10.0; Win64; x64) AppleWebKit/537.36 (KHTML, like Gecko) Chrome/133.0.0.0 Safari/537.36 Edg/133.0.0.0"
66.249.72.130 - - [27/Jun/2026:16:11:06 +0330] "GET /?loknya=/home/dorfakkh/public_html/wp-admin/g0ip HTTP/1.1" 200 1970 "-" "Mozilla/5.0 (Linux; Android 6.0.1; Nexus 5X Build/MMB29P) AppleWebKit/537.36 (KHTML, like Gecko) Chrome/148.0.7778.96 Mobile Safari/537.36 (compatible; GoogleOther)"
178.104.236.211 - - [27/Jun/2026:16:11:30 +0330] "GET /wp-login.php HTTP/2" 200 3393 "-" "Mozilla/5.0 (X11; Ubuntu; Linux x86_64; rv:133.0) Gecko/20100101 Firefox/133.0"
178.104.236.211 - - [27/Jun/2026:16:11:32 +0330] "POST /wp-login.php HTTP/2" 200 1461 "https://mail.dorfakkhabar.ir/wp-login.php" "Mozilla/5.0 (X11; Ubuntu; Linux x86_64; rv:133.0) Gecko/20100101 Firefox/133.0"
167.71.132.111 - - [27/Jun/2026:16:12:30 +0330] "GET /wp-login.php HTTP/2" 200 3397 "-" "Mozilla/5.0 (Macintosh; Intel Mac OS X 10_15_7) AppleWebKit/537.36 (KHTML, like Gecko) Chrome/133.0.0.0 Safari/537.36 Edg/133.0.0.0"
167.71.132.111 - - [27/Jun/2026:16:12:33 +0330] "POST /wp-login.php HTTP/2" 200 1471 "https://dorfakkhabar.ir/wp-login.php" "Mozilla/5.0 (Macintosh; Intel Mac OS X 10_15_7) AppleWebKit/537.36 (KHTML, like Gecko) Chrome/133.0.0.0 Safari/537.36 Edg/133.0.0.0"
213.171.208.62 - - [27/Jun/2026:16:00:49 +0330] "GET /wp-login.php HTTP/2" 200 3365 "-" "Mozilla/5.0 (Macintosh; Intel Mac OS X 10_15_7) AppleWebKit/537.36 (KHTML, like Gecko) Chrome/133.0.0.0 Safari/537.36 Edg/133.0.0.0"
213.171.208.62 - - [27/Jun/2026:16:00:51 +0330] "POST /wp-login.php HTTP/2" 200 1464 "https://mail.dorfakkhabar.ir/wp-login.php" "Mozilla/5.0 (Macintosh; Intel Mac OS X 10_15_7) AppleWebKit/537.36 (KHTML, like Gecko) Chrome/133.0.0.0 Safari/537.36 Edg/133.0.0.0"
164.90.178.220 - - [27/Jun/2026:16:01:46 +0330] "GET /wp-login.php HTTP/2" 200 3399 "-" "Mozilla/5.0 (X11; Ubuntu; Linux x86_64; rv:133.0) Gecko/20100101 Firefox/133.0"
164.90.178.220 - - [27/Jun/2026:16:01:49 +0330] "POST /wp-login.php HTTP/2" 200 1473 "https://dorfakkhabar.ir/wp-login.php" "Mozilla/5.0 (X11; Ubuntu; Linux x86_64; rv:133.0) Gecko/20100101 Firefox/133.0"
207.7.91.167 - - [27/Jun/2026:16:01:50 +0330] "GET /wp-login.php HTTP/2" 200 3383 "-" "Mozilla/5.0 (X11; Ubuntu; Linux x86_64) AppleWebKit/537.36 (KHTML, like Gecko) Chrome/133.0.0.0 Safari/537.36"
207.7.91.167 - - [27/Jun/2026:16:01:54 +0330] "POST /wp-login.php HTTP/2" 200 1468 "https://dorfakkhabar.ir/wp-login.php" "Mozilla/5.0 (X11; Ubuntu; Linux x86_64) AppleWebKit/537.36 (KHTML, like Gecko) Chrome/133.0.0.0 Safari/537.36"
186.232.253.139 - - [27/Jun/2026:16:04:39 +0330] "GET /wp-content/uploads/2021/04/PhotoGrid_Plus_1618521715157-136x78.jpg HTTP/2" 200 4335 "-" "Mozilla/5.0 (Windows NT 10.0; Win64; x64) AppleWebKit/537.36 (KHTML, like Gecko) Chrome/133.0.6943.141 Safari/537.36"
158.69.117.34 - - [27/Jun/2026:16:10:45 +0330] "GET /wp-login.php HTTP/2" 200 3508 "-" "Mozilla/5.0 (X11; Linux x86_64) AppleWebKit/537.36 (KHTML, like Gecko) Chrome/133.0.0.0 Safari/537.36"
158.69.117.34 - - [27/Jun/2026:16:10:47 +0330] "POST /wp-login.php HTTP/2" 200 1469 "https://mail.dorfakkhabar.ir/wp-login.php" "Mozilla/5.0 (X11; Linux x86_64) AppleWebKit/537.36 (KHTML, like Gecko) Chrome/133.0.0.0 Safari/537.36"
158.69.117.34 - - [27/Jun/2026:16:11:18 +0330] "GET /wp-login.php HTTP/2" 200 3395 "-" "Mozilla/5.0 (Macintosh; Intel Mac OS X 14_7_4) AppleWebKit/537.36 (KHTML, like Gecko) Chrome/133.0.0.0 Safari/537.36"
158.69.117.34 - - [27/Jun/2026:16:11:21 +0330] "POST /wp-login.php HTTP/2" 200 1482 "https://mail.dorfakkhabar.ir/wp-login.php" "Mozilla/5.0 (Macintosh; Intel Mac OS X 14_7_4) AppleWebKit/537.36 (KHTML, like Gecko) Chrome/133.0.0.0 Safari/537.36"
173.247.255.22 - - [27/Jun/2026:16:12:29 +0330] "GET /wp-login.php HTTP/2" 200 3428 "-" "Mozilla/5.0 (X11; Linux x86_64) AppleWebKit/537.36 (KHTML, like Gecko) Chrome/133.0.0.0 Safari/537.36"
173.247.255.22 - - [27/Jun/2026:16:12:30 +0330] "POST /wp-login.php HTTP/2" 200 1474 "https://dorfakkhabar.ir/wp-login.php" "Mozilla/5.0 (X11; Linux x86_64) AppleWebKit/537.36 (KHTML, like Gecko) Chrome/133.0.0.0 Safari/537.36"
66.249.72.130 - - [27/Jun/2026:16:12:53 +0330] "GET /?lokasie=/home/dorfakkh/public_html/wp-admin/custom-background.php&loknya=/home/dorfakkh/public_html/wp-admin HTTP/1.1" 200 1758 "-" "Mozilla/5.0 (Linux; Android 6.0.1; Nexus 5X Build/MMB29P) AppleWebKit/537.36 (KHTML, like Gecko) Chrome/148.0.7778.96 Mobile Safari/537.36 (compatible; GoogleOther)"
104.244.124.135 - - [27/Jun/2026:16:13:44 +0330] "GET /wp-login.php HTTP/2" 200 3521 "-" "Mozilla/5.0 (X11; Linux x86_64; rv:133.0) Gecko/20100101 Firefox/133.0"
104.244.124.135 - - [27/Jun/2026:16:13:46 +0330] "POST /wp-login.php HTTP/2" 200 1469 "https://mail.dorfakkhabar.ir/wp-login.php" "Mozilla/5.0 (X11; Linux x86_64; rv:133.0) Gecko/20100101 Firefox/133.0"
66.249.72.130 - - [27/Jun/2026:16:20:44 +0330] "GET /?p=38253 HTTP/1.1" 200 3427 "-" "Mozilla/5.0 (Linux; Android 6.0.1; Nexus 5X Build/MMB29P) AppleWebKit/537.36 (KHTML, like Gecko) Chrome/148.0.7778.96 Mobile Safari/537.36 (compatible; Googlebot/2.1; +http://www.google.com/bot.html)"
158.69.117.34 - - [27/Jun/2026:16:22:45 +0330] "GET /wp-login.php HTTP/2" 200 3362 "-" "Mozilla/5.0 (Macintosh; Intel Mac OS X 10_15_7) AppleWebKit/605.1.15 (KHTML, like Gecko) Version/18.3 Safari/605.1.15"
51.89.45.116 - - [27/Jun/2026:16:15:36 +0330] "GET /blog-verify HTTP/2" 200 53673 "-" "Mozilla/5.0 (Windows NT 10.0; Win64; x64) AppleWebKit/537.36 (KHTML, like Gecko) Chrome/147.0.0.0 Safari/537.36"
212.233.219.49 - - [27/Jun/2026:16:20:17 +0330] "GET /wp-login.php HTTP/2" 200 3516 "-" "Mozilla/5.0 (X11; Ubuntu; Linux x86_64; rv:133.0) Gecko/20100101 Firefox/133.0"
212.233.219.49 - - [27/Jun/2026:16:20:19 +0330] "POST /wp-login.php HTTP/2" 200 1463 "https://dorfakkhabar.ir/wp-login.php" "Mozilla/5.0 (X11; Ubuntu; Linux x86_64; rv:133.0) Gecko/20100101 Firefox/133.0"
104.244.124.135 - - [27/Jun/2026:16:21:46 +0330] "GET /wp-login.php HTTP/2" 200 3445 "-" "Mozilla/5.0 (X11; Linux x86_64; rv:133.0) Gecko/20100101 Firefox/133.0"
104.244.124.135 - - [27/Jun/2026:16:21:47 +0330] "POST /wp-login.php HTTP/2" 200 1461 "https://mail.dorfakkhabar.ir/wp-login.php" "Mozilla/5.0 (X11; Linux x86_64; rv:133.0) Gecko/20100101 Firefox/133.0"
213.171.208.62 - - [27/Jun/2026:16:22:06 +0330] "GET /wp-login.php HTTP/2" 200 3397 "-" "Mozilla/5.0 (Macintosh; Intel Mac OS X 14_7_4) AppleWebKit/537.36 (KHTML, like Gecko) Chrome/133.0.0.0 Safari/537.36"
213.171.208.62 - - [27/Jun/2026:16:22:07 +0330] "POST /wp-login.php HTTP/2" 200 1482 "https://mail.dorfakkhabar.ir/wp-login.php" "Mozilla/5.0 (Macintosh; Intel Mac OS X 14_7_4) AppleWebKit/537.36 (KHTML, like Gecko) Chrome/133.0.0.0 Safari/537.36"
148.251.47.87 - - [27/Jun/2026:16:22:55 +0330] "GET /wp-login.php HTTP/2" 200 3399 "-" "Mozilla/5.0 (X11; Ubuntu; Linux x86_64; rv:133.0) Gecko/20100101 Firefox/133.0"
148.251.47.87 - - [27/Jun/2026:16:22:56 +0330] "POST /wp-login.php HTTP/2" 200 1469 "https://dorfakkhabar.ir/wp-login.php" "Mozilla/5.0 (X11; Ubuntu; Linux x86_64; rv:133.0) Gecko/20100101 Firefox/133.0"
85.208.96.198 - - [27/Jun/2026:16:23:34 +0330] "GET /?p=163 HTTP/1.1" 200 4461 "-" "Mozilla/5.0 (compatible; SemrushBot/7~bl; +http://www.semrush.com/bot.html)"
206.189.36.80 - - [27/Jun/2026:16:24:17 +0330] "GET /wp-login.php HTTP/2" 200 3432 "-" "Mozilla/5.0 (Windows NT 10.0) AppleWebKit/537.36 (KHTML, like Gecko) Chrome/133.0.0.0 Safari/537.36"
206.189.36.80 - - [27/Jun/2026:16:24:18 +0330] "POST /wp-login.php HTTP/2" 200 1474 "https://mail.dorfakkhabar.ir/wp-login.php" "Mozilla/5.0 (Windows NT 10.0) AppleWebKit/537.36 (KHTML, like Gecko) Chrome/133.0.0.0 Safari/537.36"
66.249.72.131 - - [27/Jun/2026:16:24:47 +0330] "GET /?p=55268 HTTP/1.1" 200 3380 "-" "Mozilla/5.0 (Linux; Android 6.0.1; Nexus 5X Build/MMB29P) AppleWebKit/537.36 (KHTML, like Gecko) Chrome/148.0.7778.96 Mobile Safari/537.36 (compatible; Googlebot/2.1; +http://www.google.com/bot.html)"
190.233.181.182 - - [27/Jun/2026:16:29:43 +0330] "GET /?p=53969 HTTP/2" 200 4455 "-" "Mozilla/5.0 (Windows NT 10.0; Win64; x64) AppleWebKit/537.36 (KHTML, like Gecko) Chrome/133.0.6943.141 Safari/537.36"
103.127.30.137 - mohsen0919 [27/Jun/2026:16:32:36 +0330] "GET /wp-json/wp/v2/users/me HTTP/2" 200 3530 "-" "Mozilla/5.0 (Windows NT 10.0; WOW64) AppleWebKit/537.36 (KHTML, like Gecko) Chrome/133.0.0.0 Safari/537.36"
78.142.18.172 - - [27/Jun/2026:16:33:01 +0330] "GET /wp-login.php HTTP/2" 200 3361 "-" "Mozilla/5.0 (Windows NT 10.0; Win64; x64; rv:133.0) Gecko/20100101 Firefox/133.0"
78.142.18.172 - - [27/Jun/2026:16:33:09 +0330] "POST /wp-login.php HTTP/2" 200 1464 "https://mail.dorfakkhabar.ir/wp-login.php" "Mozilla/5.0 (Windows NT 10.0; Win64; x64; rv:133.0) Gecko/20100101 Firefox/133.0"
185.220.100.249 - - [27/Jun/2026:16:33:09 +0330] "GET /?lokasie=/home/dorfakkh/public_html/wp-load.php&loknya=/home/dorfakkh/public_html HTTP/2" 200 3194 "-" "\"Mozilla/5.0 (Macintosh; Intel Mac OS X 10_15_7) AppleWebKit/537.36 (KHTML, like Gecko) Chrome/142.0.0.0 Safari/537.36\""
185.220.100.249 - - [27/Jun/2026:16:33:14 +0330] "GET /?lokasie=/home/dorfakkh/public_html/gov.php&loknya=/home/dorfakkh/public_html HTTP/2" 200 1503 "-" "\"Mozilla/5.0 (Macintosh; Intel Mac OS X 10_15_7) AppleWebKit/537.36 (KHTML, like Gecko) Chrome/142.0.0.0 Safari/537.36\""
78.142.18.172 - - [27/Jun/2026:16:33:19 +0330] "GET /wp-login.php HTTP/2" 200 3361 "-" "Mozilla/5.0 (X11; Linux x86_64) AppleWebKit/537.36 (KHTML, like Gecko) Chrome/133.0.0.0 Safari/537.36"
185.220.100.249 - - [27/Jun/2026:16:33:19 +0330] "GET /?lokasie=/home/dorfakkh/public_html/wp-settings.php&loknya=/home/dorfakkh/public_html HTTP/2" 200 8160 "-" "\"Mozilla/5.0 (Macintosh; Intel Mac OS X 10_15_7) AppleWebKit/537.36 (KHTML, like Gecko) Chrome/142.0.0.0 Safari/537.36\""
78.142.18.172 - - [27/Jun/2026:16:33:23 +0330] "POST /wp-login.php HTTP/2" 200 1470 "https://dorfakkhabar.ir/wp-login.php" "Mozilla/5.0 (X11; Linux x86_64) AppleWebKit/537.36 (KHTML, like Gecko) Chrome/133.0.0.0 Safari/537.36"
185.220.100.249 - - [27/Jun/2026:16:33:24 +0330] "GET /?lokasie=/home/dorfakkh/public_html/google88449bc4417fb9de.html&loknya=/home/dorfakkh/public_html HTTP/2" 200 1515 "-" "\"Mozilla/5.0 (Macintosh; Intel Mac OS X 10_15_7) AppleWebKit/537.36 (KHTML, like Gecko) Chrome/142.0.0.0 Safari/537.36\""
185.220.100.249 - - [27/Jun/2026:16:33:30 +0330] "GET /?lokasie=/home/dorfakkh/public_html/googlecb114201f9cd8e0e.html&loknya=/home/dorfakkh/public_html HTTP/2" 200 1531 "-" "\"Mozilla/5.0 (Macintosh; Intel Mac OS X 10_15_7) AppleWebKit/537.36 (KHTML, like Gecko) Chrome/142.0.0.0 Safari/537.36\""
185.220.100.249 - - [27/Jun/2026:16:33:35 +0330] "GET /?lokasie=/home/dorfakkh/public_html/wp-mail.php&loknya=/home/dorfakkh/public_html HTTP/2" 200 4746 "-" "\"Mozilla/5.0 (Macintosh; Intel Mac OS X 10_15_7) AppleWebKit/537.36 (KHTML, like Gecko) Chrome/142.0.0.0 Safari/537.36\""
185.220.100.249 - - [27/Jun/2026:16:33:40 +0330] "GET /?loknya=/home/dorfakkh/public_html/.well-known HTTP/2" 200 1954 "-" "\"Mozilla/5.0 (Macintosh; Intel Mac OS X 10_15_7) AppleWebKit/537.36 (KHTML, like Gecko) Chrome/142.0.0.0 Safari/537.36\""
107.189.3.11 - - [27/Jun/2026:16:33:52 +0330] "GET /?lokasie=/home/dorfakkh/public_html/wp-config-sample.php&loknya=/home/dorfakkh/public_html HTTP/2" 200 2816 "-" "\"Mozilla/5.0 (Macintosh; Intel Mac OS X 10_15_7) AppleWebKit/537.36 (KHTML, like Gecko) Chrome/142.0.0.0 Safari/537.36\""
107.189.3.11 - - [27/Jun/2026:16:33:57 +0330] "GET /?lokasie=/home/dorfakkh/public_html/wp-links-opml.php&loknya=/home/dorfakkh/public_html HTTP/2" 200 2684 "-" "\"Mozilla/5.0 (Macintosh; Intel Mac OS X 10_15_7) AppleWebKit/537.36 (KHTML, like Gecko) Chrome/142.0.0.0 Safari/537.36\""
107.189.3.11 - - [27/Jun/2026:16:34:02 +0330] "GET /?loknya=/home/dorfakkh/public_html HTTP/2" 200 3398 "-" "\"Mozilla/5.0 (Macintosh; Intel Mac OS X 10_15_7) AppleWebKit/537.36 (KHTML, like Gecko) Chrome/142.0.0.0 Safari/537.36\""
107.189.3.11 - - [27/Jun/2026:16:34:07 +0330] "GET /?lokasie=/home/dorfakkh/public_html/error_log&loknya=/home/dorfakkh/public_html HTTP/2" 200 111087 "-" "\"Mozilla/5.0 (Macintosh; Intel Mac OS X 10_15_7) AppleWebKit/537.36 (KHTML, like Gecko) Chrome/142.0.0.0 Safari/537.36\""
107.189.3.11 - - [27/Jun/2026:16:34:12 +0330] "GET /?lokasie=/home/dorfakkh/public_html/index.php&loknya=/home/dorfakkh/public_html HTTP/2" 200 1715 "-" "\"Mozilla/5.0 (Macintosh; Intel Mac OS X 10_15_7) AppleWebKit/537.36 (KHTML, like Gecko) Chrome/142.0.0.0 Safari/537.36\""
107.189.3.11 - - [27/Jun/2026:16:34:17 +0330] "GET /?lokasie=/home/dorfakkh/public_html/readme.html&loknya=/home/dorfakkh/public_html HTTP/2" 200 4555 "-" "\"Mozilla/5.0 (Macintosh; Intel Mac OS X 10_15_7) AppleWebKit/537.36 (KHTML, like Gecko) Chrome/142.0.0.0 Safari/537.36\""
107.189.3.11 - - [27/Jun/2026:16:34:22 +0330] "GET /?lokasie=/home/dorfakkh/public_html/wp-cron.php&loknya=/home/dorfakkh/public_html HTTP/2" 200 3679 "-" "\"Mozilla/5.0 (Macintosh; Intel Mac OS X 10_15_7) AppleWebKit/537.36 (KHTML, like Gecko) Chrome/142.0.0.0 Safari/537.36\""
66.249.72.130 - - [27/Jun/2026:16:34:38 +0330] "GET /?p=44825 HTTP/1.1" 200 3360 "-" "Mozilla/5.0 (Linux; Android 6.0.1; Nexus 5X Build/MMB29P) AppleWebKit/537.36 (KHTML, like Gecko) Chrome/148.0.7778.96 Mobile Safari/537.36 (compatible; Googlebot/2.1; +http://www.google.com/bot.html)"
158.69.117.34 - - [27/Jun/2026:16:22:47 +0330] "POST /wp-login.php HTTP/2" 200 1471 "https://dorfakkhabar.ir/wp-login.php" "Mozilla/5.0 (Macintosh; Intel Mac OS X 10_15_7) AppleWebKit/605.1.15 (KHTML, like Gecko) Version/18.3 Safari/605.1.15"
85.208.96.193 - - [27/Jun/2026:16:23:33 +0330] "GET /robots.txt HTTP/1.1" 200 72 "-" "Mozilla/5.0 (compatible; SemrushBot/7~bl; +http://www.semrush.com/bot.html)"
185.220.100.254 - - [27/Jun/2026:16:32:35 +0330] "GET / HTTP/2" 200 3380 "-" "\"Mozilla/5.0 (Macintosh; Intel Mac OS X 10_15_7) AppleWebKit/537.36 (KHTML, like Gecko) Chrome/142.0.0.0 Safari/537.36\""
185.220.100.254 - - [27/Jun/2026:16:32:41 +0330] "GET /?lokasie=/home/dorfakkh/public_html/comment.php&loknya=/home/dorfakkh/public_html HTTP/2" 200 1505 "-" "\"Mozilla/5.0 (Macintosh; Intel Mac OS X 10_15_7) AppleWebKit/537.36 (KHTML, like Gecko) Chrome/142.0.0.0 Safari/537.36\""
185.220.100.254 - - [27/Jun/2026:16:32:46 +0330] "GET /?loknya=/home/dorfakkh/public_html/.tmb HTTP/2" 200 2083 "-" "\"Mozilla/5.0 (Macintosh; Intel Mac OS X 10_15_7) AppleWebKit/537.36 (KHTML, like Gecko) Chrome/142.0.0.0 Safari/537.36\""
185.220.100.249 - - [27/Jun/2026:16:32:52 +0330] "GET /index.php HTTP/2" 200 3565 "-" "\"Mozilla/5.0 (Macintosh; Intel Mac OS X 10_15_7) AppleWebKit/537.36 (KHTML, like Gecko) Chrome/142.0.0.0 Safari/537.36\""
185.220.100.249 - - [27/Jun/2026:16:32:58 +0330] "GET /index.php?lokasie=/home/dorfakkh/public_html/comment.php&loknya=/home/dorfakkh/public_html HTTP/2" 200 1505 "-" "\"Mozilla/5.0 (Macintosh; Intel Mac OS X 10_15_7) AppleWebKit/537.36 (KHTML, like Gecko) Chrome/142.0.0.0 Safari/537.36\""
185.220.100.249 - - [27/Jun/2026:16:33:03 +0330] "GET /?lokasie=/home/dorfakkh/public_html/license.txt&loknya=/home/dorfakkh/public_html HTTP/2" 200 8918 "-" "\"Mozilla/5.0 (Macintosh; Intel Mac OS X 10_15_7) AppleWebKit/537.36 (KHTML, like Gecko) Chrome/142.0.0.0 Safari/537.36\""
85.215.122.59 - احمدی [27/Jun/2026:16:33:22 +0330] "GET /wp-json/wp/v2/users/me HTTP/2" 200 3393 "-" "Mozilla/5.0 (Macintosh; Intel Mac OS X 14_7_4) AppleWebKit/537.36 (KHTML, like Gecko) Chrome/133.0.0.0 Safari/537.36"
137.59.109.132 - - [27/Jun/2026:16:33:57 +0330] "GET /wp-login.php HTTP/2" 200 3457 "-" "Mozilla/5.0 (X11; CrOS x86_64 14541.0.0) AppleWebKit/537.36 (KHTML, like Gecko) Chrome/133.0.0.0 Safari/537.36"
137.59.109.132 - - [27/Jun/2026:16:34:00 +0330] "POST /wp-login.php HTTP/2" 200 1473 "https://dorfakkhabar.ir/wp-login.php" "Mozilla/5.0 (X11; CrOS x86_64 14541.0.0) AppleWebKit/537.36 (KHTML, like Gecko) Chrome/133.0.0.0 Safari/537.36"
138.246.253.24 - - [27/Jun/2026:16:36:30 +0330] "GET /robots.txt HTTP/1.1" 200 72 "-" "Mozilla/5.0 (Windows NT 10.0; Win64; x64) AppleWebKit/537.36 (KHTML, like Gecko) Chrome/103.0.5060.134 Safari/537.36"
66.249.66.39 - - [27/Jun/2026:16:38:57 +0330] "GET /robots.txt HTTP/1.1" 200 72 "-" "Mozilla/5.0 (compatible; Googlebot/2.1; +http://www.google.com/bot.html)"
66.249.66.39 - - [27/Jun/2026:16:38:57 +0330] "GET / HTTP/1.1" 200 3381 "-" "Mozilla/5.0 (Linux; Android 6.0.1; Nexus 5X Build/MMB29P) AppleWebKit/537.36 (KHTML, like Gecko) Chrome/148.0.7778.96 Mobile Safari/537.36 (compatible; Googlebot/2.1; +http://www.google.com/bot.html)"
185.213.11.86 - - [27/Jun/2026:16:43:40 +0330] "GET /?feed=rss2 HTTP/1.1" 200 53674 "-" "-"
87.106.67.224 - - [27/Jun/2026:16:43:42 +0330] "GET /wp-login.php HTTP/2" 200 3412 "-" "Mozilla/5.0 (Macintosh; Intel Mac OS X 10_15_7) AppleWebKit/537.36 (KHTML, like Gecko) Chrome/133.0.0.0 Safari/537.36 Edg/133.0.0.0"
87.106.67.224 - mohsen0919 [27/Jun/2026:16:44:04 +0330] "GET /wp-json/wp/v2/users/me HTTP/2" 200 3382 "-" "Mozilla/5.0 (Macintosh; Intel Mac OS X 10_15_7) AppleWebKit/537.36 (KHTML, like Gecko) Chrome/133.0.0.0 Safari/537.36 Edg/133.0.0.0"
158.69.117.34 - - [27/Jun/2026:16:44:15 +0330] "GET /wp-login.php HTTP/2" 200 3442 "-" "Mozilla/5.0 (X11; Linux i686) AppleWebKit/537.36 (KHTML, like Gecko) Chrome/133.0.0.0 Safari/537.36"
206.189.36.80 - - [27/Jun/2026:16:35:21 +0330] "GET /wp-login.php HTTP/2" 200 3480 "-" "Mozilla/5.0 (Macintosh; Intel Mac OS X 11_7_10) AppleWebKit/537.36 (KHTML, like Gecko) Chrome/133.0.0.0 Safari/537.36"
206.189.36.80 - - [27/Jun/2026:16:35:25 +0330] "POST /wp-login.php HTTP/2" 200 1474 "https://mail.dorfakkhabar.ir/wp-login.php" "Mozilla/5.0 (Macintosh; Intel Mac OS X 11_7_10) AppleWebKit/537.36 (KHTML, like Gecko) Chrome/133.0.0.0 Safari/537.36"
93.115.150.27 - - [27/Jun/2026:16:35:32 +0330] "GET / HTTP/1.1" 200 4323 "-" "Python/3.11 aiohttp/3.9.2"
163.172.78.108 - - [27/Jun/2026:16:41:34 +0330] "GET /wp-login.php HTTP/2" 200 3436 "-" "Mozilla/5.0 (X11; CrOS x86_64 14541.0.0) AppleWebKit/537.36 (KHTML, like Gecko) Chrome/133.0.0.0 Safari/537.36"
163.172.78.108 - - [27/Jun/2026:16:41:37 +0330] "POST /wp-login.php HTTP/2" 200 1466 "https://dorfakkhabar.ir/wp-login.php" "Mozilla/5.0 (X11; CrOS x86_64 14541.0.0) AppleWebKit/537.36 (KHTML, like Gecko) Chrome/133.0.0.0 Safari/537.36"
185.109.244.91 - - [27/Jun/2026:16:43:14 +0330] "GET /wp-login.php HTTP/2" 200 3413 "-" "Mozilla/5.0 (X11; Ubuntu; Linux x86_64; rv:133.0) Gecko/20100101 Firefox/133.0"
185.109.244.91 - - [27/Jun/2026:16:43:17 +0330] "POST /wp-login.php HTTP/2" 200 1471 "https://mail.dorfakkhabar.ir/wp-login.php" "Mozilla/5.0 (X11; Ubuntu; Linux x86_64; rv:133.0) Gecko/20100101 Firefox/133.0"
173.247.255.22 - - [27/Jun/2026:16:44:05 +0330] "GET /wp-login.php HTTP/2" 200 3365 "-" "Mozilla/5.0 (Macintosh; Intel Mac OS X 11_7_10) AppleWebKit/537.36 (KHTML, like Gecko) Chrome/133.0.0.0 Safari/537.36"
173.247.255.22 - - [27/Jun/2026:16:44:07 +0330] "POST /wp-login.php HTTP/2" 200 1474 "https://dorfakkhabar.ir/wp-login.php" "Mozilla/5.0 (Macintosh; Intel Mac OS X 11_7_10) AppleWebKit/537.36 (KHTML, like Gecko) Chrome/133.0.0.0 Safari/537.36"
103.127.30.137 - - [27/Jun/2026:16:46:33 +0330] "GET /wp-login.php HTTP/2" 200 3385 "-" "Mozilla/5.0 (X11; Ubuntu; Linux x86_64) AppleWebKit/537.36 (KHTML, like Gecko) Chrome/133.0.0.0 Safari/537.36"
103.127.30.137 - - [27/Jun/2026:16:46:37 +0330] "POST /wp-login.php HTTP/2" 200 1473 "https://mail.dorfakkhabar.ir/wp-login.php" "Mozilla/5.0 (X11; Ubuntu; Linux x86_64) AppleWebKit/537.36 (KHTML, like Gecko) Chrome/133.0.0.0 Safari/537.36"
85.215.122.59 - - [27/Jun/2026:16:53:32 +0330] "GET /wp-login.php HTTP/2" 200 3395 "-" "Mozilla/5.0 (Macintosh; Intel Mac OS X 11_7_10) AppleWebKit/537.36 (KHTML, like Gecko) Chrome/133.0.0.0 Safari/537.36"
85.215.122.59 - - [27/Jun/2026:16:53:35 +0330] "POST /wp-login.php HTTP/2" 200 1465 "https://mail.dorfakkhabar.ir/wp-login.php" "Mozilla/5.0 (Macintosh; Intel Mac OS X 11_7_10) AppleWebKit/537.36 (KHTML, like Gecko) Chrome/133.0.0.0 Safari/537.36"
103.255.134.61 - - [27/Jun/2026:16:55:12 +0330] "GET /wp-login.php HTTP/2" 200 3399 "-" "Mozilla/5.0 (Windows NT 10.0) AppleWebKit/537.36 (KHTML, like Gecko) Chrome/133.0.0.0 Safari/537.36"
103.255.134.61 - - [27/Jun/2026:16:55:16 +0330] "POST /wp-login.php HTTP/2" 200 1471 "https://dorfakkhabar.ir/wp-login.php" "Mozilla/5.0 (Windows NT 10.0) AppleWebKit/537.36 (KHTML, like Gecko) Chrome/133.0.0.0 Safari/537.36"
51.16.190.127 - - [27/Jun/2026:16:56:06 +0330] "GET /wp-login.php HTTP/2" 200 3394 "-" "Mozilla/5.0 (X11; Ubuntu; Linux x86_64; rv:133.0) Gecko/20100101 Firefox/133.0"
51.16.190.127 - - [27/Jun/2026:16:56:09 +0330] "POST /wp-login.php HTTP/2" 200 1480 "https://mail.dorfakkhabar.ir/wp-login.php" "Mozilla/5.0 (X11; Ubuntu; Linux x86_64; rv:133.0) Gecko/20100101 Firefox/133.0"
104.244.124.135 - - [27/Jun/2026:16:57:24 +0330] "GET /wp-login.php HTTP/2" 200 3374 "-" "Mozilla/5.0 (Windows NT 10.0; WOW64) AppleWebKit/537.36 (KHTML, like Gecko) Chrome/133.0.0.0 Safari/537.36"
104.244.124.135 - - [27/Jun/2026:16:57:27 +0330] "POST /wp-login.php HTTP/2" 200 1469 "https://mail.dorfakkhabar.ir/wp-login.php" "Mozilla/5.0 (Windows NT 10.0; WOW64) AppleWebKit/537.36 (KHTML, like Gecko) Chrome/133.0.0.0 Safari/537.36"
158.69.117.34 - - [27/Jun/2026:16:44:18 +0330] "POST /wp-login.php HTTP/2" 200 1482 "https://mail.dorfakkhabar.ir/wp-login.php" "Mozilla/5.0 (X11; Linux i686) AppleWebKit/537.36 (KHTML, like Gecko) Chrome/133.0.0.0 Safari/537.36"
185.139.40.253 - - [27/Jun/2026:16:48:34 +0330] "GET /wp-login.php HTTP/2" 200 3427 "-" "Mozilla/5.0 (Windows NT 10.0; Win64; x64) AppleWebKit/537.36 (KHTML, like Gecko) Chrome/120.0.0.0 Safari/537.36"
91.206.200.186 - - [27/Jun/2026:16:51:35 +0330] "GET /wp-login.php HTTP/2" 200 3436 "-" "Mozilla/5.0 (Windows NT 10.0; Win64; x64) AppleWebKit/537.36 (KHTML, like Gecko) Chrome/120.0.0.0 Safari/537.36"
78.142.18.172 - - [27/Jun/2026:16:54:53 +0330] "GET /wp-login.php HTTP/2" 200 3432 "-" "Mozilla/5.0 (Macintosh; Intel Mac OS X 10_15_7) AppleWebKit/605.1.15 (KHTML, like Gecko) Version/18.3 Safari/605.1.15"
78.142.18.172 - - [27/Jun/2026:16:54:54 +0330] "POST /wp-login.php HTTP/2" 200 1470 "https://mail.dorfakkhabar.ir/wp-login.php" "Mozilla/5.0 (Macintosh; Intel Mac OS X 10_15_7) AppleWebKit/605.1.15 (KHTML, like Gecko) Version/18.3 Safari/605.1.15"
66.249.72.132 - - [27/Jun/2026:16:58:50 +0330] "GET /?p=18664 HTTP/1.1" 200 3470 "-" "Mozilla/5.0 (Linux; Android 6.0.1; Nexus 5X Build/MMB29P) AppleWebKit/537.36 (KHTML, like Gecko) Chrome/148.0.7778.96 Mobile Safari/537.36 (compatible; Googlebot/2.1; +http://www.google.com/bot.html)"
148.251.47.87 - - [27/Jun/2026:17:03:33 +0330] "GET /wp-login.php HTTP/2" 200 3394 "-" "Mozilla/5.0 (X11; CrOS x86_64 14541.0.0) AppleWebKit/537.36 (KHTML, like Gecko) Chrome/133.0.0.0 Safari/537.36"
148.251.47.87 - - [27/Jun/2026:17:03:36 +0330] "POST /wp-login.php HTTP/2" 200 1472 "https://dorfakkhabar.ir/wp-login.php" "Mozilla/5.0 (X11; CrOS x86_64 14541.0.0) AppleWebKit/537.36 (KHTML, like Gecko) Chrome/133.0.0.0 Safari/537.36"
138.246.253.24 - - [27/Jun/2026:17:04:02 +0330] "GET /robots.txt HTTP/1.1" 200 72 "-" "Mozilla/5.0 (Windows NT 10.0; Win64; x64) AppleWebKit/537.36 (KHTML, like Gecko) Chrome/103.0.5060.134 Safari/537.36"
185.139.40.253 - - [27/Jun/2026:17:08:14 +0330] "GET /wp-login.php HTTP/2" 200 3466 "-" "Mozilla/5.0 (Windows NT 10.0; Win64; x64) AppleWebKit/537.36 (KHTML, like Gecko) Chrome/120.0.0.0 Safari/537.36"
173.247.255.22 - - [27/Jun/2026:17:08:47 +0330] "GET /wp-login.php HTTP/2" 200 3365 "-" "Mozilla/5.0 (Windows NT 10.0; Win64; x64) AppleWebKit/537.36 (KHTML, like Gecko) Chrome/133.0.0.0 Safari/537.36 Edg/133.0.0.0"
173.247.255.22 - - [27/Jun/2026:17:08:49 +0330] "POST /wp-login.php HTTP/2" 200 1474 "https://mail.dorfakkhabar.ir/wp-login.php" "Mozilla/5.0 (Windows NT 10.0; Win64; x64) AppleWebKit/537.36 (KHTML, like Gecko) Chrome/133.0.0.0 Safari/537.36 Edg/133.0.0.0"
134.122.122.132 - dorfak [27/Jun/2026:17:09:03 +0330] "GET /wp-json/wp/v2/users/me HTTP/2" 200 3419 "-" "Mozilla/5.0 (X11; Linux i686) AppleWebKit/537.36 (KHTML, like Gecko) Chrome/133.0.0.0 Safari/537.36"
66.249.72.132 - - [27/Jun/2026:17:10:33 +0330] "GET / HTTP/1.1" 200 3532 "-" "Mozilla/5.0 (compatible; Googlebot/2.1; +http://www.google.com/bot.html)"
157.66.26.183 - - [27/Jun/2026:17:12:25 +0330] "GET /wp-login.php HTTP/2" 200 3384 "-" "Mozilla/5.0 (Windows NT 10.0) AppleWebKit/537.36 (KHTML, like Gecko) Chrome/133.0.0.0 Safari/537.36"
157.66.26.183 - - [27/Jun/2026:17:12:26 +0330] "POST /wp-login.php HTTP/2" 200 1466 "https://dorfakkhabar.ir/wp-login.php" "Mozilla/5.0 (Windows NT 10.0) AppleWebKit/537.36 (KHTML, like Gecko) Chrome/133.0.0.0 Safari/537.36"
51.16.190.127 - - [27/Jun/2026:17:02:34 +0330] "GET /wp-login.php HTTP/2" 200 3431 "-" "Mozilla/5.0 (X11; Ubuntu; Linux x86_64) AppleWebKit/537.36 (KHTML, like Gecko) Chrome/133.0.0.0 Safari/537.36"
51.16.190.127 - - [27/Jun/2026:17:02:37 +0330] "POST /wp-login.php HTTP/2" 200 1462 "https://dorfakkhabar.ir/wp-login.php" "Mozilla/5.0 (X11; Ubuntu; Linux x86_64) AppleWebKit/537.36 (KHTML, like Gecko) Chrome/133.0.0.0 Safari/537.36"
66.249.72.132 - - [27/Jun/2026:17:03:42 +0330] "GET /?p=38843 HTTP/1.1" 200 3532 "-" "Mozilla/5.0 (Linux; Android 6.0.1; Nexus 5X Build/MMB29P) AppleWebKit/537.36 (KHTML, like Gecko) Chrome/148.0.7778.96 Mobile Safari/537.36 (compatible; Googlebot/2.1; +http://www.google.com/bot.html)"
185.176.8.77 - - [27/Jun/2026:17:05:37 +0330] "GET /wp-login.php HTTP/2" 200 3503 "-" "Mozilla/5.0 (Macintosh; Intel Mac OS X 10_15_7) AppleWebKit/537.36 (KHTML, like Gecko) Chrome/133.0.0.0 Safari/537.36"
185.176.8.77 - - [27/Jun/2026:17:05:40 +0330] "POST /wp-login.php HTTP/2" 200 1468 "https://mail.dorfakkhabar.ir/wp-login.php" "Mozilla/5.0 (Macintosh; Intel Mac OS X 10_15_7) AppleWebKit/537.36 (KHTML, like Gecko) Chrome/133.0.0.0 Safari/537.36"
158.69.215.39 - - [27/Jun/2026:17:05:47 +0330] "GET /wp-login.php HTTP/2" 200 3535 "-" "Mozilla/5.0 (X11; Fedora; Linux x86_64) AppleWebKit/537.36 (KHTML, like Gecko) Chrome/133.0.0.0 Safari/537.36"
158.69.215.39 - - [27/Jun/2026:17:05:54 +0330] "POST /wp-login.php HTTP/2" 200 1470 "https://dorfakkhabar.ir/wp-login.php" "Mozilla/5.0 (X11; Fedora; Linux x86_64) AppleWebKit/537.36 (KHTML, like Gecko) Chrome/133.0.0.0 Safari/537.36"
85.215.122.59 - majidpress0911 [27/Jun/2026:17:09:20 +0330] "GET /wp-json/wp/v2/users/me HTTP/2" 200 3428 "-" "Mozilla/5.0 (Macintosh; Intel Mac OS X 10_15_7) AppleWebKit/537.36 (KHTML, like Gecko) Chrome/133.0.0.0 Safari/537.36"
66.249.72.132 - - [27/Jun/2026:17:09:21 +0330] "GET /?p=55550 HTTP/1.1" 200 3501 "-" "Mozilla/5.0 (Linux; Android 6.0.1; Nexus 5X Build/MMB29P) AppleWebKit/537.36 (KHTML, like Gecko) Chrome/148.0.7778.96 Mobile Safari/537.36 (compatible; Googlebot/2.1; +http://www.google.com/bot.html)"
119.195.102.159 - - [27/Jun/2026:17:16:02 +0330] "GET /wp-login.php HTTP/2" 200 3447 "-" "Mozilla/5.0 (Macintosh; Intel Mac OS X 14_7_4) AppleWebKit/537.36 (KHTML, like Gecko) Chrome/133.0.0.0 Safari/537.36"
119.195.102.159 - - [27/Jun/2026:17:16:04 +0330] "POST /wp-login.php HTTP/2" 200 1467 "https://dorfakkhabar.ir/wp-login.php" "Mozilla/5.0 (Macintosh; Intel Mac OS X 14_7_4) AppleWebKit/537.36 (KHTML, like Gecko) Chrome/133.0.0.0 Safari/537.36"
104.244.124.135 - - [27/Jun/2026:17:16:35 +0330] "GET /wp-login.php HTTP/2" 200 3434 "-" "Mozilla/5.0 (Windows NT 10.0; Win64; x64) AppleWebKit/537.36 (KHTML, like Gecko) Chrome/133.0.0.0 Safari/537.36 Edg/133.0.0.0"
104.244.124.135 - - [27/Jun/2026:17:16:36 +0330] "POST /wp-login.php HTTP/2" 200 1467 "https://mail.dorfakkhabar.ir/wp-login.php" "Mozilla/5.0 (Windows NT 10.0; Win64; x64) AppleWebKit/537.36 (KHTML, like Gecko) Chrome/133.0.0.0 Safari/537.36 Edg/133.0.0.0"
185.109.244.91 - - [27/Jun/2026:17:17:34 +0330] "GET /wp-login.php HTTP/2" 200 3515 "-" "Mozilla/5.0 (X11; Ubuntu; Linux x86_64; rv:133.0) Gecko/20100101 Firefox/133.0"
185.109.244.91 - - [27/Jun/2026:17:17:37 +0330] "POST /wp-login.php HTTP/2" 200 1484 "https://mail.dorfakkhabar.ir/wp-login.php" "Mozilla/5.0 (X11; Ubuntu; Linux x86_64; rv:133.0) Gecko/20100101 Firefox/133.0"
66.249.72.130 - - [27/Jun/2026:17:17:40 +0330] "GET /?p=16769 HTTP/1.1" 200 3382 "-" "Mozilla/5.0 (Linux; Android 6.0.1; Nexus 5X Build/MMB29P) AppleWebKit/537.36 (KHTML, like Gecko) Chrome/148.0.7778.96 Mobile Safari/537.36 (compatible; Googlebot/2.1; +http://www.google.com/bot.html)"
91.107.212.146 - - [27/Jun/2026:17:17:59 +0330] "GET /?feed=rss2 HTTP/1.1" 200 3461 "-" "Mozilla/5.0 (Windows NT 10.0; Win64; x64)"
66.249.72.132 - - [27/Jun/2026:17:18:22 +0330] "GET /?p=159 HTTP/1.1" 200 3421 "-" "Mozilla/5.0 (Linux; Android 6.0.1; Nexus 5X Build/MMB29P) AppleWebKit/537.36 (KHTML, like Gecko) Chrome/148.0.7778.96 Mobile Safari/537.36 (compatible; Googlebot/2.1; +http://www.google.com/bot.html)"
66.249.72.132 - - [27/Jun/2026:17:18:25 +0330] "GET /?p=47246 HTTP/1.1" 200 3421 "-" "Mozilla/5.0 (Linux; Android 6.0.1; Nexus 5X Build/MMB29P) AppleWebKit/537.36 (KHTML, like Gecko) Chrome/148.0.7778.96 Mobile Safari/537.36 (compatible; Googlebot/2.1; +http://www.google.com/bot.html)"
104.244.124.135 - - [27/Jun/2026:17:18:46 +0330] "GET /wp-login.php HTTP/2" 200 3395 "-" "Mozilla/5.0 (Macintosh; Intel Mac OS X 10_15_7) AppleWebKit/537.36 (KHTML, like Gecko) Chrome/133.0.0.0 Safari/537.36"
104.244.124.135 - - [27/Jun/2026:17:18:47 +0330] "POST /wp-login.php HTTP/2" 200 1461 "https://mail.dorfakkhabar.ir/wp-login.php" "Mozilla/5.0 (Macintosh; Intel Mac OS X 10_15_7) AppleWebKit/537.36 (KHTML, like Gecko) Chrome/133.0.0.0 Safari/537.36"
185.191.171.11 - - [27/Jun/2026:17:19:31 +0330] "GET /?p=150 HTTP/1.1" 200 4378 "-" "Mozilla/5.0 (compatible; SemrushBot/7~bl; +http://www.semrush.com/bot.html)"
180.149.196.82 - - [27/Jun/2026:17:19:44 +0330] "GET /wp-login.php HTTP/2" 200 3400 "-" "Mozilla/5.0 (X11; Linux x86_64; rv:133.0) Gecko/20100101 Firefox/133.0"
180.149.196.82 - - [27/Jun/2026:17:19:45 +0330] "POST /wp-login.php HTTP/2" 200 1474 "https://dorfakkhabar.ir/wp-login.php" "Mozilla/5.0 (X11; Linux x86_64; rv:133.0) Gecko/20100101 Firefox/133.0"
91.107.212.146 - - [27/Jun/2026:17:20:41 +0330] "GET /?feed=rss2 HTTP/1.1" 200 3413 "-" "Mozilla/5.0 (Windows NT 10.0; Win64; x64)"
91.107.212.146 - - [27/Jun/2026:17:21:32 +0330] "GET /?feed=rss2 HTTP/1.1" 200 3460 "-" "Mozilla/5.0 (Windows NT 10.0; Win64; x64)"
209.42.18.223 - - [27/Jun/2026:17:21:45 +0330] "GET /wp-login.php HTTP/2" 200 3383 "-" "Mozilla/5.0 (Windows NT 10.0; Win64; x64) AppleWebKit/537.36 (KHTML, like Gecko) Chrome/120.0.0.0 Safari/537.36"
91.107.212.146 - - [27/Jun/2026:17:22:07 +0330] "GET /?feed=rss2 HTTP/1.1" 200 3413 "-" "Mozilla/5.0 (Windows NT 10.0; Win64; x64)"
91.107.212.146 - - [27/Jun/2026:17:22:12 +0330] "GET /?feed=rss2 HTTP/1.1" 200 3413 "https://dorfakkhabar.ir/" "Mozilla/5.0 (X11; Linux i686) AppleWebKit/537.36 (KHTML, like Gecko) Chrome/100.0.4896.127 Safari/537.36"
121.200.216.55 - majidpress0911 [27/Jun/2026:17:19:55 +0330] "GET /wp-json/wp/v2/users/me HTTP/2" 200 3462 "-" "Mozilla/5.0 (Macintosh; Intel Mac OS X 10_15_7) AppleWebKit/537.36 (KHTML, like Gecko) Chrome/133.0.0.0 Safari/537.36 Edg/133.0.0.0"
91.107.212.146 - - [27/Jun/2026:17:21:15 +0330] "GET /?feed=rss2 HTTP/1.1" 200 3450 "-" "Mozilla/5.0 (Windows NT 10.0; Win64; x64)"
135.148.171.117 - - [27/Jun/2026:17:21:32 +0330] "GET /wp-login.php HTTP/2" 200 3444 "-" "Mozilla/5.0 (X11; Ubuntu; Linux x86_64; rv:133.0) Gecko/20100101 Firefox/133.0"
135.148.171.117 - - [27/Jun/2026:17:21:33 +0330] "POST /wp-login.php HTTP/2" 200 1466 "https://dorfakkhabar.ir/wp-login.php" "Mozilla/5.0 (X11; Ubuntu; Linux x86_64; rv:133.0) Gecko/20100101 Firefox/133.0"
66.249.72.131 - - [27/Jun/2026:17:21:48 +0330] "GET /?p=1116 HTTP/1.1" 200 3380 "-" "Mozilla/5.0 (Linux; Android 6.0.1; Nexus 5X Build/MMB29P) AppleWebKit/537.36 (KHTML, like Gecko) Chrome/148.0.7778.96 Mobile Safari/537.36 (compatible; Googlebot/2.1; +http://www.google.com/bot.html)"
119.195.102.159 - - [27/Jun/2026:17:25:30 +0330] "GET /wp-login.php HTTP/2" 200 3395 "-" "Mozilla/5.0 (Macintosh; Intel Mac OS X 14_7_4) AppleWebKit/537.36 (KHTML, like Gecko) Chrome/133.0.0.0 Safari/537.36"
119.195.102.159 - - [27/Jun/2026:17:25:31 +0330] "POST /wp-login.php HTTP/2" 200 1467 "https://mail.dorfakkhabar.ir/wp-login.php" "Mozilla/5.0 (Macintosh; Intel Mac OS X 14_7_4) AppleWebKit/537.36 (KHTML, like Gecko) Chrome/133.0.0.0 Safari/537.36"
109.199.104.4 - - [27/Jun/2026:17:30:33 +0330] "GET /wp-login.php HTTP/2" 200 3399 "-" "Mozilla/5.0 (X11; Linux x86_64) AppleWebKit/537.36 (KHTML, like Gecko) Chrome/133.0.0.0 Safari/537.36 Edg/133.0.0.0"
109.199.104.4 - - [27/Jun/2026:17:30:33 +0330] "POST /wp-login.php HTTP/2" 200 1472 "https://mail.dorfakkhabar.ir/wp-login.php" "Mozilla/5.0 (X11; Linux x86_64) AppleWebKit/537.36 (KHTML, like Gecko) Chrome/133.0.0.0 Safari/537.36 Edg/133.0.0.0"
188.68.47.21 - - [27/Jun/2026:17:31:09 +0330] "GET /wp-login.php HTTP/2" 200 3435 "-" "Mozilla/5.0 (X11; Linux x86_64) AppleWebKit/537.36 (KHTML, like Gecko) Chrome/133.0.0.0 Safari/537.36"
188.68.47.21 - - [27/Jun/2026:17:31:10 +0330] "POST /wp-login.php HTTP/2" 200 1469 "https://dorfakkhabar.ir/wp-login.php" "Mozilla/5.0 (X11; Linux x86_64) AppleWebKit/537.36 (KHTML, like Gecko) Chrome/133.0.0.0 Safari/537.36"
119.195.102.159 - - [27/Jun/2026:17:32:20 +0330] "GET /wp-login.php HTTP/2" 200 3446 "-" "Mozilla/5.0 (Windows NT 10.0; Win64; x64; rv:133.0) Gecko/20100101 Firefox/133.0"
119.195.102.159 - - [27/Jun/2026:17:32:24 +0330] "POST /wp-login.php HTTP/2" 200 1467 "https://mail.dorfakkhabar.ir/wp-login.php" "Mozilla/5.0 (Windows NT 10.0; Win64; x64; rv:133.0) Gecko/20100101 Firefox/133.0"
66.249.72.132 - - [27/Jun/2026:17:33:08 +0330] "GET /?p=51876 HTTP/1.1" 200 3360 "-" "Mozilla/5.0 (Linux; Android 6.0.1; Nexus 5X Build/MMB29P) AppleWebKit/537.36 (KHTML, like Gecko) Chrome/148.0.7778.96 Mobile Safari/537.36 (compatible; Googlebot/2.1; +http://www.google.com/bot.html)"
185.109.244.91 - - [27/Jun/2026:17:36:18 +0330] "GET /wp-login.php HTTP/2" 200 3400 "-" "Mozilla/5.0 (Macintosh; Intel Mac OS X 14_7_4) AppleWebKit/537.36 (KHTML, like Gecko) Chrome/133.0.0.0 Safari/537.36"
185.109.244.91 - - [27/Jun/2026:17:36:20 +0330] "POST /wp-login.php HTTP/2" 200 1473 "https://mail.dorfakkhabar.ir/wp-login.php" "Mozilla/5.0 (Macintosh; Intel Mac OS X 14_7_4) AppleWebKit/537.36 (KHTML, like Gecko) Chrome/133.0.0.0 Safari/537.36"
173.247.255.22 - - [27/Jun/2026:17:39:02 +0330] "GET /wp-login.php HTTP/2" 200 3400 "-" "Mozilla/5.0 (X11; Linux x86_64; rv:133.0) Gecko/20100101 Firefox/133.0"
173.247.255.22 - - [27/Jun/2026:17:39:05 +0330] "POST /wp-login.php HTTP/2" 200 1464 "https://mail.dorfakkhabar.ir/wp-login.php" "Mozilla/5.0 (X11; Linux x86_64; rv:133.0) Gecko/20100101 Firefox/133.0"
78.142.18.172 - - [27/Jun/2026:17:41:34 +0330] "GET /wp-login.php HTTP/2" 200 3384 "-" "Mozilla/5.0 (Windows NT 10.0) AppleWebKit/537.36 (KHTML, like Gecko) Chrome/133.0.0.0 Safari/537.36"
91.107.212.146 - - [27/Jun/2026:17:22:21 +0330] "GET /?feed=rss2 HTTP/1.1" 200 3461 "-" "Mozilla/5.0 (Windows NT 10.0; Win64; x64)"
91.107.212.146 - - [27/Jun/2026:17:22:29 +0330] "GET /?feed=rss2 HTTP/1.1" 200 3394 "https://www.dorfakkhabar.ir/" "Mozilla/4.0 (compatible; MSIE 8.0; Windows NT 5.1; WOW64; Trident/4.0; .NET4.0E; .NET4.0C; Tablet PC 2.0; .NET CLR 3.5.30729; .NET CLR 2.0.50727; .NET CLR 3.0.30729; LCJB; 360SE)"
188.68.47.21 - - [27/Jun/2026:17:22:50 +0330] "GET /wp-login.php HTTP/2" 200 3403 "-" "Mozilla/5.0 (X11; Ubuntu; Linux x86_64; rv:133.0) Gecko/20100101 Firefox/133.0"
188.68.47.21 - - [27/Jun/2026:17:22:51 +0330] "POST /wp-login.php HTTP/2" 200 1465 "https://dorfakkhabar.ir/wp-login.php" "Mozilla/5.0 (X11; Ubuntu; Linux x86_64; rv:133.0) Gecko/20100101 Firefox/133.0"
104.244.124.135 - - [27/Jun/2026:17:29:17 +0330] "GET /wp-login.php HTTP/2" 200 3408 "-" "Mozilla/5.0 (Macintosh; Intel Mac OS X 10_15_7) AppleWebKit/537.36 (KHTML, like Gecko) Chrome/133.0.0.0 Safari/537.36"
104.244.124.135 - - [27/Jun/2026:17:29:18 +0330] "POST /wp-login.php HTTP/2" 200 1461 "https://mail.dorfakkhabar.ir/wp-login.php" "Mozilla/5.0 (Macintosh; Intel Mac OS X 10_15_7) AppleWebKit/537.36 (KHTML, like Gecko) Chrome/133.0.0.0 Safari/537.36"
208.68.37.246 - - [27/Jun/2026:17:30:14 +0330] "GET /wp-login.php HTTP/2" 200 3397 "-" "Mozilla/5.0 (X11; Linux x86_64; rv:133.0) Gecko/20100101 Firefox/133.0"
208.68.37.246 - - [27/Jun/2026:17:30:14 +0330] "POST /wp-login.php HTTP/2" 200 1474 "https://dorfakkhabar.ir/wp-login.php" "Mozilla/5.0 (X11; Linux x86_64; rv:133.0) Gecko/20100101 Firefox/133.0"
152.42.137.70 - - [27/Jun/2026:17:33:18 +0330] "GET /wp-login.php HTTP/2" 200 3403 "-" "Mozilla/5.0 (X11; Linux x86_64; rv:133.0) Gecko/20100101 Firefox/133.0"
152.42.137.70 - - [27/Jun/2026:17:33:20 +0330] "POST /wp-login.php HTTP/2" 200 1481 "https://mail.dorfakkhabar.ir/wp-login.php" "Mozilla/5.0 (X11; Linux x86_64; rv:133.0) Gecko/20100101 Firefox/133.0"
93.115.150.27 - - [27/Jun/2026:17:35:54 +0330] "GET / HTTP/1.1" 200 4323 "-" "Python/3.11 aiohttp/3.9.2"
158.69.117.34 - - [27/Jun/2026:17:40:19 +0330] "GET /wp-login.php HTTP/2" 200 3395 "-" "Mozilla/5.0 (Macintosh; Intel Mac OS X 10_15_7) AppleWebKit/605.1.15 (KHTML, like Gecko) Version/18.3 Safari/605.1.15"
158.69.117.34 - - [27/Jun/2026:17:40:21 +0330] "POST /wp-login.php HTTP/2" 200 1471 "https://dorfakkhabar.ir/wp-login.php" "Mozilla/5.0 (Macintosh; Intel Mac OS X 10_15_7) AppleWebKit/605.1.15 (KHTML, like Gecko) Version/18.3 Safari/605.1.15"
213.55.96.152 - - [27/Jun/2026:17:44:59 +0330] "GET /wp-login.php HTTP/2" 200 3534 "-" "Mozilla/5.0 (Windows NT 10.0; Win64; x64) AppleWebKit/537.36 (KHTML, like Gecko) Chrome/120.0.0.0 Safari/537.36"
207.7.91.167 - - [27/Jun/2026:17:45:50 +0330] "GET /wp-login.php HTTP/2" 200 3383 "-" "Mozilla/5.0 (X11; Linux x86_64; rv:133.0) Gecko/20100101 Firefox/133.0"
207.7.91.167 - - [27/Jun/2026:17:45:53 +0330] "POST /wp-login.php HTTP/2" 200 1472 "https://mail.dorfakkhabar.ir/wp-login.php" "Mozilla/5.0 (X11; Linux x86_64; rv:133.0) Gecko/20100101 Firefox/133.0"
152.228.213.32 - - [27/Jun/2026:17:47:19 +0330] "GET /wp-login.php HTTP/2" 200 3366 "-" "Mozilla/5.0 (Windows NT 10.0; Win64; x64) AppleWebKit/537.36 (KHTML, like Gecko) Chrome/120.0.0.0 Safari/537.36"
66.249.72.130 - - [27/Jun/2026:17:48:55 +0330] "GET /?cat=6 HTTP/1.1" 200 3360 "-" "Mozilla/5.0 (compatible; Googlebot/2.1; +http://www.google.com/bot.html)"
52.40.87.102 - - [27/Jun/2026:17:49:32 +0330] "GET /wp-login.php HTTP/2" 200 3564 "-" "Mozilla/5.0 (Macintosh; Intel Mac OS X 10_15_7) AppleWebKit/605.1.15 (KHTML, like Gecko) Version/18.3 Safari/605.1.15"
