52.40.87.102 - - [27/Jun/2026:17:49:35 +0330] "POST /wp-login.php HTTP/2" 200 1463 "https://mail.dorfakkhabar.ir/wp-login.php" "Mozilla/5.0 (Macintosh; Intel Mac OS X 10_15_7) AppleWebKit/605.1.15 (KHTML, like Gecko) Version/18.3 Safari/605.1.15"
91.107.212.146 - - [27/Jun/2026:17:50:33 +0330] "GET /?feed=rss2 HTTP/1.1" 200 3394 "-" "Mozilla/5.0 (Windows NT 10.0; Win64; x64)"
78.142.18.172 - - [27/Jun/2026:17:41:37 +0330] "POST /wp-login.php HTTP/2" 200 1470 "https://dorfakkhabar.ir/wp-login.php" "Mozilla/5.0 (Windows NT 10.0) AppleWebKit/537.36 (KHTML, like Gecko) Chrome/133.0.0.0 Safari/537.36"
66.249.72.132 - - [27/Jun/2026:17:42:50 +0330] "GET /?lokasie=/home/dorfakkh//.bash_profile&loknya=/home/dorfakkh/ HTTP/1.1" 200 1571 "-" "Mozilla/5.0 (Linux; Android 6.0.1; Nexus 5X Build/MMB29P) AppleWebKit/537.36 (KHTML, like Gecko) Chrome/148.0.7778.96 Mobile Safari/537.36 (compatible; GoogleOther)"
66.249.72.131 - - [27/Jun/2026:17:43:40 +0330] "GET /?p=37476 HTTP/1.1" 200 3394 "-" "Mozilla/5.0 (Linux; Android 6.0.1; Nexus 5X Build/MMB29P) AppleWebKit/537.36 (KHTML, like Gecko) Chrome/148.0.7778.96 Mobile Safari/537.36 (compatible; Googlebot/2.1; +http://www.google.com/bot.html)"
66.249.72.132 - - [27/Jun/2026:17:43:43 +0330] "GET /?p=26510 HTTP/1.1" 200 3409 "-" "Mozilla/5.0 (Linux; Android 6.0.1; Nexus 5X Build/MMB29P) AppleWebKit/537.36 (KHTML, like Gecko) Chrome/148.0.7778.96 Mobile Safari/537.36 (compatible; Googlebot/2.1; +http://www.google.com/bot.html)"
85.215.122.59 - - [27/Jun/2026:17:43:56 +0330] "GET /wp-login.php HTTP/2" 200 3395 "-" "Mozilla/5.0 (X11; Linux x86_64; rv:133.0) Gecko/20100101 Firefox/133.0"
85.215.122.59 - - [27/Jun/2026:17:43:58 +0330] "POST /wp-login.php HTTP/2" 200 1479 "https://mail.dorfakkhabar.ir/wp-login.php" "Mozilla/5.0 (X11; Linux x86_64; rv:133.0) Gecko/20100101 Firefox/133.0"
66.249.72.132 - - [27/Jun/2026:17:44:29 +0330] "GET /?p=1563 HTTP/1.1" 200 3360 "-" "Mozilla/5.0 (Linux; Android 6.0.1; Nexus 5X Build/MMB29P) AppleWebKit/537.36 (KHTML, like Gecko) Chrome/148.0.7778.96 Mobile Safari/537.36 (compatible; Googlebot/2.1; +http://www.google.com/bot.html)"
154.65.16.170 - dorfak [27/Jun/2026:17:45:16 +0330] "GET /wp-json/wp/v2/users/me HTTP/2" 200 3394 "-" "Mozilla/5.0 (X11; Ubuntu; Linux x86_64) AppleWebKit/537.36 (KHTML, like Gecko) Chrome/133.0.0.0 Safari/537.36"
91.107.212.146 - - [27/Jun/2026:17:50:12 +0330] "GET /?feed=rss2 HTTP/1.1" 200 3427 "https://dorfakkhabar.ir/" "Mozilla/5.0 (Windows NT 10.0) AppleWebKit/537.36 (KHTML, like Gecko) Chrome/84.0.0.0 Safari/537.36"
91.107.212.146 - - [27/Jun/2026:17:50:24 +0330] "GET /?feed=rss2 HTTP/1.1" 200 3394 "https://www.dorfakkhabar.ir/" "Mozilla/5.0 (Windows NT 10.0; Win64; x64) AppleWebKit/537.36 (KHTML, like Gecko) Edge/91.0.864.67"
103.82.195.111 - - [27/Jun/2026:17:50:27 +0330] "GET /wp-login.php HTTP/2" 200 3384 "-" "Mozilla/5.0 (Windows NT 10.0; WOW64) AppleWebKit/537.36 (KHTML, like Gecko) Chrome/133.0.0.0 Safari/537.36"
103.82.195.111 - - [27/Jun/2026:17:50:29 +0330] "POST /wp-login.php HTTP/2" 200 1474 "https://dorfakkhabar.ir/wp-login.php" "Mozilla/5.0 (Windows NT 10.0; WOW64) AppleWebKit/537.36 (KHTML, like Gecko) Chrome/133.0.0.0 Safari/537.36"
91.107.212.146 - - [27/Jun/2026:17:50:43 +0330] "GET /?feed=rss2 HTTP/1.1" 200 3394 "-" "Mozilla/5.0 (Windows NT 10.0; Win64; x64)"
91.107.212.146 - - [27/Jun/2026:17:50:45 +0330] "GET /?feed=rss2 HTTP/1.1" 200 3394 "-" "Mozilla/5.0 (Windows NT 10.0; Win64; x64)"
131.72.236.123 - - [27/Jun/2026:17:51:36 +0330] "GET /wp-login.php HTTP/2" 200 3399 "-" "Mozilla/5.0 (Windows NT 10.0) AppleWebKit/537.36 (KHTML, like Gecko) Chrome/133.0.0.0 Safari/537.36"
131.72.236.123 - - [27/Jun/2026:17:51:38 +0330] "POST /wp-login.php HTTP/2" 200 1470 "https://dorfakkhabar.ir/wp-login.php" "Mozilla/5.0 (Windows NT 10.0) AppleWebKit/537.36 (KHTML, like Gecko) Chrome/133.0.0.0 Safari/537.36"
85.215.122.59 - - [27/Jun/2026:17:54:58 +0330] "GET /wp-login.php HTTP/2" 200 3395 "-" "Mozilla/5.0 (Macintosh; Intel Mac OS X 14_7_4) AppleWebKit/537.36 (KHTML, like Gecko) Chrome/133.0.0.0 Safari/537.36"
85.215.122.59 - - [27/Jun/2026:17:55:00 +0330] "POST /wp-login.php HTTP/2" 200 1479 "https://mail.dorfakkhabar.ir/wp-login.php" "Mozilla/5.0 (Macintosh; Intel Mac OS X 14_7_4) AppleWebKit/537.36 (KHTML, like Gecko) Chrome/133.0.0.0 Safari/537.36"
91.107.212.146 - - [27/Jun/2026:17:50:39 +0330] "GET /?feed=rss2 HTTP/1.1" 200 3427 "-" "Mozilla/5.0 (Windows NT 10.0; Win64; x64)"
91.107.212.146 - - [27/Jun/2026:17:50:51 +0330] "GET /?feed=rss2 HTTP/1.1" 200 3394 "https://dorfakkhabar.ir/" "Mozilla/5.0 (Windows NT 10.0; Win64; x64) AppleWebKit/537.36 (KHTML, like Gecko) Chrome/84.0.4147.105 Safari/537.36 Edg/84.0.522.52"
91.107.212.146 - - [27/Jun/2026:17:50:56 +0330] "GET /?feed=rss2 HTTP/1.1" 200 3394 "https://www.dorfakkhabar.ir/" "Mozilla/5.0 (Macintosh; Intel Mac OS X 10_13_3) AppleWebKit/537.36 (KHTML, like Gecko) Chrome/99.0.4844.51 Safari/537.36"
91.107.212.146 - - [27/Jun/2026:17:51:01 +0330] "GET /?feed=rss2 HTTP/1.1" 200 3394 "https://dorfakkhabar.ir/" "Mozilla/5.0 (X11; Fedora; Linux x86_64; rv:89.0) Gecko/20100101 Firefox/89.0"
91.107.212.146 - - [27/Jun/2026:17:51:06 +0330] "GET /?feed=rss2 HTTP/1.1" 200 3427 "https://www.dorfakkhabar.ir/" "Mozilla/4.0 (compatible; MSIE 7.0; Windows NT 6.1; Trident/4.0; SLCC2; .NET CLR 2.0.50727; .NET CLR 3.5.30729; .NET CLR 3.0.30729; Media Center PC 6.0; .NET4.0C; .NET4.0E; Zoom 3.6.0; ms-office; MSOffice 14)"
91.107.212.146 - - [27/Jun/2026:17:51:34 +0330] "GET /?feed=rss2 HTTP/1.1" 200 3489 "-" "Mozilla/5.0 (Windows NT 10.0; Win64; x64)"
66.249.72.132 - - [27/Jun/2026:17:52:07 +0330] "GET /?p=29214 HTTP/1.1" 200 3360 "-" "Mozilla/5.0 (Linux; Android 6.0.1; Nexus 5X Build/MMB29P) AppleWebKit/537.36 (KHTML, like Gecko) Chrome/148.0.7778.96 Mobile Safari/537.36 (compatible; Googlebot/2.1; +http://www.google.com/bot.html)"
91.107.212.146 - - [27/Jun/2026:17:52:09 +0330] "GET /?feed=rss2 HTTP/1.1" 200 3427 "-" "Mozilla/5.0 (Windows NT 10.0; Win64; x64)"
160.119.64.32 - - [27/Jun/2026:17:53:53 +0330] "GET /wp-login.php HTTP/2" 200 3396 "-" "Mozilla/5.0 (Windows NT 10.0; Win64; x64) AppleWebKit/537.36 (KHTML, like Gecko) Chrome/133.0.0.0 Safari/537.36 Edg/133.0.0.0"
160.119.64.32 - - [27/Jun/2026:17:53:56 +0330] "POST /wp-login.php HTTP/2" 200 1470 "https://mail.dorfakkhabar.ir/wp-login.php" "Mozilla/5.0 (Windows NT 10.0; Win64; x64) AppleWebKit/537.36 (KHTML, like Gecko) Chrome/133.0.0.0 Safari/537.36 Edg/133.0.0.0"
85.215.122.59 - - [27/Jun/2026:17:59:48 +0330] "GET /wp-login.php HTTP/2" 200 3535 "-" "Mozilla/5.0 (Windows NT 10.0; WOW64) AppleWebKit/537.36 (KHTML, like Gecko) Chrome/133.0.0.0 Safari/537.36"
85.215.122.59 - - [27/Jun/2026:17:59:50 +0330] "POST /wp-login.php HTTP/2" 200 1465 "https://mail.dorfakkhabar.ir/wp-login.php" "Mozilla/5.0 (Windows NT 10.0; WOW64) AppleWebKit/537.36 (KHTML, like Gecko) Chrome/133.0.0.0 Safari/537.36"
66.249.72.131 - - [27/Jun/2026:18:06:29 +0330] "GET /?p=14424 HTTP/1.1" 200 3408 "-" "Mozilla/5.0 (Linux; Android 6.0.1; Nexus 5X Build/MMB29P) AppleWebKit/537.36 (KHTML, like Gecko) Chrome/148.0.7778.96 Mobile Safari/537.36 (compatible; Googlebot/2.1; +http://www.google.com/bot.html)"
78.142.18.172 - - [27/Jun/2026:18:07:10 +0330] "GET /wp-login.php HTTP/2" 200 3536 "-" "Mozilla/5.0 (X11; Ubuntu; Linux x86_64; rv:133.0) Gecko/20100101 Firefox/133.0"
78.142.18.172 - - [27/Jun/2026:18:07:11 +0330] "POST /wp-login.php HTTP/2" 200 1472 "https://mail.dorfakkhabar.ir/wp-login.php" "Mozilla/5.0 (X11; Ubuntu; Linux x86_64; rv:133.0) Gecko/20100101 Firefox/133.0"
84.247.151.140 - - [27/Jun/2026:17:55:33 +0330] "GET /wp-login.php HTTP/2" 200 3387 "-" "Mozilla/5.0 (Windows NT 10.0) AppleWebKit/537.36 (KHTML, like Gecko) Chrome/133.0.0.0 Safari/537.36"
84.247.151.140 - - [27/Jun/2026:17:55:36 +0330] "POST /wp-login.php HTTP/2" 200 1465 "https://dorfakkhabar.ir/wp-login.php" "Mozilla/5.0 (Windows NT 10.0) AppleWebKit/537.36 (KHTML, like Gecko) Chrome/133.0.0.0 Safari/537.36"
198.46.83.219 - - [27/Jun/2026:17:56:48 +0330] "GET /wp-login.php HTTP/2" 200 3511 "-" "Mozilla/5.0 (Windows NT 10.0) AppleWebKit/537.36 (KHTML, like Gecko) Chrome/133.0.0.0 Safari/537.36"
198.46.83.219 - - [27/Jun/2026:17:56:50 +0330] "POST /wp-login.php HTTP/2" 200 1474 "https://mail.dorfakkhabar.ir/wp-login.php" "Mozilla/5.0 (Windows NT 10.0) AppleWebKit/537.36 (KHTML, like Gecko) Chrome/133.0.0.0 Safari/537.36"
185.213.11.86 - - [27/Jun/2026:17:59:33 +0330] "GET /?feed=rss2 HTTP/1.1" 200 53674 "-" "-"
103.127.30.137 - - [27/Jun/2026:18:00:56 +0330] "GET /wp-login.php HTTP/2" 200 3514 "-" "Mozilla/5.0 (X11; Ubuntu; Linux x86_64) AppleWebKit/537.36 (KHTML, like Gecko) Chrome/133.0.0.0 Safari/537.36"
103.127.30.137 - - [27/Jun/2026:18:01:04 +0330] "POST /wp-login.php HTTP/2" 200 1473 "https://dorfakkhabar.ir/wp-login.php" "Mozilla/5.0 (X11; Ubuntu; Linux x86_64) AppleWebKit/537.36 (KHTML, like Gecko) Chrome/133.0.0.0 Safari/537.36"
78.142.18.172 - mohsen0919 [27/Jun/2026:18:01:53 +0330] "GET /wp-json/wp/v2/users/me HTTP/2" 200 3394 "-" "Mozilla/5.0 (X11; Fedora; Linux x86_64) AppleWebKit/537.36 (KHTML, like Gecko) Chrome/133.0.0.0 Safari/537.36"
51.68.236.72 - - [27/Jun/2026:18:02:04 +0330] "GET /robots.txt HTTP/1.1" 200 72 "-" "Mozilla/5.0 (compatible; MJ12bot/v2.0.5; http://mj12bot.com/)"
51.68.236.72 - - [27/Jun/2026:18:02:04 +0330] "GET / HTTP/1.1" 200 3434 "-" "Mozilla/5.0 (compatible; MJ12bot/v2.0.5; http://mj12bot.com/)"
78.142.18.172 - - [27/Jun/2026:18:05:16 +0330] "GET /wp-login.php HTTP/2" 200 3536 "-" "Mozilla/5.0 (Macintosh; Intel Mac OS X 14_7_4) AppleWebKit/537.36 (KHTML, like Gecko) Chrome/133.0.0.0 Safari/537.36"
66.249.72.132 - - [27/Jun/2026:18:05:18 +0330] "GET /?p=53922 HTTP/1.1" 200 3443 "-" "Mozilla/5.0 (Linux; Android 6.0.1; Nexus 5X Build/MMB29P) AppleWebKit/537.36 (KHTML, like Gecko) Chrome/148.0.7778.96 Mobile Safari/537.36 (compatible; Googlebot/2.1; +http://www.google.com/bot.html)"
78.142.18.172 - - [27/Jun/2026:18:05:19 +0330] "POST /wp-login.php HTTP/2" 200 1483 "https://mail.dorfakkhabar.ir/wp-login.php" "Mozilla/5.0 (Macintosh; Intel Mac OS X 14_7_4) AppleWebKit/537.36 (KHTML, like Gecko) Chrome/133.0.0.0 Safari/537.36"
91.206.200.153 - - [27/Jun/2026:18:07:40 +0330] "GET /wp-login.php HTTP/2" 200 3538 "-" "Mozilla/5.0 (Windows NT 10.0; Win64; x64) AppleWebKit/537.36 (KHTML, like Gecko) Chrome/120.0.0.0 Safari/537.36"
91.107.212.146 - - [27/Jun/2026:18:16:34 +0330] "GET /?feed=rss2 HTTP/1.1" 200 3413 "-" "Mozilla/5.0 (Windows NT 10.0; Win64; x64)"
91.107.212.146 - - [27/Jun/2026:18:16:57 +0330] "GET /?feed=rss2 HTTP/1.1" 200 3427 "-" "Mozilla/5.0 (Windows NT 10.0; Win64; x64)"
91.107.212.146 - - [27/Jun/2026:18:16:34 +0330] "GET /?feed=rss2 HTTP/1.1" 200 3413 "-" "Mozilla/5.0 (Windows NT 10.0; Win64; x64)"
91.107.212.146 - - [27/Jun/2026:18:16:57 +0330] "GET /?feed=rss2 HTTP/1.1" 200 3445 "-" "Mozilla/5.0 (Windows NT 10.0; Win64; x64)"
91.107.212.146 - - [27/Jun/2026:18:17:24 +0330] "GET /?feed=rss2 HTTP/1.1" 200 3394 "https://dorfakkhabar.ir/" "Mozilla/5.0 (Windows NT 10.0) AppleWebKit/537.36 (KHTML, like Gecko) Chrome/84.0.4147.89 Safari/537.36 OPR/70.0.3728.59 (Edition beta)"
51.16.190.127 - - [27/Jun/2026:18:10:13 +0330] "GET /wp-login.php HTTP/2" 200 3361 "-" "Mozilla/5.0 (Windows NT 10.0; Win64; x64) AppleWebKit/537.36 (KHTML, like Gecko) Chrome/133.0.0.0 Safari/537.36 Edg/133.0.0.0"
51.16.190.127 - - [27/Jun/2026:18:10:14 +0330] "POST /wp-login.php HTTP/2" 200 1462 "https://dorfakkhabar.ir/wp-login.php" "Mozilla/5.0 (Windows NT 10.0; Win64; x64) AppleWebKit/537.36 (KHTML, like Gecko) Chrome/133.0.0.0 Safari/537.36 Edg/133.0.0.0"
66.249.72.131 - - [27/Jun/2026:18:10:22 +0330] "GET /?p=3740 HTTP/1.1" 200 3396 "-" "Mozilla/5.0 (Linux; Android 6.0.1; Nexus 5X Build/MMB29P) AppleWebKit/537.36 (KHTML, like Gecko) Chrome/148.0.7778.96 Mobile Safari/537.36 (compatible; Googlebot/2.1; +http://www.google.com/bot.html)"
66.249.72.131 - - [27/Jun/2026:18:11:00 +0330] "GET /?p=50325 HTTP/1.1" 200 3380 "-" "Mozilla/5.0 (Linux; Android 6.0.1; Nexus 5X Build/MMB29P) AppleWebKit/537.36 (KHTML, like Gecko) Chrome/148.0.7778.96 Mobile Safari/537.36 (compatible; Googlebot/2.1; +http://www.google.com/bot.html)"
50.87.144.11 - - [27/Jun/2026:18:12:05 +0330] "GET /wp-login.php HTTP/2" 200 3453 "-" "Mozilla/5.0 (Windows NT 10.0; Win64; x64) AppleWebKit/537.36 (KHTML, like Gecko) Chrome/120.0.0.0 Safari/537.36"
158.69.117.34 - - [27/Jun/2026:18:15:31 +0330] "GET /wp-login.php HTTP/2" 200 3395 "-" "Mozilla/5.0 (Macintosh; Intel Mac OS X 14_7_4) AppleWebKit/537.36 (KHTML, like Gecko) Chrome/133.0.0.0 Safari/537.36"
158.69.117.34 - - [27/Jun/2026:18:15:32 +0330] "POST /wp-login.php HTTP/2" 200 1482 "https://mail.dorfakkhabar.ir/wp-login.php" "Mozilla/5.0 (Macintosh; Intel Mac OS X 14_7_4) AppleWebKit/537.36 (KHTML, like Gecko) Chrome/133.0.0.0 Safari/537.36"
91.107.212.146 - - [27/Jun/2026:18:16:12 +0330] "GET /?feed=rss2 HTTP/1.1" 200 3445 "https://www.dorfakkhabar.ir/" "Mozilla/5.0 (Windows NT 10.0; Win64; x64; rv:79.0) Gecko/20100101 Thunderbird/79.0"
87.106.217.70 - - [27/Jun/2026:18:09:56 +0330] "GET /wp-login.php HTTP/2" 200 3398 "-" "Mozilla/5.0 (X11; Ubuntu; Linux x86_64) AppleWebKit/537.36 (KHTML, like Gecko) Chrome/133.0.0.0 Safari/537.36"
87.106.217.70 - - [27/Jun/2026:18:09:57 +0330] "POST /wp-login.php HTTP/2" 200 1466 "https://mail.dorfakkhabar.ir/wp-login.php" "Mozilla/5.0 (X11; Ubuntu; Linux x86_64) AppleWebKit/537.36 (KHTML, like Gecko) Chrome/133.0.0.0 Safari/537.36"
51.16.190.127 - - [27/Jun/2026:18:10:55 +0330] "GET /wp-login.php HTTP/2" 200 3382 "-" "Mozilla/5.0 (Macintosh; Intel Mac OS X 10_15_7) AppleWebKit/537.36 (KHTML, like Gecko) Chrome/133.0.0.0 Safari/537.36 Edg/133.0.0.0"
51.16.190.127 - - [27/Jun/2026:18:10:56 +0330] "POST /wp-login.php HTTP/2" 200 1472 "https://dorfakkhabar.ir/wp-login.php" "Mozilla/5.0 (Macintosh; Intel Mac OS X 10_15_7) AppleWebKit/537.36 (KHTML, like Gecko) Chrome/133.0.0.0 Safari/537.36 Edg/133.0.0.0"
138.186.9.20 - - [27/Jun/2026:18:14:45 +0330] "GET /wp-login.php HTTP/2" 200 3384 "-" "Mozilla/5.0 (X11; Linux x86_64) AppleWebKit/537.36 (KHTML, like Gecko) Chrome/133.0.0.0 Safari/537.36 Edg/133.0.0.0"
138.186.9.20 - - [27/Jun/2026:18:14:46 +0330] "POST /wp-login.php HTTP/2" 200 1469 "https://mail.dorfakkhabar.ir/wp-login.php" "Mozilla/5.0 (X11; Linux x86_64) AppleWebKit/537.36 (KHTML, like Gecko) Chrome/133.0.0.0 Safari/537.36 Edg/133.0.0.0"
91.107.212.146 - - [27/Jun/2026:18:16:00 +0330] "GET /?feed=rss2 HTTP/1.1" 200 3427 "https://dorfakkhabar.ir/" "Mozilla/5.0 (Linux; Android 9; Redmi Note 8 Pro) AppleWebKit/537.36 (KHTML, like Gecko) Chrome/90.0.4430.210 Mobile Safari/537.36"
91.107.212.146 - - [27/Jun/2026:18:17:48 +0330] "GET /?feed=rss2 HTTP/1.1" 200 3445 "https://dorfakkhabar.ir/" "Mozilla/5.0 (Windows NT 6.3; WOW64) AppleWebKit/537.36 (KHTML, like Gecko) Chrome/84.0.4147.69 YaBrowser/20.8.0.335 Yowser/2.5 Safari/537.36"
91.107.212.146 - - [27/Jun/2026:18:17:53 +0330] "GET /?feed=rss2 HTTP/1.1" 200 3427 "https://www.dorfakkhabar.ir/" "Mozilla/5.0 (Windows NT 10.0; Win64; x64) AppleWebKit/537.36 (KHTML, like Gecko) Chrome/86.0.4218.0 Safari/537.36"
173.247.255.22 - - [27/Jun/2026:18:18:07 +0330] "GET /wp-login.php HTTP/2" 200 3414 "-" "Mozilla/5.0 (Windows NT 10.0; Win64; x64; rv:133.0) Gecko/20100101 Firefox/133.0"
173.247.255.22 - - [27/Jun/2026:18:18:12 +0330] "POST /wp-login.php HTTP/2" 200 1474 "https://mail.dorfakkhabar.ir/wp-login.php" "Mozilla/5.0 (Windows NT 10.0; Win64; x64; rv:133.0) Gecko/20100101 Firefox/133.0"
91.107.212.146 - - [27/Jun/2026:18:21:08 +0330] "GET /?feed=rss2 HTTP/1.1" 200 3413 "-" "Mozilla/5.0 (Windows NT 10.0; Win64; x64)"
209.42.21.221 - - [27/Jun/2026:18:24:01 +0330] "GET /wp-login.php HTTP/2" 200 3361 "-" "Mozilla/5.0 (Windows NT 10.0; Win64; x64) AppleWebKit/537.36 (KHTML, like Gecko) Chrome/120.0.0.0 Safari/537.36"
155.254.17.105 - - [27/Jun/2026:18:26:15 +0330] "GET /wp-login.php HTTP/2" 200 3516 "-" "Mozilla/5.0 (Macintosh; Intel Mac OS X 14_7_4) AppleWebKit/537.36 (KHTML, like Gecko) Chrome/133.0.0.0 Safari/537.36"
155.254.17.105 - - [27/Jun/2026:18:26:16 +0330] "POST /wp-login.php HTTP/2" 200 1483 "https://mail.dorfakkhabar.ir/wp-login.php" "Mozilla/5.0 (Macintosh; Intel Mac OS X 14_7_4) AppleWebKit/537.36 (KHTML, like Gecko) Chrome/133.0.0.0 Safari/537.36"
185.109.244.91 - dorfak [27/Jun/2026:18:30:22 +0330] "GET /wp-json/wp/v2/users/me HTTP/2" 200 3460 "-" "Mozilla/5.0 (X11; Ubuntu; Linux x86_64; rv:133.0) Gecko/20100101 Firefox/133.0"
51.195.235.22 - - [27/Jun/2026:18:32:33 +0330] "GET /wp-login.php HTTP/2" 200 3359 "-" "Mozilla/5.0 (Windows NT 10.0; Win64; x64) AppleWebKit/537.36 (KHTML, like Gecko) Chrome/133.0.0.0 Safari/537.36"
51.195.235.22 - - [27/Jun/2026:18:32:35 +0330] "POST /wp-login.php HTTP/2" 200 1470 "https://dorfakkhabar.ir/wp-login.php" "Mozilla/5.0 (Windows NT 10.0; Win64; x64) AppleWebKit/537.36 (KHTML, like Gecko) Chrome/133.0.0.0 Safari/537.36"
91.107.212.146 - - [27/Jun/2026:18:18:54 +0330] "GET /?feed=rss2 HTTP/1.1" 200 3445 "https://www.dorfakkhabar.ir/" "Mozilla/4.0 (compatible; MSIE 7.0; Windows NT 10.0; WOW64; Trident/7.0; .NET4.0C; .NET4.0E; wbx 1.0.0; zoomrc 4.4.0; Zoom 3.6.0; wbxapp 1.0.0; Microsoft Outlook 15.0.5257; Microsoft Outlook 15.0.5257; ms-office; MSOffice 15)"
103.82.195.111 - - [27/Jun/2026:18:19:57 +0330] "GET /wp-login.php HTTP/2" 200 3426 "-" "Mozilla/5.0 (Macintosh; Intel Mac OS X 10_15_7) AppleWebKit/605.1.15 (KHTML, like Gecko) Version/18.3 Safari/605.1.15"
103.82.195.111 - - [27/Jun/2026:18:19:59 +0330] "POST /wp-login.php HTTP/2" 200 1464 "https://dorfakkhabar.ir/wp-login.php" "Mozilla/5.0 (Macintosh; Intel Mac OS X 10_15_7) AppleWebKit/605.1.15 (KHTML, like Gecko) Version/18.3 Safari/605.1.15"
91.107.212.146 - - [27/Jun/2026:18:20:19 +0330] "GET /?feed=rss2 HTTP/1.1" 200 3413 "-" "Mozilla/5.0 (Windows NT 10.0; Win64; x64)"
66.249.72.132 - - [27/Jun/2026:18:25:32 +0330] "GET /?p=960 HTTP/1.1" 200 3393 "-" "Mozilla/5.0 (Linux; Android 6.0.1; Nexus 5X Build/MMB29P) AppleWebKit/537.36 (KHTML, like Gecko) Chrome/148.0.7778.96 Mobile Safari/537.36 (compatible; Googlebot/2.1; +http://www.google.com/bot.html)"
51.68.107.141 - - [27/Jun/2026:18:26:00 +0330] "GET /robots.txt HTTP/1.1" 200 72 "-" "Mozilla/5.0 (compatible; MJ12bot/v2.0.5; http://mj12bot.com/)"
51.68.107.141 - - [27/Jun/2026:18:26:01 +0330] "GET / HTTP/1.1" 200 3419 "-" "Mozilla/5.0 (compatible; MJ12bot/v2.0.5; http://mj12bot.com/)"
188.68.47.21 - - [27/Jun/2026:18:28:07 +0330] "GET /wp-login.php HTTP/2" 200 3447 "-" "Mozilla/5.0 (Macintosh; Intel Mac OS X 10_15_7) AppleWebKit/605.1.15 (KHTML, like Gecko) Version/18.3 Safari/605.1.15"
188.68.47.21 - - [27/Jun/2026:18:28:08 +0330] "POST /wp-login.php HTTP/2" 200 1472 "https://mail.dorfakkhabar.ir/wp-login.php" "Mozilla/5.0 (Macintosh; Intel Mac OS X 10_15_7) AppleWebKit/605.1.15 (KHTML, like Gecko) Version/18.3 Safari/605.1.15"
135.148.171.117 - - [27/Jun/2026:18:30:16 +0330] "GET /wp-login.php HTTP/2" 200 3394 "-" "Mozilla/5.0 (Macintosh; Intel Mac OS X 14_7_4) AppleWebKit/537.36 (KHTML, like Gecko) Chrome/133.0.0.0 Safari/537.36"
135.148.171.117 - - [27/Jun/2026:18:30:18 +0330] "POST /wp-login.php HTTP/2" 200 1461 "https://dorfakkhabar.ir/wp-login.php" "Mozilla/5.0 (Macintosh; Intel Mac OS X 14_7_4) AppleWebKit/537.36 (KHTML, like Gecko) Chrome/133.0.0.0 Safari/537.36"
93.115.150.27 - - [27/Jun/2026:18:35:16 +0330] "GET / HTTP/1.1" 200 4294 "-" "Python/3.11 aiohttp/3.9.2"
78.142.18.172 - - [27/Jun/2026:18:36:23 +0330] "GET /wp-login.php HTTP/2" 200 3505 "-" "Mozilla/5.0 (Windows NT 10.0) AppleWebKit/537.36 (KHTML, like Gecko) Chrome/133.0.0.0 Safari/537.36"
78.142.18.172 - - [27/Jun/2026:18:36:26 +0330] "POST /wp-login.php HTTP/2" 200 1470 "https://mail.dorfakkhabar.ir/wp-login.php" "Mozilla/5.0 (Windows NT 10.0) AppleWebKit/537.36 (KHTML, like Gecko) Chrome/133.0.0.0 Safari/537.36"
185.109.244.91 - - [27/Jun/2026:18:39:00 +0330] "GET /wp-login.php HTTP/2" 200 3400 "-" "Mozilla/5.0 (X11; Fedora; Linux x86_64) AppleWebKit/537.36 (KHTML, like Gecko) Chrome/133.0.0.0 Safari/537.36"
185.109.244.91 - - [27/Jun/2026:18:39:03 +0330] "POST /wp-login.php HTTP/2" 200 1473 "https://mail.dorfakkhabar.ir/wp-login.php" "Mozilla/5.0 (X11; Fedora; Linux x86_64) AppleWebKit/537.36 (KHTML, like Gecko) Chrome/133.0.0.0 Safari/537.36"
173.247.255.22 - - [27/Jun/2026:18:40:42 +0330] "GET /wp-login.php HTTP/2" 200 3457 "-" "Mozilla/5.0 (X11; Linux x86_64) AppleWebKit/537.36 (KHTML, like Gecko) Chrome/133.0.0.0 Safari/537.36"
173.247.255.22 - - [27/Jun/2026:18:40:45 +0330] "POST /wp-login.php HTTP/2" 200 1464 "https://mail.dorfakkhabar.ir/wp-login.php" "Mozilla/5.0 (X11; Linux x86_64) AppleWebKit/537.36 (KHTML, like Gecko) Chrome/133.0.0.0 Safari/537.36"
158.69.117.34 - - [27/Jun/2026:18:41:40 +0330] "GET /wp-login.php HTTP/2" 200 3471 "-" "Mozilla/5.0 (Windows NT 10.0) AppleWebKit/537.36 (KHTML, like Gecko) Chrome/133.0.0.0 Safari/537.36"
67.20.116.98 - - [27/Jun/2026:18:41:41 +0330] "GET /wp-login.php HTTP/2" 200 3457 "-" "Mozilla/5.0 (Windows NT 10.0; Win64; x64) AppleWebKit/537.36 (KHTML, like Gecko) Chrome/120.0.0.0 Safari/537.36"
158.69.117.34 - - [27/Jun/2026:18:41:44 +0330] "POST /wp-login.php HTTP/2" 200 1471 "https://dorfakkhabar.ir/wp-login.php" "Mozilla/5.0 (Windows NT 10.0) AppleWebKit/537.36 (KHTML, like Gecko) Chrome/133.0.0.0 Safari/537.36"
192.185.4.108 - - [27/Jun/2026:18:44:42 +0330] "GET /wp-login.php HTTP/2" 200 3505 "-" "Mozilla/5.0 (Windows NT 10.0; Win64; x64) AppleWebKit/537.36 (KHTML, like Gecko) Chrome/120.0.0.0 Safari/537.36"
66.249.72.131 - - [27/Jun/2026:18:45:07 +0330] "GET /?p=49079 HTTP/1.1" 200 3394 "-" "Mozilla/5.0 (Linux; Android 6.0.1; Nexus 5X Build/MMB29P) AppleWebKit/537.36 (KHTML, like Gecko) Chrome/148.0.7778.96 Mobile Safari/537.36 (compatible; Googlebot/2.1; +http://www.google.com/bot.html)"
66.249.72.131 - - [27/Jun/2026:18:45:24 +0330] "GET /?p=44532 HTTP/1.1" 200 3467 "-" "Mozilla/5.0 (Linux; Android 6.0.1; Nexus 5X Build/MMB29P) AppleWebKit/537.36 (KHTML, like Gecko) Chrome/148.0.7778.96 Mobile Safari/537.36 (compatible; Googlebot/2.1; +http://www.google.com/bot.html)"
195.135.196.186 - - [27/Jun/2026:18:46:59 +0330] "GET /wp-login.php HTTP/2" 200 3447 "-" "Mozilla/5.0 (X11; Ubuntu; Linux x86_64; rv:133.0) Gecko/20100101 Firefox/133.0"
195.135.196.186 - - [27/Jun/2026:18:47:02 +0330] "POST /wp-login.php HTTP/2" 200 1468 "https://mail.dorfakkhabar.ir/wp-login.php" "Mozilla/5.0 (X11; Ubuntu; Linux x86_64; rv:133.0) Gecko/20100101 Firefox/133.0"
66.249.72.132 - - [27/Jun/2026:18:48:37 +0330] "GET /?p=27555 HTTP/1.1" 200 3382 "-" "Mozilla/5.0 (Linux; Android 6.0.1; Nexus 5X Build/MMB29P) AppleWebKit/537.36 (KHTML, like Gecko) Chrome/148.0.7778.96 Mobile Safari/537.36 (compatible; Googlebot/2.1; +http://www.google.com/bot.html)"
87.106.124.154 - - [27/Jun/2026:18:49:46 +0330] "GET /wp-login.php HTTP/2" 200 3367 "-" "Mozilla/5.0 (Windows NT 10.0; Win64; x64) AppleWebKit/537.36 (KHTML, like Gecko) Chrome/133.0.0.0 Safari/537.36 Edg/133.0.0.0"
87.106.124.154 - - [27/Jun/2026:18:49:47 +0330] "POST /wp-login.php HTTP/2" 200 1473 "https://mail.dorfakkhabar.ir/wp-login.php" "Mozilla/5.0 (Windows NT 10.0; Win64; x64) AppleWebKit/537.36 (KHTML, like Gecko) Chrome/133.0.0.0 Safari/537.36 Edg/133.0.0.0"
103.174.51.103 - - [27/Jun/2026:18:36:16 +0330] "GET /wp-login.php HTTP/2" 200 3387 "-" "Mozilla/5.0 (Windows NT 10.0; Win64; x64) AppleWebKit/537.36 (KHTML, like Gecko) Chrome/120.0.0.0 Safari/537.36"
84.247.151.140 - - [27/Jun/2026:18:37:03 +0330] "GET /wp-login.php HTTP/2" 200 3365 "-" "Mozilla/5.0 (Macintosh; Intel Mac OS X 14_7_4) AppleWebKit/537.36 (KHTML, like Gecko) Chrome/133.0.0.0 Safari/537.36"
84.247.151.140 - - [27/Jun/2026:18:37:06 +0330] "POST /wp-login.php HTTP/2" 200 1484 "https://mail.dorfakkhabar.ir/wp-login.php" "Mozilla/5.0 (Macintosh; Intel Mac OS X 14_7_4) AppleWebKit/537.36 (KHTML, like Gecko) Chrome/133.0.0.0 Safari/537.36"
196.245.53.229 - - [27/Jun/2026:18:40:48 +0330] "GET /wp-login.php HTTP/2" 200 3539 "-" "Mozilla/5.0 (X11; CrOS x86_64 14541.0.0) AppleWebKit/537.36 (KHTML, like Gecko) Chrome/133.0.0.0 Safari/537.36"
196.245.53.229 - - [27/Jun/2026:18:40:51 +0330] "POST /wp-login.php HTTP/2" 200 1464 "https://dorfakkhabar.ir/wp-login.php" "Mozilla/5.0 (X11; CrOS x86_64 14541.0.0) AppleWebKit/537.36 (KHTML, like Gecko) Chrome/133.0.0.0 Safari/537.36"
66.249.72.131 - - [27/Jun/2026:18:41:06 +0330] "GET /?loknya=/home/dorfakkh/mail HTTP/1.1" 200 2366 "-" "Mozilla/5.0 (Linux; Android 6.0.1; Nexus 5X Build/MMB29P) AppleWebKit/537.36 (KHTML, like Gecko) Chrome/148.0.7778.96 Mobile Safari/537.36 (compatible; GoogleOther)"
209.145.56.119 - - [27/Jun/2026:18:43:06 +0330] "GET /wp-login.php HTTP/2" 200 3436 "-" "Mozilla/5.0 (X11; Linux x86_64) AppleWebKit/537.36 (KHTML, like Gecko) Chrome/133.0.0.0 Safari/537.36 Edg/133.0.0.0"
209.145.56.119 - - [27/Jun/2026:18:43:09 +0330] "POST /wp-login.php HTTP/2" 200 1471 "https://dorfakkhabar.ir/wp-login.php" "Mozilla/5.0 (X11; Linux x86_64) AppleWebKit/537.36 (KHTML, like Gecko) Chrome/133.0.0.0 Safari/537.36 Edg/133.0.0.0"
209.145.56.119 - - [27/Jun/2026:18:50:52 +0330] "GET /wp-login.php HTTP/2" 200 3398 "-" "Mozilla/5.0 (X11; Linux x86_64) AppleWebKit/537.36 (KHTML, like Gecko) Chrome/133.0.0.0 Safari/537.36"
209.145.56.119 - - [27/Jun/2026:18:50:55 +0330] "POST /wp-login.php HTTP/2" 200 1464 "https://mail.dorfakkhabar.ir/wp-login.php" "Mozilla/5.0 (X11; Linux x86_64) AppleWebKit/537.36 (KHTML, like Gecko) Chrome/133.0.0.0 Safari/537.36"
87.106.124.154 - - [27/Jun/2026:18:50:57 +0330] "GET /wp-login.php HTTP/2" 200 3364 "-" "Mozilla/5.0 (Macintosh; Intel Mac OS X 10_15_7) AppleWebKit/537.36 (KHTML, like Gecko) Chrome/133.0.0.0 Safari/537.36"
87.106.124.154 - - [27/Jun/2026:18:51:01 +0330] "POST /wp-login.php HTTP/2" 200 1465 "https://dorfakkhabar.ir/wp-login.php" "Mozilla/5.0 (Macintosh; Intel Mac OS X 10_15_7) AppleWebKit/537.36 (KHTML, like Gecko) Chrome/133.0.0.0 Safari/537.36"
66.249.72.131 - - [27/Jun/2026:18:51:49 +0330] "GET /?p=44625 HTTP/1.1" 200 3380 "-" "Mozilla/5.0 (Linux; Android 6.0.1; Nexus 5X Build/MMB29P) AppleWebKit/537.36 (KHTML, like Gecko) Chrome/148.0.7778.96 Mobile Safari/537.36 (compatible; Googlebot/2.1; +http://www.google.com/bot.html)"
155.254.17.105 - - [27/Jun/2026:18:51:56 +0330] "GET /wp-login.php HTTP/2" 200 3397 "-" "Mozilla/5.0 (Windows NT 10.0) AppleWebKit/537.36 (KHTML, like Gecko) Chrome/133.0.0.0 Safari/537.36"
155.254.17.105 - - [27/Jun/2026:18:51:59 +0330] "POST /wp-login.php HTTP/2" 200 1474 "https://dorfakkhabar.ir/wp-login.php" "Mozilla/5.0 (Windows NT 10.0) AppleWebKit/537.36 (KHTML, like Gecko) Chrome/133.0.0.0 Safari/537.36"
8.217.108.67 - - [27/Jun/2026:18:53:59 +0330] "GET /wp-login.php HTTP/2" 200 3564 "-" "Mozilla/5.0 (Windows NT 10.0; Win64; x64; rv:133.0) Gecko/20100101 Firefox/133.0"
8.217.108.67 - - [27/Jun/2026:18:54:07 +0330] "POST /wp-login.php HTTP/2" 200 1468 "https://dorfakkhabar.ir/wp-login.php" "Mozilla/5.0 (Windows NT 10.0; Win64; x64; rv:133.0) Gecko/20100101 Firefox/133.0"
103.127.30.137 - - [27/Jun/2026:18:57:28 +0330] "GET /wp-login.php HTTP/2" 200 3385 "-" "Mozilla/5.0 (X11; Ubuntu; Linux x86_64) AppleWebKit/537.36 (KHTML, like Gecko) Chrome/133.0.0.0 Safari/537.36"
103.127.30.137 - - [27/Jun/2026:18:57:31 +0330] "POST /wp-login.php HTTP/2" 200 1470 "https://mail.dorfakkhabar.ir/wp-login.php" "Mozilla/5.0 (X11; Ubuntu; Linux x86_64) AppleWebKit/537.36 (KHTML, like Gecko) Chrome/133.0.0.0 Safari/537.36"
207.7.91.167 - - [27/Jun/2026:18:58:11 +0330] "GET /wp-login.php HTTP/2" 200 3427 "-" "Mozilla/5.0 (Macintosh; Intel Mac OS X 14_7_4) AppleWebKit/537.36 (KHTML, like Gecko) Chrome/133.0.0.0 Safari/537.36"
207.7.91.167 - - [27/Jun/2026:18:58:14 +0330] "POST /wp-login.php HTTP/2" 200 1481 "https://mail.dorfakkhabar.ir/wp-login.php" "Mozilla/5.0 (Macintosh; Intel Mac OS X 14_7_4) AppleWebKit/537.36 (KHTML, like Gecko) Chrome/133.0.0.0 Safari/537.36"
89.58.31.106 - - [27/Jun/2026:18:58:36 +0330] "GET /wp-login.php HTTP/2" 200 3417 "-" "Mozilla/5.0 (Windows NT 10.0; Win64; x64) AppleWebKit/537.36 (KHTML, like Gecko) Chrome/120.0.0.0 Safari/537.36"
66.249.72.131 - - [27/Jun/2026:19:00:28 +0330] "GET /?p=7337 HTTP/1.1" 200 3359 "-" "Mozilla/5.0 (Linux; Android 6.0.1; Nexus 5X Build/MMB29P) AppleWebKit/537.36 (KHTML, like Gecko) Chrome/148.0.7778.96 Mobile Safari/537.36 (compatible; Googlebot/2.1; +http://www.google.com/bot.html)"
192.185.4.94 - - [27/Jun/2026:19:00:35 +0330] "GET /wp-login.php HTTP/2" 200 3527 "-" "Mozilla/5.0 (Macintosh; Intel Mac OS X 10_15_7) AppleWebKit/537.36 (KHTML, like Gecko) Chrome/133.0.0.0 Safari/537.36 Edg/133.0.0.0"
192.185.4.94 - - [27/Jun/2026:19:00:38 +0330] "POST /wp-login.php HTTP/2" 200 1472 "https://mail.dorfakkhabar.ir/wp-login.php" "Mozilla/5.0 (Macintosh; Intel Mac OS X 10_15_7) AppleWebKit/537.36 (KHTML, like Gecko) Chrome/133.0.0.0 Safari/537.36 Edg/133.0.0.0"
135.148.171.117 - - [27/Jun/2026:19:00:47 +0330] "GET /wp-login.php HTTP/2" 200 3371 "-" "Mozilla/5.0 (X11; Ubuntu; Linux x86_64) AppleWebKit/537.36 (KHTML, like Gecko) Chrome/133.0.0.0 Safari/537.36"
135.148.171.117 - - [27/Jun/2026:19:00:50 +0330] "POST /wp-login.php HTTP/2" 200 1461 "https://dorfakkhabar.ir/wp-login.php" "Mozilla/5.0 (X11; Ubuntu; Linux x86_64) AppleWebKit/537.36 (KHTML, like Gecko) Chrome/133.0.0.0 Safari/537.36"
20.75.217.64 - - [27/Jun/2026:19:02:54 +0330] "GET /wp-login.php HTTP/2" 200 3418 "-" "Mozilla/5.0 (X11; Ubuntu; Linux x86_64; rv:133.0) Gecko/20100101 Firefox/133.0"
20.75.217.64 - - [27/Jun/2026:19:02:57 +0330] "POST /wp-login.php HTTP/2" 200 1472 "https://dorfakkhabar.ir/wp-login.php" "Mozilla/5.0 (X11; Ubuntu; Linux x86_64; rv:133.0) Gecko/20100101 Firefox/133.0"
85.208.96.202 - - [27/Jun/2026:19:04:18 +0330] "GET /?tag=%D8%AF%D8%B1%D9%81%DA%A9-%D8%AE%D8%A8%D8%B1 HTTP/1.1" 200 4366 "-" "Mozilla/5.0 (compatible; SemrushBot/7~bl; +http://www.semrush.com/bot.html)"
185.139.40.253 - - [27/Jun/2026:19:06:47 +0330] "GET /wp-login.php HTTP/2" 200 3438 "-" "Mozilla/5.0 (Windows NT 10.0; Win64; x64) AppleWebKit/537.36 (KHTML, like Gecko) Chrome/120.0.0.0 Safari/537.36"
66.249.72.131 - - [27/Jun/2026:18:56:42 +0330] "GET /?p=51780 HTTP/1.1" 200 3359 "-" "Mozilla/5.0 (Linux; Android 6.0.1; Nexus 5X Build/MMB29P) AppleWebKit/537.36 (KHTML, like Gecko) Chrome/148.0.7778.96 Mobile Safari/537.36 (compatible; Googlebot/2.1; +http://www.google.com/bot.html)"
23.98.142.186 - - [27/Jun/2026:19:02:24 +0330] "GET /?p=46352 HTTP/2" 200 3470 "-" "Mozilla/5.0 AppleWebKit/537.36 (KHTML, like Gecko); compatible; ChatGPT-User/1.0; +https://openai.com/bot"
185.191.171.5 - - [27/Jun/2026:19:04:17 +0330] "GET /robots.txt HTTP/1.1" 200 72 "-" "Mozilla/5.0 (compatible; SemrushBot/7~bl; +http://www.semrush.com/bot.html)"
66.249.72.131 - - [27/Jun/2026:19:05:49 +0330] "GET /?p=7479 HTTP/1.1" 200 3408 "-" "Mozilla/5.0 (Linux; Android 6.0.1; Nexus 5X Build/MMB29P) AppleWebKit/537.36 (KHTML, like Gecko) Chrome/148.0.7778.96 Mobile Safari/537.36 (compatible; Googlebot/2.1; +http://www.google.com/bot.html)"